-- Table structure for table `phppos_inventory_batches`
--

CREATE TABLE `phppos_inventory_batches` (
  `id` int(11) NOT NULL AUTO_INCREMENT,
  `item_id` int(11) NOT NULL,
  `item_variation_id` int(11) DEFAULT NULL,
  `location_id` int(11) NOT NULL,
  `batch_number` varchar(255) DEFAULT NULL,
  `expiry_date` date DEFAULT NULL,
  `quantity_remaining` decimal(23,10) NOT NULL DEFAULT 0.0000000000,
  `quantity_original` decimal(23,10) NOT NULL DEFAULT 0.0000000000,
  `received_date` datetime NOT NULL,
  `receiving_id` int(11) DEFAULT NULL,
  `created_at` datetime NOT NULL DEFAULT current_timestamp(),
  PRIMARY KEY (`id`),
  KEY `idx_batch_item_location` (`item_id`,`location_id`,`expiry_date`),
  KEY `idx_batch_expiry` (`expiry_date`,`quantity_remaining`)
) ENGINE=InnoDB AUTO_INCREMENT=26 DEFAULT CHARSET=utf8mb3 COLLATE=utf8mb3_general_ci;

--
-- Dumping data for table `phppos_inventory_batches`
--

INSERT INTO `phppos_inventory_batches` VALUES (1,50,NULL,1,NULL,NULL,0.0000000000,10.0000000000,'2026-07-01 13:19:10',82,'2026-07-01 08:19:10'),(2,48,NULL,1,NULL,NULL,0.0000000000,8.0000000000,'2026-07-01 13:19:10',82,'2026-07-01 08:19:10'),(3,1,NULL,1,NULL,NULL,0.0000000000,80.0000000000,'2026-07-01 13:19:10',82,'2026-07-01 08:19:10'),(4,22,NULL,1,NULL,NULL,0.0000000000,40.0000000000,'2026-07-01 13:19:10',82,'2026-07-01 08:19:10'),(5,37,NULL,1,NULL,NULL,0.0000000000,7.0000000000,'2026-07-01 13:19:10',82,'2026-07-01 08:19:10'),(6,18,NULL,1,NULL,NULL,0.0000000000,17.0000000000,'2026-07-01 13:19:10',82,'2026-07-01 08:19:10'),(7,23,NULL,1,NULL,NULL,0.0000000000,8.0000000000,'2026-07-01 13:19:10',82,'2026-07-01 08:19:10'),(8,14,NULL,1,NULL,NULL,0.0000000000,11.0000000000,'2026-07-01 13:19:10',82,'2026-07-01 08:19:10'),(9,25,NULL,1,NULL,NULL,3.0000000000,8.0000000000,'2026-07-01 13:19:10',82,'2026-07-01 08:19:10'),(10,11,NULL,1,NULL,NULL,0.0000000000,24.0000000000,'2026-07-01 13:19:10',82,'2026-07-01 08:19:10'),(11,9,NULL,1,NULL,NULL,0.0000000000,79.0000000000,'2026-07-01 13:19:10',82,'2026-07-01 08:19:10'),(12,42,NULL,1,NULL,NULL,3.0000000000,4.0000000000,'2026-07-15 17:09:22',83,'2026-07-15 12:09:22'),(13,44,NULL,1,NULL,NULL,2.0000000000,4.0000000000,'2026-07-15 17:09:22',83,'2026-07-15 12:09:22'),(14,47,NULL,1,NULL,NULL,5.0000000000,6.0000000000,'2026-07-15 17:09:22',83,'2026-07-15 12:09:22'),(15,18,NULL,1,NULL,NULL,6.0000000000,6.0000000000,'2026-07-16 14:36:00',84,'2026-07-16 09:36:00'),(16,28,NULL,1,NULL,NULL,49.0000000000,60.0000000000,'2026-07-16 14:36:00',84,'2026-07-16 09:36:00'),(17,48,NULL,1,NULL,NULL,6.0000000000,8.0000000000,'2026-07-16 14:36:00',84,'2026-07-16 09:36:00'),(18,1,NULL,1,NULL,NULL,13.0000000000,40.0000000000,'2026-07-16 14:36:00',84,'2026-07-16 09:36:00'),(19,27,NULL,1,NULL,NULL,4.0000000000,6.0000000000,'2026-07-16 14:36:00',84,'2026-07-16 09:36:00'),(20,14,NULL,1,NULL,NULL,3.0000000000,6.0000000000,'2026-07-16 14:36:00',84,'2026-07-16 09:36:00'),(21,23,NULL,1,NULL,NULL,4.0000000000,8.0000000000,'2026-07-16 14:36:00',84,'2026-07-16 09:36:00'),(22,37,NULL,1,NULL,NULL,10.0000000000,12.0000000000,'2026-07-16 14:36:00',84,'2026-07-16 09:36:00'),(23,9,NULL,1,NULL,NULL,41.0000000000,60.0000000000,'2026-07-16 14:36:00',84,'2026-07-16 09:36:00'),(24,26,NULL,1,NULL,NULL,32.0000000000,60.0000000000,'2026-07-16 14:36:00',84,'2026-07-16 09:36:00'),(25,54,NULL,1,NULL,NULL,9.0000000000,12.0000000000,'2026-07-17 08:00:15',85,'2026-07-17 03:00:15');

--
-- Table structure for table `phppos_inventory_counts`
--

CREATE TABLE `phppos_inventory_counts` (
  `id` int(11) NOT NULL AUTO_INCREMENT,
  `count_date` timestamp NOT NULL DEFAULT '0000-00-00 00:00:00',
  `employee_id` int(11) NOT NULL,
  `location_id` int(11) NOT NULL,
  `status` varchar(255) NOT NULL,
  `comment` text NOT NULL,
  PRIMARY KEY (`id`),
  KEY `phppos_inventory_counts_ibfk_1` (`employee_id`),
  KEY `phppos_inventory_counts_ibfk_2` (`location_id`),
  CONSTRAINT `phppos_inventory_counts_ibfk_1` FOREIGN KEY (`employee_id`) REFERENCES `phppos_employees` (`person_id`),
  CONSTRAINT `phppos_inventory_counts_ibfk_2` FOREIGN KEY (`location_id`) REFERENCES `phppos_locations` (`location_id`)
) ENGINE=InnoDB AUTO_INCREMENT=4 DEFAULT CHARSET=utf8mb3 COLLATE=utf8mb3_unicode_ci;

--
-- Dumping data for table `phppos_inventory_counts`
--

INSERT INTO `phppos_inventory_counts` VALUES (1,'2025-01-23 21:07:55',2,1,'open',''),(2,'2025-01-23 23:13:03',2,1,'open',''),(3,'2025-01-24 17:31:04',2,1,'closed','');

--
-- Table structure for table `phppos_inventory_counts_items`
--

CREATE TABLE `phppos_inventory_counts_items` (
  `id` int(11) NOT NULL AUTO_INCREMENT,
  `inventory_counts_id` int(11) NOT NULL,
  `item_id` int(11) NOT NULL,
  `item_variation_id` int(10) DEFAULT NULL,
  `count` decimal(23,10) DEFAULT 0.0000000000,
  `actual_quantity` decimal(23,10) DEFAULT 0.0000000000,
  `comment` text NOT NULL,
  PRIMARY KEY (`id`),
  KEY `phppos_inventory_counts_items_ibfk_1` (`inventory_counts_id`),
  KEY `phppos_inventory_counts_items_ibfk_2` (`item_id`),
  KEY `inventory_counts_items_ibfk_3` (`item_variation_id`),
  CONSTRAINT `inventory_counts_items_ibfk_3` FOREIGN KEY (`item_variation_id`) REFERENCES `phppos_item_variations` (`id`),
  CONSTRAINT `phppos_inventory_counts_items_ibfk_1` FOREIGN KEY (`inventory_counts_id`) REFERENCES `phppos_inventory_counts` (`id`),
  CONSTRAINT `phppos_inventory_counts_items_ibfk_2` FOREIGN KEY (`item_id`) REFERENCES `phppos_items` (`item_id`)
) ENGINE=InnoDB AUTO_INCREMENT=16 DEFAULT CHARSET=utf8mb3 COLLATE=utf8mb3_unicode_ci;

--
-- Dumping data for table `phppos_inventory_counts_items`
--

INSERT INTO `phppos_inventory_counts_items` VALUES (1,1,6,NULL,0.0000000000,5.0000000000,''),(2,2,5,NULL,9.0000000000,7.0000000000,''),(3,2,4,NULL,0.0000000000,3.0000000000,''),(4,2,7,NULL,0.0000000000,3.0000000000,''),(5,3,4,NULL,3.0000000000,3.0000000000,''),(6,3,7,NULL,4.0000000000,3.0000000000,''),(7,3,5,NULL,9.0000000000,7.0000000000,''),(8,3,6,NULL,4.0000000000,5.0000000000,''),(9,3,12,NULL,27.0000000000,26.0000000000,''),(10,3,10,NULL,2.0000000000,8.0000000000,''),(11,3,13,NULL,19.0000000000,17.0000000000,''),(12,3,9,NULL,19.0000000000,21.0000000000,''),(13,3,11,NULL,19.0000000000,18.0000000000,''),(14,3,14,NULL,5.0000000000,7.0000000000,''),(15,3,1,NULL,7.0000000000,11.0000000000,'');

--
-- Table structure for table `phppos_item_attribute_values`
--

CREATE TABLE `phppos_item_attribute_values` (
  `item_id` int(10) NOT NULL,
  `attribute_value_id` int(10) NOT NULL,
  PRIMARY KEY (`attribute_value_id`,`item_id`),
  KEY `phppos_item_attribute_values_ibfk_1` (`item_id`),
  CONSTRAINT `phppos_item_attribute_values_ibfk_1` FOREIGN KEY (`item_id`) REFERENCES `phppos_items` (`item_id`),
  CONSTRAINT `phppos_item_attribute_values_ibfk_2` FOREIGN KEY (`attribute_value_id`) REFERENCES `phppos_attribute_values` (`id`)
) ENGINE=InnoDB DEFAULT CHARSET=utf8mb3 COLLATE=utf8mb3_unicode_ci;

--
-- Dumping data for table `phppos_item_attribute_values`
--


--
-- Table structure for table `phppos_item_attributes`
--

CREATE TABLE `phppos_item_attributes` (
  `attribute_id` int(10) NOT NULL,
  `item_id` int(10) NOT NULL,
  PRIMARY KEY (`attribute_id`,`item_id`),
  KEY `phppos_item_attributes_ibfk_1` (`item_id`),
  CONSTRAINT `phppos_item_attributes_ibfk_1` FOREIGN KEY (`item_id`) REFERENCES `phppos_items` (`item_id`),
  CONSTRAINT `phppos_item_attributes_ibfk_2` FOREIGN KEY (`attribute_id`) REFERENCES `phppos_attributes` (`id`)
) ENGINE=InnoDB DEFAULT CHARSET=utf8mb3 COLLATE=utf8mb3_unicode_ci;

--
-- Dumping data for table `phppos_item_attributes`
--


--
-- Table structure for table `phppos_item_images`
--

CREATE TABLE `phppos_item_images` (
  `id` int(11) NOT NULL AUTO_INCREMENT,
  `title` varchar(255) NOT NULL DEFAULT '',
  `alt_text` varchar(255) NOT NULL DEFAULT '',
  `item_id` int(11) DEFAULT NULL,
  `item_variation_id` int(10) DEFAULT NULL,
  `ecommerce_image_id` varchar(255) DEFAULT NULL,
  `image_id` int(11) DEFAULT NULL,
  PRIMARY KEY (`id`),
  KEY `phppos_item_images_ibfk_1` (`item_id`),
  KEY `phppos_item_images_ibfk_2` (`image_id`),
  KEY `phppos_item_images_ibfk_3` (`item_variation_id`),
  CONSTRAINT `phppos_item_images_ibfk_1` FOREIGN KEY (`item_id`) REFERENCES `phppos_items` (`item_id`),
  CONSTRAINT `phppos_item_images_ibfk_2` FOREIGN KEY (`image_id`) REFERENCES `phppos_app_files` (`file_id`),
  CONSTRAINT `phppos_item_images_ibfk_3` FOREIGN KEY (`item_variation_id`) REFERENCES `phppos_item_variations` (`id`)
) ENGINE=InnoDB DEFAULT CHARSET=utf8mb3 COLLATE=utf8mb3_unicode_ci;

--
-- Dumping data for table `phppos_item_images`
--


--
-- Table structure for table `phppos_item_kit_images`
--

CREATE TABLE `phppos_item_kit_images` (
  `id` int(11) NOT NULL AUTO_INCREMENT,
  `title` varchar(255) NOT NULL DEFAULT '',
  `alt_text` varchar(255) NOT NULL DEFAULT '',
  `item_kit_id` int(11) DEFAULT NULL,
  `image_id` int(11) DEFAULT NULL,
  PRIMARY KEY (`id`),
  KEY `phppos_item_kit_images_ibfk_1` (`item_kit_id`),
  KEY `phppos_item_kit_images_ibfk_2` (`image_id`),
  CONSTRAINT `phppos_item_kit_images_ibfk_1` FOREIGN KEY (`item_kit_id`) REFERENCES `phppos_item_kits` (`item_kit_id`),
  CONSTRAINT `phppos_item_kit_images_ibfk_2` FOREIGN KEY (`image_id`) REFERENCES `phppos_app_files` (`file_id`)
) ENGINE=InnoDB DEFAULT CHARSET=utf8mb3 COLLATE=utf8mb3_unicode_ci;

--
-- Dumping data for table `phppos_item_kit_images`
--


--
-- Table structure for table `phppos_item_kit_item_kits`
--

CREATE TABLE `phppos_item_kit_item_kits` (
  `id` int(10) NOT NULL AUTO_INCREMENT,
  `item_kit_id` int(11) NOT NULL,
  `item_kit_item_kit` int(11) NOT NULL,
  `quantity` decimal(23,10) NOT NULL,
  PRIMARY KEY (`id`),
  KEY `phppos_item_kit_item_kits_ibfk_1` (`item_kit_id`),
  KEY `phppos_item_kit_item_kits_ibfk_2` (`item_kit_item_kit`),
  CONSTRAINT `phppos_item_kit_item_kits_ibfk_1` FOREIGN KEY (`item_kit_id`) REFERENCES `phppos_item_kits` (`item_kit_id`) ON DELETE CASCADE,
  CONSTRAINT `phppos_item_kit_item_kits_ibfk_2` FOREIGN KEY (`item_kit_item_kit`) REFERENCES `phppos_item_kits` (`item_kit_id`) ON DELETE CASCADE
) ENGINE=InnoDB DEFAULT CHARSET=utf8mb3 COLLATE=utf8mb3_unicode_ci;

--
-- Dumping data for table `phppos_item_kit_item_kits`
--


--
-- Table structure for table `phppos_item_kit_items`
--

CREATE TABLE `phppos_item_kit_items` (
  `id` int(10) NOT NULL AUTO_INCREMENT,
  `item_kit_id` int(11) NOT NULL,
  `item_id` int(11) NOT NULL,
  `item_variation_id` int(10) DEFAULT NULL,
  `quantity` decimal(23,10) NOT NULL,
  PRIMARY KEY (`id`),
  KEY `phppos_item_kit_items_ibfk_1` (`item_kit_id`),
  KEY `phppos_item_kit_items_ibfk_2` (`item_id`),
  KEY `phppos_item_kit_items_ibfk_3` (`item_variation_id`),
  CONSTRAINT `phppos_item_kit_items_ibfk_1` FOREIGN KEY (`item_kit_id`) REFERENCES `phppos_item_kits` (`item_kit_id`) ON DELETE CASCADE,
  CONSTRAINT `phppos_item_kit_items_ibfk_2` FOREIGN KEY (`item_id`) REFERENCES `phppos_items` (`item_id`) ON DELETE CASCADE,
  CONSTRAINT `phppos_item_kit_items_ibfk_3` FOREIGN KEY (`item_variation_id`) REFERENCES `phppos_item_variations` (`id`)
) ENGINE=InnoDB DEFAULT CHARSET=utf8mb3 COLLATE=utf8mb3_unicode_ci;

--
-- Dumping data for table `phppos_item_kit_items`
--


--
-- Table structure for table `phppos_item_kits`
--

CREATE TABLE `phppos_item_kits` (
  `item_kit_id` int(11) NOT NULL AUTO_INCREMENT,
  `item_kit_number` varchar(255) DEFAULT NULL,
  `product_id` varchar(255) DEFAULT NULL,
  `name` varchar(255) NOT NULL,
  `category_id` int(11) DEFAULT NULL,
  `manufacturer_id` int(11) DEFAULT NULL,
  `description` varchar(255) NOT NULL,
  `tax_included` int(1) NOT NULL DEFAULT 0,
  `unit_price` decimal(23,10) DEFAULT NULL,
  `cost_price` decimal(23,10) DEFAULT NULL,
  `override_default_tax` int(1) NOT NULL DEFAULT 0,
  `is_ebt_item` int(1) NOT NULL DEFAULT 0,
  `commission_percent` decimal(23,10) DEFAULT 0.0000000000,
  `commission_percent_type` varchar(255) DEFAULT '',
  `commission_fixed` decimal(23,10) DEFAULT 0.0000000000,
  `change_cost_price` int(1) NOT NULL DEFAULT 0,
  `disable_loyalty` int(1) NOT NULL DEFAULT 0,
  `deleted` int(1) NOT NULL DEFAULT 0,
  `tax_class_id` int(10) DEFAULT NULL,
  `max_discount_percent` decimal(15,3) DEFAULT NULL,
  `max_edit_price` decimal(23,10) DEFAULT NULL,
  `min_edit_price` decimal(23,10) DEFAULT NULL,
  `custom_field_1_value` varchar(255) DEFAULT NULL,
  `custom_field_2_value` varchar(255) DEFAULT NULL,
  `custom_field_3_value` varchar(255) DEFAULT NULL,
  `custom_field_4_value` varchar(255) DEFAULT NULL,
  `custom_field_5_value` varchar(255) DEFAULT NULL,
  `custom_field_6_value` varchar(255) DEFAULT NULL,
  `custom_field_7_value` varchar(255) DEFAULT NULL,
  `custom_field_8_value` varchar(255) DEFAULT NULL,
  `custom_field_9_value` varchar(255) DEFAULT NULL,
  `custom_field_10_value` varchar(255) DEFAULT NULL,
  `required_age` int(10) DEFAULT NULL,
  `verify_age` int(1) NOT NULL DEFAULT 0,
  `allow_price_override_regardless_of_permissions` int(1) DEFAULT 0,
  `only_integer` int(1) NOT NULL DEFAULT 0,
  `is_barcoded` int(1) NOT NULL DEFAULT 1,
  `default_quantity` decimal(23,10) DEFAULT NULL,
  `disable_from_price_rules` int(1) DEFAULT 0,
  `main_image_id` int(10) DEFAULT NULL,
  `dynamic_pricing` int(1) NOT NULL DEFAULT 0,
  `info_popup` text DEFAULT NULL,
  `item_kit_inactive` int(1) DEFAULT 0,
  `barcode_name` varchar(255) NOT NULL DEFAULT '',
  `is_favorite` int(1) DEFAULT 0,
  `loyalty_multiplier` decimal(23,10) DEFAULT NULL,
  `non_profit_sale` int(11) NOT NULL DEFAULT 0,
  `limited_sales_quantity` int(11) DEFAULT NULL,
  PRIMARY KEY (`item_kit_id`),
  UNIQUE KEY `item_kit_number` (`item_kit_number`),
  UNIQUE KEY `product_id` (`product_id`),
  KEY `deleted` (`deleted`),
  KEY `phppos_item_kits_ibfk_1` (`category_id`),
  KEY `phppos_item_kits_ibfk_2` (`manufacturer_id`),
  KEY `name` (`name`),
  KEY `description` (`description`),
  KEY `cost_price` (`cost_price`),
  KEY `unit_price` (`unit_price`),
  KEY `phppos_item_kits_ibfk_3` (`tax_class_id`),
  KEY `custom_field_1_value` (`custom_field_1_value`),
  KEY `custom_field_2_value` (`custom_field_2_value`),
  KEY `custom_field_3_value` (`custom_field_3_value`),
  KEY `custom_field_4_value` (`custom_field_4_value`),
  KEY `custom_field_5_value` (`custom_field_5_value`),
  KEY `custom_field_6_value` (`custom_field_6_value`),
  KEY `custom_field_7_value` (`custom_field_7_value`),
  KEY `custom_field_8_value` (`custom_field_8_value`),
  KEY `custom_field_9_value` (`custom_field_9_value`),
  KEY `custom_field_10_value` (`custom_field_10_value`),
  KEY `verify_age` (`verify_age`),
  KEY `phppos_item_kits_ibfk_4` (`main_image_id`),
  KEY `item_kit_inactive_index` (`item_kit_inactive`),
  KEY `is_favorite_index` (`is_favorite`),
  CONSTRAINT `phppos_item_kits_ibfk_1` FOREIGN KEY (`category_id`) REFERENCES `phppos_categories` (`id`),
  CONSTRAINT `phppos_item_kits_ibfk_2` FOREIGN KEY (`manufacturer_id`) REFERENCES `phppos_manufacturers` (`id`),
  CONSTRAINT `phppos_item_kits_ibfk_3` FOREIGN KEY (`tax_class_id`) REFERENCES `phppos_tax_classes` (`id`),
  CONSTRAINT `phppos_item_kits_ibfk_4` FOREIGN KEY (`main_image_id`) REFERENCES `phppos_item_kit_images` (`image_id`)
) ENGINE=InnoDB DEFAULT CHARSET=utf8mb3 COLLATE=utf8mb3_unicode_ci;

--
-- Dumping data for table `phppos_item_kits`
--


--
-- Table structure for table `phppos_item_kits_modifiers`
--

CREATE TABLE `phppos_item_kits_modifiers` (
  `item_kit_id` int(10) NOT NULL,
  `modifier_id` int(10) NOT NULL,
  PRIMARY KEY (`item_kit_id`,`modifier_id`),
  KEY `phppos_item_kits_modifiers_ibfk_1` (`modifier_id`),
  CONSTRAINT `phppos_item_kits_modifiers_ibfk_1` FOREIGN KEY (`modifier_id`) REFERENCES `phppos_modifiers` (`id`),
  CONSTRAINT `phppos_item_kits_modifiers_ibfk_2` FOREIGN KEY (`item_kit_id`) REFERENCES `phppos_item_kits` (`item_kit_id`)
) ENGINE=InnoDB DEFAULT CHARSET=utf8mb3 COLLATE=utf8mb3_unicode_ci;

--
-- Dumping data for table `phppos_item_kits_modifiers`
--


--
-- Table structure for table `phppos_item_kits_pricing_history`
--

CREATE TABLE `phppos_item_kits_pricing_history` (
  `id` int(11) NOT NULL AUTO_INCREMENT,
  `on_date` timestamp NOT NULL DEFAULT current_timestamp() ON UPDATE current_timestamp(),
  `employee_id` int(11) NOT NULL,
  `item_kit_id` int(11) NOT NULL,
  `location_id` int(11) DEFAULT NULL,
  `unit_price` decimal(23,10) DEFAULT NULL,
  `cost_price` decimal(23,10) DEFAULT NULL,
  PRIMARY KEY (`id`),
  KEY `phppos_item_kits_pricing_history_ibfk_1` (`item_kit_id`),
  KEY `phppos_item_kits_pricing_history_ibfk_2` (`location_id`),
  KEY `phppos_item_kits_pricing_history_ibfk_3` (`employee_id`),
  CONSTRAINT `phppos_item_kits_pricing_history_ibfk_1` FOREIGN KEY (`item_kit_id`) REFERENCES `phppos_item_kits` (`item_kit_id`),
  CONSTRAINT `phppos_item_kits_pricing_history_ibfk_2` FOREIGN KEY (`location_id`) REFERENCES `phppos_locations` (`location_id`),
  CONSTRAINT `phppos_item_kits_pricing_history_ibfk_3` FOREIGN KEY (`employee_id`) REFERENCES `phppos_employees` (`person_id`)
) ENGINE=InnoDB DEFAULT CHARSET=utf8mb3 COLLATE=utf8mb3_unicode_ci;

--
-- Dumping data for table `phppos_item_kits_pricing_history`
--


--
-- Table structure for table `phppos_item_kits_secondary_categories`
--

CREATE TABLE `phppos_item_kits_secondary_categories` (
  `id` int(10) NOT NULL AUTO_INCREMENT,
  `item_kit_id` int(10) NOT NULL,
  `category_id` int(10) NOT NULL,
  PRIMARY KEY (`id`),
  UNIQUE KEY `item_kit_category` (`item_kit_id`,`category_id`),
  KEY `phppos_item_kits_secondary_categories_ibfk_1` (`item_kit_id`),
  KEY `phppos_item_kits_secondary_categories_ibfk_2` (`category_id`),
  CONSTRAINT `phppos_item_kits_secondary_categories_ibfk_1` FOREIGN KEY (`item_kit_id`) REFERENCES `phppos_item_kits` (`item_kit_id`),
  CONSTRAINT `phppos_item_kits_secondary_categories_ibfk_2` FOREIGN KEY (`category_id`) REFERENCES `phppos_categories` (`id`)
) ENGINE=InnoDB DEFAULT CHARSET=utf8mb3 COLLATE=utf8mb3_unicode_ci;

--
-- Dumping data for table `phppos_item_kits_secondary_categories`
--


--
-- Table structure for table `phppos_item_kits_tags`
--

CREATE TABLE `phppos_item_kits_tags` (
  `item_kit_id` int(11) NOT NULL,
  `tag_id` int(11) NOT NULL,
  PRIMARY KEY (`item_kit_id`,`tag_id`),
  KEY `phppos_item_kits_tags_ibfk_2` (`tag_id`),
  CONSTRAINT `phppos_item_kits_tags_ibfk_1` FOREIGN KEY (`item_kit_id`) REFERENCES `phppos_item_kits` (`item_kit_id`),
  CONSTRAINT `phppos_item_kits_tags_ibfk_2` FOREIGN KEY (`tag_id`) REFERENCES `phppos_tags` (`id`) ON DELETE CASCADE
) ENGINE=InnoDB DEFAULT CHARSET=utf8mb3 COLLATE=utf8mb3_unicode_ci;

--
-- Dumping data for table `phppos_item_kits_tags`
--


--
-- Table structure for table `phppos_item_kits_taxes`
--

CREATE TABLE `phppos_item_kits_taxes` (
  `id` int(10) NOT NULL AUTO_INCREMENT,
  `item_kit_id` int(10) NOT NULL,
  `name` varchar(255) NOT NULL,
  `percent` decimal(15,3) NOT NULL,
  `cumulative` int(1) NOT NULL DEFAULT 0,
  PRIMARY KEY (`id`),
  UNIQUE KEY `unique_tax` (`item_kit_id`,`name`,`percent`),
  CONSTRAINT `phppos_item_kits_taxes_ibfk_1` FOREIGN KEY (`item_kit_id`) REFERENCES `phppos_item_kits` (`item_kit_id`) ON DELETE CASCADE
) ENGINE=InnoDB DEFAULT CHARSET=utf8mb3 COLLATE=utf8mb3_unicode_ci;

--
-- Dumping data for table `phppos_item_kits_taxes`
--


--
-- Table structure for table `phppos_item_kits_tier_prices`
--

CREATE TABLE `phppos_item_kits_tier_prices` (
  `tier_id` int(10) NOT NULL,
  `item_kit_id` int(10) NOT NULL,
  `unit_price` decimal(23,10) DEFAULT 0.0000000000,
  `percent_off` decimal(15,3) DEFAULT NULL,
  `cost_plus_percent` decimal(15,3) DEFAULT NULL,
  `cost_plus_fixed_amount` decimal(23,10) DEFAULT NULL,
  PRIMARY KEY (`tier_id`,`item_kit_id`),
  KEY `phppos_item_kits_tier_prices_ibfk_2` (`item_kit_id`),
  CONSTRAINT `phppos_item_kits_tier_prices_ibfk_1` FOREIGN KEY (`tier_id`) REFERENCES `phppos_price_tiers` (`id`) ON DELETE CASCADE,
  CONSTRAINT `phppos_item_kits_tier_prices_ibfk_2` FOREIGN KEY (`item_kit_id`) REFERENCES `phppos_item_kits` (`item_kit_id`)
) ENGINE=InnoDB DEFAULT CHARSET=utf8mb3 COLLATE=utf8mb3_unicode_ci;

--
-- Dumping data for table `phppos_item_kits_tier_prices`
--


--
-- Table structure for table `phppos_item_variation_attribute_values`
--

CREATE TABLE `phppos_item_variation_attribute_values` (
  `attribute_value_id` int(10) NOT NULL,
  `item_variation_id` int(10) NOT NULL,
  PRIMARY KEY (`attribute_value_id`,`item_variation_id`),
  KEY `phppos_item_variation_attribute_values_ibfk_2` (`item_variation_id`),
  CONSTRAINT `phppos_item_variation_attribute_values_ibfk_1` FOREIGN KEY (`attribute_value_id`) REFERENCES `phppos_attribute_values` (`id`) ON DELETE CASCADE,
  CONSTRAINT `phppos_item_variation_attribute_values_ibfk_2` FOREIGN KEY (`item_variation_id`) REFERENCES `phppos_item_variations` (`id`) ON DELETE CASCADE
) ENGINE=InnoDB DEFAULT CHARSET=utf8mb3 COLLATE=utf8mb3_unicode_ci;

--
-- Dumping data for table `phppos_item_variation_attribute_values`
--


--
-- Table structure for table `phppos_item_variations`
--

CREATE TABLE `phppos_item_variations` (
  `id` int(10) NOT NULL AUTO_INCREMENT,
  `ecommerce_variation_id` varchar(255) DEFAULT NULL,
  `ecommerce_variation_quantity` varchar(255) DEFAULT NULL,
  `deleted` int(1) NOT NULL DEFAULT 0,
  `item_id` int(10) NOT NULL,
  `reorder_level` decimal(23,10) DEFAULT NULL,
  `replenish_level` decimal(23,10) DEFAULT NULL,
  `name` varchar(255) DEFAULT '',
  `item_number` varchar(255) DEFAULT NULL,
  `unit_price` decimal(23,10) DEFAULT NULL,
  `cost_price` decimal(23,10) DEFAULT NULL,
  `promo_price` decimal(23,10) DEFAULT NULL,
  `start_date` date DEFAULT NULL,
  `end_date` date DEFAULT NULL,
  `last_modified` timestamp NOT NULL DEFAULT current_timestamp(),
  `ecommerce_last_modified` timestamp NULL DEFAULT NULL,
  `is_ecommerce` int(1) NOT NULL DEFAULT 1,
  `ecommerce_inventory_item_id` varchar(255) DEFAULT NULL,
  `supplier_id` int(11) DEFAULT NULL,
  `limited_sales_quantity` int(11) DEFAULT NULL,
  PRIMARY KEY (`id`),
  UNIQUE KEY `item_number` (`item_number`),
  KEY `phppos_item_variations_ibfk_1` (`item_id`),
  KEY `phppos_item_variations_ibfk_2` (`ecommerce_variation_id`),
  KEY `ecommerce_inventory_item_id` (`ecommerce_inventory_item_id`),
  KEY `supplier_id` (`supplier_id`),
  FULLTEXT KEY `name_search` (`name`),
  CONSTRAINT `phppos_item_variations_ibfk_1` FOREIGN KEY (`item_id`) REFERENCES `phppos_items` (`item_id`),
  CONSTRAINT `phppos_item_variations_ibfk_2` FOREIGN KEY (`supplier_id`) REFERENCES `phppos_suppliers` (`person_id`)
) ENGINE=InnoDB DEFAULT CHARSET=utf8mb3 COLLATE=utf8mb3_unicode_ci;

--
-- Dumping data for table `phppos_item_variations`
--


--
-- Table structure for table `phppos_items`
--

CREATE TABLE `phppos_items` (
  `name` varchar(255) NOT NULL,
  `category_id` int(11) DEFAULT NULL,
  `supplier_id` int(11) DEFAULT NULL,
  `manufacturer_id` int(11) DEFAULT NULL,
  `item_number` varchar(255) DEFAULT NULL,
  `product_id` varchar(255) DEFAULT NULL,
  `ecommerce_product_id` varchar(255) DEFAULT NULL,
  `ecommerce_product_quantity` varchar(255) DEFAULT NULL,
  `description` text NOT NULL,
  `size` varchar(255) NOT NULL DEFAULT '',
  `tax_included` int(1) NOT NULL DEFAULT 0,
  `cost_price` decimal(23,10) NOT NULL,
  `unit_price` decimal(23,10) NOT NULL,
  `promo_price` decimal(23,10) DEFAULT NULL,
  `start_date` date DEFAULT NULL,
  `end_date` date DEFAULT NULL,
  `reorder_level` decimal(23,10) DEFAULT NULL,
  `expire_days` int(10) DEFAULT NULL,
  `item_id` int(10) NOT NULL AUTO_INCREMENT,
  `allow_alt_description` tinyint(1) NOT NULL,
  `is_serialized` tinyint(1) NOT NULL,
  `override_default_tax` int(1) NOT NULL DEFAULT 0,
  `is_ecommerce` int(1) DEFAULT 1,
  `is_service` int(1) NOT NULL DEFAULT 0,
  `is_ebt_item` int(1) NOT NULL DEFAULT 0,
  `commission_percent` decimal(23,10) DEFAULT 0.0000000000,
  `commission_percent_type` varchar(255) DEFAULT '',
  `commission_fixed` decimal(23,10) DEFAULT 0.0000000000,
  `change_cost_price` int(1) NOT NULL DEFAULT 0,
  `disable_loyalty` int(1) NOT NULL DEFAULT 0,
  `deleted` int(1) NOT NULL DEFAULT 0,
  `last_modified` timestamp NOT NULL DEFAULT current_timestamp(),
  `ecommerce_last_modified` timestamp NULL DEFAULT NULL,
  `tax_class_id` int(10) DEFAULT NULL,
  `replenish_level` decimal(23,10) DEFAULT NULL,
  `system_item` int(1) NOT NULL DEFAULT 0,
  `max_discount_percent` decimal(15,3) DEFAULT NULL,
  `max_edit_price` decimal(23,10) DEFAULT NULL,
  `min_edit_price` decimal(23,10) DEFAULT NULL,
  `custom_field_1_value` varchar(255) DEFAULT NULL,
  `custom_field_2_value` varchar(255) DEFAULT NULL,
  `custom_field_3_value` varchar(255) DEFAULT NULL,
  `custom_field_4_value` varchar(255) DEFAULT NULL,
  `custom_field_5_value` varchar(255) DEFAULT NULL,
  `custom_field_6_value` varchar(255) DEFAULT NULL,
  `custom_field_7_value` varchar(255) DEFAULT NULL,
  `custom_field_8_value` varchar(255) DEFAULT NULL,
  `custom_field_9_value` varchar(255) DEFAULT NULL,
  `custom_field_10_value` varchar(255) DEFAULT NULL,
  `required_age` int(10) DEFAULT NULL,
  `verify_age` int(1) NOT NULL DEFAULT 0,
  `weight` decimal(23,10) DEFAULT NULL,
  `length` decimal(23,10) DEFAULT NULL,
  `width` decimal(23,10) DEFAULT NULL,
  `height` decimal(23,10) DEFAULT NULL,
  `ecommerce_shipping_class_id` varchar(255) DEFAULT NULL,
  `long_description` longtext NOT NULL,
  `allow_price_override_regardless_of_permissions` int(1) DEFAULT 0,
  `main_image_id` int(10) DEFAULT NULL,
  `only_integer` int(1) NOT NULL DEFAULT 0,
  `is_series_package` int(1) NOT NULL DEFAULT 0,
  `series_quantity` int(10) DEFAULT NULL,
  `series_days_to_use_within` int(10) DEFAULT NULL,
  `is_barcoded` int(1) NOT NULL DEFAULT 1,
  `default_quantity` decimal(23,10) DEFAULT NULL,
  `disable_from_price_rules` int(1) DEFAULT 0,
  `last_edited` timestamp NULL DEFAULT NULL,
  `info_popup` text DEFAULT NULL,
  `item_inactive` int(1) DEFAULT 0,
  `barcode_name` varchar(255) NOT NULL DEFAULT '',
  `tags` varchar(255) DEFAULT '',
  `is_favorite` int(1) DEFAULT 0,
  `loyalty_multiplier` decimal(23,10) DEFAULT NULL,
  `ecommerce_inventory_item_id` varchar(255) DEFAULT NULL,
  `weight_unit` varchar(255) DEFAULT NULL,
  `is_recurring` int(1) DEFAULT 0,
  `startup_cost` decimal(23,10) DEFAULT 0.0000000000,
  `prorated` int(1) DEFAULT 0,
  `interval` varchar(255) DEFAULT NULL,
  `weekday` int(1) DEFAULT NULL,
  `day_number` int(10) DEFAULT NULL,
  `month` int(10) DEFAULT NULL,
  `day` varchar(255) DEFAULT NULL,
  `shopify_item_level_inventory_policy` varchar(255) DEFAULT NULL,
  `non_profit_sale` int(11) NOT NULL DEFAULT 0,
  `ecommerce_first_variation_id` varchar(255) DEFAULT NULL,
  `limited_sales_quantity` int(11) DEFAULT NULL,
  PRIMARY KEY (`item_id`),
  UNIQUE KEY `item_number` (`item_number`),
  UNIQUE KEY `product_id` (`product_id`),
  KEY `phppos_items_ibfk_1` (`supplier_id`),
  KEY `deleted` (`deleted`),
  KEY `phppos_items_ibfk_3` (`category_id`),
  KEY `phppos_items_ibfk_4` (`manufacturer_id`),
  KEY `phppos_items_ibfk_5` (`ecommerce_product_id`),
  KEY `description` (`description`(255)),
  KEY `size` (`size`),
  KEY `reorder_level` (`reorder_level`),
  KEY `cost_price` (`cost_price`),
  KEY `unit_price` (`unit_price`),
  KEY `promo_price` (`promo_price`),
  KEY `last_modified` (`last_modified`),
  KEY `name` (`name`),
  KEY `phppos_items_ibfk_6` (`tax_class_id`),
  KEY `deleted_system_item` (`deleted`,`system_item`),
  KEY `custom_field_1_value` (`custom_field_1_value`),
  KEY `custom_field_2_value` (`custom_field_2_value`),
  KEY `custom_field_3_value` (`custom_field_3_value`),
  KEY `custom_field_4_value` (`custom_field_4_value`),
  KEY `custom_field_5_value` (`custom_field_5_value`),
  KEY `custom_field_6_value` (`custom_field_6_value`),
  KEY `custom_field_7_value` (`custom_field_7_value`),
  KEY `custom_field_8_value` (`custom_field_8_value`),
  KEY `custom_field_9_value` (`custom_field_9_value`),
  KEY `custom_field_10_value` (`custom_field_10_value`),
  KEY `verify_age` (`verify_age`),
  KEY `phppos_items_ibfk_7` (`main_image_id`),
  KEY `item_inactive_index` (`item_inactive`),
  KEY `tags` (`tags`),
  KEY `is_favorite_index` (`is_favorite`),
  KEY `ecommerce_product_id` (`ecommerce_product_id`),
  KEY `ecommerce_inventory_item_id` (`ecommerce_inventory_item_id`),
  FULLTEXT KEY `full_search` (`name`,`item_number`,`product_id`,`description`),
  FULLTEXT KEY `name_search` (`name`),
  FULLTEXT KEY `item_number_search` (`item_number`),
  FULLTEXT KEY `product_id_search` (`product_id`),
  FULLTEXT KEY `description_search` (`description`),
  FULLTEXT KEY `size_search` (`size`),
  FULLTEXT KEY `custom_field_1_value_search` (`custom_field_1_value`),
  FULLTEXT KEY `custom_field_2_value_search` (`custom_field_2_value`),
  FULLTEXT KEY `custom_field_3_value_search` (`custom_field_3_value`),
  FULLTEXT KEY `custom_field_4_value_search` (`custom_field_4_value`),
  FULLTEXT KEY `custom_field_5_value_search` (`custom_field_5_value`),
  FULLTEXT KEY `custom_field_6_value_search` (`custom_field_6_value`),
  FULLTEXT KEY `custom_field_7_value_search` (`custom_field_7_value`),
  FULLTEXT KEY `custom_field_8_value_search` (`custom_field_8_value`),
  FULLTEXT KEY `custom_field_9_value_search` (`custom_field_9_value`),
  FULLTEXT KEY `custom_field_10_value_search` (`custom_field_10_value`),
  CONSTRAINT `phppos_items_ibfk_1` FOREIGN KEY (`supplier_id`) REFERENCES `phppos_suppliers` (`person_id`),
  CONSTRAINT `phppos_items_ibfk_3` FOREIGN KEY (`category_id`) REFERENCES `phppos_categories` (`id`),
  CONSTRAINT `phppos_items_ibfk_4` FOREIGN KEY (`manufacturer_id`) REFERENCES `phppos_manufacturers` (`id`),
  CONSTRAINT `phppos_items_ibfk_6` FOREIGN KEY (`tax_class_id`) REFERENCES `phppos_tax_classes` (`id`),
  CONSTRAINT `phppos_items_ibfk_7` FOREIGN KEY (`main_image_id`) REFERENCES `phppos_app_files` (`file_id`) ON DELETE SET NULL ON UPDATE NO ACTION
) ENGINE=InnoDB AUTO_INCREMENT=57 DEFAULT CHARSET=utf8mb3 COLLATE=utf8mb3_unicode_ci;

--
-- Dumping data for table `phppos_items`
--

INSERT INTO `phppos_items` VALUES ('Magnum  White Almond 100ML',1,NULL,NULL,NULL,'6001087376792',NULL,NULL,'','',0,1767.4000000000,2375.0000000000,NULL,NULL,NULL,NULL,NULL,1,0,0,0,0,0,0,NULL,'',NULL,0,0,0,'2026-07-19 23:42:25',NULL,NULL,NULL,0,NULL,NULL,NULL,NULL,NULL,NULL,NULL,NULL,NULL,NULL,NULL,NULL,NULL,NULL,0,NULL,NULL,NULL,NULL,NULL,'',0,NULL,0,0,NULL,NULL,1,NULL,0,'2025-01-23 21:36:20',NULL,0,'','',0,NULL,NULL,NULL,0,0.0000000000,0,NULL,NULL,NULL,NULL,NULL,NULL,0,NULL,NULL),('Magnum Mini Classic 330ML',1,NULL,NULL,NULL,'8683130097694',NULL,NULL,'','',0,7627.9100000000,10500.0000000000,NULL,NULL,NULL,NULL,NULL,3,0,0,0,0,0,0,NULL,'',NULL,0,0,0,'2026-03-11 22:48:06',NULL,NULL,NULL,0,NULL,NULL,NULL,NULL,NULL,NULL,NULL,NULL,NULL,NULL,NULL,NULL,NULL,NULL,0,NULL,NULL,NULL,NULL,NULL,'',0,NULL,0,0,NULL,NULL,1,NULL,0,'2025-08-23 23:06:33',NULL,0,'','',0,NULL,NULL,NULL,0,0.0000000000,0,NULL,NULL,NULL,NULL,NULL,NULL,0,NULL,NULL),('Magnum Mini Classic-Almond-White (Classic-Badem-Beyaz) 330ML',1,NULL,NULL,NULL,'8683130097687',NULL,NULL,'','',0,7627.9100000000,10500.0000000000,9000.0000000000,'2025-03-01','2025-05-31',NULL,NULL,4,0,0,0,0,0,0,NULL,'',NULL,0,0,0,'2026-02-11 00:18:15',NULL,NULL,NULL,0,NULL,NULL,NULL,NULL,NULL,NULL,NULL,NULL,NULL,NULL,NULL,NULL,NULL,NULL,0,NULL,NULL,NULL,NULL,NULL,'',0,NULL,0,0,NULL,NULL,1,NULL,0,'2025-08-23 23:04:37',NULL,0,'','',0,NULL,NULL,NULL,0,0.0000000000,0,NULL,NULL,NULL,NULL,NULL,NULL,0,NULL,NULL),('Magnum Mini Euphoria & Almond 353ml',1,NULL,NULL,NULL,'8683130069615',NULL,NULL,'','',0,7441.9000000000,10000.0000000000,NULL,NULL,NULL,NULL,NULL,5,0,0,0,0,0,0,NULL,'',NULL,0,0,0,'2025-04-03 18:24:01',NULL,NULL,NULL,0,NULL,NULL,NULL,NULL,NULL,NULL,NULL,NULL,NULL,NULL,NULL,NULL,NULL,NULL,0,NULL,NULL,NULL,NULL,NULL,'',0,NULL,0,0,NULL,NULL,1,NULL,0,'2025-01-23 21:37:28',NULL,0,'','',0,NULL,NULL,NULL,0,0.0000000000,0,NULL,NULL,NULL,NULL,NULL,NULL,0,NULL,NULL),('MAGNUM MINI COOKIE&ALMOND 345ML',1,NULL,NULL,NULL,'8690637944130',NULL,NULL,'','',0,7627.9100000000,10500.0000000000,NULL,NULL,NULL,NULL,NULL,6,0,0,0,0,0,0,NULL,'',NULL,0,0,0,'2026-02-09 19:36:14',NULL,NULL,NULL,0,NULL,NULL,NULL,NULL,NULL,NULL,NULL,NULL,NULL,NULL,NULL,NULL,NULL,NULL,0,NULL,NULL,NULL,NULL,NULL,'',0,NULL,0,0,NULL,NULL,1,NULL,0,'2025-09-17 20:16:53',NULL,0,'','',0,NULL,NULL,NULL,0,0.0000000000,0,NULL,NULL,NULL,NULL,NULL,NULL,0,NULL,NULL),('Magnum Mini Classic White Almond Chocolate Cookie Luxe  270ML',1,NULL,NULL,NULL,'8999999587307',NULL,NULL,'','',0,6325.6000000000,8500.0000000000,NULL,NULL,NULL,NULL,NULL,7,0,0,0,0,0,0,NULL,'',NULL,0,0,0,'2025-03-13 19:33:26',NULL,NULL,NULL,0,NULL,NULL,NULL,NULL,NULL,NULL,NULL,NULL,NULL,NULL,NULL,NULL,NULL,NULL,0,NULL,NULL,NULL,NULL,NULL,'',0,NULL,0,0,NULL,NULL,1,NULL,0,'2025-01-23 21:35:51',NULL,0,'','',0,NULL,NULL,NULL,0,0.0000000000,0,NULL,NULL,NULL,NULL,NULL,NULL,0,NULL,NULL),('Magnum BEYAZ (WHITE)  100ML',1,NULL,NULL,NULL,'8690637834899',NULL,NULL,'','',0,1767.4000000000,2375.0000000000,NULL,NULL,NULL,NULL,NULL,8,0,0,0,0,0,0,NULL,'',NULL,0,0,0,'2025-05-22 21:30:32',NULL,NULL,NULL,0,NULL,NULL,NULL,NULL,NULL,NULL,NULL,NULL,NULL,NULL,NULL,NULL,NULL,NULL,0,NULL,NULL,NULL,NULL,NULL,'',0,NULL,0,0,NULL,NULL,1,NULL,0,'2025-01-23 21:37:47',NULL,0,'','',0,NULL,NULL,NULL,0,0.0000000000,0,NULL,NULL,NULL,NULL,NULL,NULL,0,NULL,NULL),('Magnum chocolate Cookie Crumble 90ML',1,NULL,NULL,NULL,'6001087397391',NULL,NULL,'','',0,1767.4000000000,2375.0000000000,NULL,NULL,NULL,NULL,NULL,9,0,0,0,0,0,0,NULL,'',NULL,0,0,0,'2026-07-20 00:41:43',NULL,NULL,NULL,0,NULL,NULL,NULL,NULL,NULL,NULL,NULL,NULL,NULL,NULL,NULL,NULL,NULL,NULL,0,NULL,NULL,NULL,NULL,NULL,'',0,NULL,0,0,NULL,NULL,1,NULL,0,'2025-01-23 21:34:08',NULL,0,'','',0,NULL,NULL,NULL,0,0.0000000000,0,NULL,NULL,NULL,NULL,NULL,NULL,0,NULL,NULL),('Magnum Double Chocolate  95ML',1,NULL,NULL,NULL,'8690637719769',NULL,NULL,'','',0,1767.4000000000,2375.0000000000,NULL,NULL,NULL,NULL,NULL,10,0,0,0,0,0,0,NULL,'',NULL,0,0,0,'2026-02-27 23:15:35',NULL,NULL,NULL,0,NULL,NULL,NULL,NULL,NULL,NULL,NULL,NULL,NULL,NULL,NULL,NULL,NULL,NULL,0,NULL,NULL,NULL,NULL,NULL,'',0,NULL,0,0,NULL,NULL,1,NULL,0,'2025-01-23 21:32:58',NULL,0,'','',0,NULL,NULL,NULL,0,0.0000000000,0,NULL,NULL,NULL,NULL,NULL,NULL,0,NULL,NULL),('Magnum Almond 80ML',1,NULL,NULL,NULL,'8999999005610',NULL,NULL,'','',0,1674.4000000000,2250.0000000000,NULL,NULL,NULL,NULL,NULL,11,0,0,0,0,0,0,NULL,'',NULL,0,0,0,'2026-07-20 01:02:20',NULL,NULL,NULL,0,NULL,NULL,NULL,NULL,NULL,NULL,NULL,NULL,NULL,NULL,NULL,NULL,NULL,NULL,0,NULL,NULL,NULL,NULL,NULL,'',0,NULL,0,0,NULL,NULL,1,NULL,0,'2025-01-23 21:34:38',NULL,0,'','',0,NULL,NULL,NULL,0,0.0000000000,0,NULL,NULL,NULL,NULL,NULL,NULL,0,NULL,NULL),('Magnum Euphoria 95ml',1,NULL,NULL,NULL,'8683130069622',NULL,NULL,'','',0,1674.4000000000,2250.0000000000,NULL,NULL,NULL,NULL,NULL,12,0,0,0,0,0,0,NULL,'',NULL,0,0,0,'2025-03-05 21:59:21',NULL,NULL,NULL,0,NULL,NULL,NULL,NULL,NULL,NULL,NULL,NULL,NULL,NULL,NULL,NULL,NULL,NULL,0,NULL,NULL,NULL,NULL,NULL,'',0,NULL,0,0,NULL,NULL,1,NULL,0,'2025-01-11 18:12:39',NULL,0,'','',0,NULL,NULL,NULL,0,0.0000000000,0,NULL,NULL,NULL,NULL,NULL,NULL,0,NULL,NULL),('CHILL 85ML',1,NULL,NULL,NULL,'8683130069370',NULL,NULL,'','',0,1674.4000000000,2250.0000000000,NULL,NULL,NULL,NULL,NULL,13,0,0,0,0,0,0,NULL,'',NULL,0,0,0,'2025-05-06 23:28:18',NULL,NULL,NULL,0,NULL,NULL,NULL,NULL,NULL,NULL,NULL,NULL,NULL,NULL,NULL,NULL,NULL,NULL,0,NULL,NULL,NULL,NULL,NULL,'',0,NULL,0,0,NULL,NULL,1,NULL,0,'2025-01-11 18:24:14',NULL,0,'','',0,NULL,NULL,NULL,0,0.0000000000,0,NULL,NULL,NULL,NULL,NULL,NULL,0,NULL,NULL),('MAGNUM MINI WHITE CHOCOLATE&ALMOND 330ML',1,NULL,NULL,NULL,'8711327609716',NULL,NULL,'','',0,8500.0000000000,10800.0000000000,NULL,NULL,NULL,NULL,NULL,14,0,0,0,0,0,0,NULL,'',NULL,0,0,0,'2026-07-19 23:42:25',NULL,NULL,NULL,0,NULL,NULL,NULL,NULL,NULL,NULL,NULL,NULL,NULL,NULL,NULL,NULL,NULL,NULL,0,NULL,NULL,NULL,NULL,NULL,'',0,NULL,0,0,NULL,NULL,1,NULL,0,'2026-05-09 19:21:47',NULL,0,'','',0,NULL,NULL,NULL,0,0.0000000000,0,NULL,NULL,NULL,NULL,NULL,NULL,0,NULL,NULL),('Magnum mini almond 270ML',1,NULL,NULL,NULL,NULL,NULL,NULL,'','',0,0.0000000000,0.0000000000,NULL,NULL,NULL,NULL,NULL,15,0,0,0,0,0,0,NULL,'',NULL,0,0,1,'2025-01-23 21:32:36',NULL,NULL,NULL,0,NULL,NULL,NULL,NULL,NULL,NULL,NULL,NULL,NULL,NULL,NULL,NULL,NULL,NULL,0,NULL,NULL,NULL,NULL,NULL,'',0,NULL,0,0,NULL,NULL,1,NULL,0,NULL,NULL,0,'','',0,NULL,NULL,NULL,0,0.0000000000,0,NULL,NULL,NULL,NULL,NULL,NULL,0,NULL,NULL),('Magnum mini almond 270ML',1,NULL,NULL,NULL,NULL,NULL,NULL,'','',0,0.0000000000,0.0000000000,NULL,NULL,NULL,NULL,NULL,16,0,0,0,0,0,0,NULL,'',NULL,0,0,1,'2025-01-23 22:53:15',NULL,NULL,NULL,0,NULL,NULL,NULL,NULL,NULL,NULL,NULL,NULL,NULL,NULL,NULL,NULL,NULL,NULL,0,NULL,NULL,NULL,NULL,NULL,'',0,NULL,0,0,NULL,NULL,1,NULL,0,NULL,NULL,0,'','',0,NULL,NULL,NULL,0,0.0000000000,0,NULL,NULL,NULL,NULL,NULL,NULL,0,NULL,NULL),('magnum mini classic almond brownie 270ml',1,NULL,NULL,NULL,'8999999035655',NULL,NULL,'','',0,6325.6000000000,8500.0000000000,NULL,NULL,NULL,NULL,NULL,17,0,0,0,0,0,0,NULL,'',NULL,0,0,0,'2025-05-15 22:55:07',NULL,NULL,NULL,0,NULL,NULL,NULL,NULL,NULL,NULL,NULL,NULL,NULL,NULL,NULL,NULL,NULL,NULL,0,NULL,NULL,NULL,NULL,NULL,'',0,NULL,0,0,NULL,NULL,1,NULL,0,'2025-01-23 23:01:14',NULL,0,'','',0,NULL,NULL,NULL,0,0.0000000000,0,NULL,NULL,NULL,NULL,NULL,NULL,0,NULL,NULL),('Magnum mini classic almond cookie and cream',1,NULL,NULL,NULL,'8999999569235',NULL,NULL,'','',0,6325.6000000000,8500.0000000000,NULL,NULL,NULL,NULL,NULL,18,0,0,0,0,0,0,NULL,'',NULL,0,0,0,'2026-07-17 22:46:15',NULL,NULL,NULL,0,NULL,NULL,NULL,NULL,NULL,NULL,NULL,NULL,NULL,NULL,NULL,NULL,NULL,NULL,0,NULL,NULL,NULL,NULL,NULL,'',0,NULL,0,0,NULL,NULL,1,NULL,0,'2025-01-23 23:00:46',NULL,0,'','',0,NULL,NULL,NULL,0,0.0000000000,0,NULL,NULL,NULL,NULL,NULL,NULL,0,NULL,NULL),('Magnum chocolate luxe 80ml',1,NULL,NULL,NULL,'8999999595586',NULL,NULL,'','',0,1674.4200000000,2250.0000000000,NULL,NULL,NULL,NULL,NULL,19,0,0,0,0,0,0,NULL,'',NULL,0,0,0,'2025-05-20 20:31:50',NULL,NULL,NULL,0,NULL,NULL,NULL,NULL,NULL,NULL,NULL,NULL,NULL,NULL,NULL,NULL,NULL,NULL,0,NULL,NULL,NULL,NULL,NULL,'',0,NULL,0,0,NULL,NULL,1,NULL,0,'2025-01-23 22:58:24',NULL,0,'','',0,NULL,NULL,NULL,0,0.0000000000,0,NULL,NULL,NULL,NULL,NULL,NULL,0,NULL,NULL),('Magnum pint Almond 440ml',1,NULL,NULL,NULL,'8721274813876',NULL,NULL,'','',0,9000.0000000000,11500.0000000000,NULL,NULL,NULL,NULL,NULL,20,0,0,0,0,0,0,NULL,'',NULL,0,0,0,'2026-07-19 23:42:25',NULL,NULL,NULL,0,NULL,NULL,NULL,NULL,NULL,NULL,NULL,NULL,NULL,NULL,NULL,NULL,NULL,NULL,0,NULL,NULL,NULL,NULL,NULL,'',0,NULL,0,0,NULL,NULL,1,NULL,0,'2026-05-10 21:46:05',NULL,0,'8721274813876','',0,NULL,NULL,NULL,0,0.0000000000,0,NULL,NULL,NULL,NULL,NULL,NULL,0,NULL,NULL),('Magnum Mini Almond 270ml',1,NULL,NULL,NULL,'8999999035631',NULL,NULL,'','',0,6325.6000000000,8500.0000000000,NULL,NULL,NULL,NULL,NULL,21,0,0,0,0,0,0,NULL,'',NULL,0,0,0,'2026-02-09 19:36:14',NULL,NULL,NULL,0,NULL,NULL,NULL,NULL,NULL,NULL,NULL,NULL,NULL,NULL,NULL,NULL,NULL,NULL,0,NULL,NULL,NULL,NULL,NULL,'',0,NULL,0,0,NULL,NULL,1,NULL,0,'2025-01-24 17:22:15',NULL,0,'','',0,NULL,NULL,NULL,0,0.0000000000,0,NULL,NULL,NULL,NULL,NULL,NULL,0,NULL,NULL),('MAGNUM CLASSIC 80ML',1,NULL,NULL,NULL,'8999999005689',NULL,NULL,'','',0,1674.4200000000,2250.0000000000,NULL,NULL,NULL,NULL,NULL,22,0,0,0,0,0,0,NULL,'',NULL,0,0,0,'2026-07-19 23:42:25',NULL,NULL,NULL,0,NULL,NULL,NULL,NULL,NULL,NULL,NULL,NULL,NULL,NULL,NULL,NULL,NULL,NULL,0,NULL,NULL,NULL,NULL,NULL,'',0,NULL,0,0,NULL,NULL,1,NULL,0,'2025-01-29 22:00:42',NULL,0,'','',0,NULL,NULL,NULL,0,0.0000000000,0,NULL,NULL,NULL,NULL,NULL,NULL,0,NULL,NULL),('BEN&JERRY COOKIE DOUGH 465ml',1,NULL,NULL,NULL,'8711327373105',NULL,NULL,'','',0,9800.0000000000,12500.0000000000,NULL,NULL,NULL,NULL,NULL,23,0,0,0,0,0,0,NULL,'',NULL,0,0,0,'2026-07-20 00:32:16',NULL,NULL,NULL,0,NULL,NULL,NULL,NULL,NULL,NULL,NULL,NULL,NULL,NULL,NULL,NULL,NULL,NULL,0,NULL,NULL,NULL,NULL,NULL,'',0,NULL,0,0,NULL,NULL,1,NULL,0,'2026-05-09 18:41:50',NULL,0,'8711327373105','',0,NULL,NULL,NULL,0,0.0000000000,0,NULL,NULL,NULL,NULL,NULL,NULL,0,NULL,NULL),('MAGNUM PINT SALTED CARAMEL 440ml',1,NULL,NULL,'8711327617353',NULL,NULL,NULL,'','',0,9000.0000000000,11500.0000000000,NULL,NULL,NULL,NULL,NULL,24,0,0,0,0,0,0,NULL,'',NULL,0,0,0,'2026-07-19 23:42:25',NULL,NULL,NULL,0,NULL,NULL,NULL,NULL,NULL,NULL,NULL,NULL,NULL,NULL,NULL,NULL,NULL,NULL,0,NULL,NULL,NULL,NULL,NULL,'',0,NULL,0,0,NULL,NULL,1,NULL,0,'2026-05-09 18:40:52',NULL,0,'','',0,NULL,NULL,NULL,0,0.0000000000,0,NULL,NULL,NULL,NULL,NULL,NULL,0,NULL,NULL),('Magnum pint cookie 440ml',1,NULL,NULL,'8711327315600',NULL,NULL,NULL,'','',0,9000.0000000000,11500.0000000000,NULL,NULL,NULL,NULL,NULL,25,0,0,0,0,0,0,NULL,'',NULL,0,0,0,'2026-07-19 23:42:25',NULL,NULL,NULL,0,NULL,NULL,NULL,NULL,NULL,NULL,NULL,NULL,NULL,NULL,NULL,NULL,NULL,NULL,0,NULL,NULL,NULL,NULL,NULL,'',0,NULL,0,0,NULL,NULL,1,NULL,0,'2026-05-09 18:41:02',NULL,0,'','',0,NULL,NULL,NULL,0,0.0000000000,0,NULL,NULL,NULL,NULL,NULL,NULL,0,NULL,NULL),('Magnum mint 100ml',1,NULL,NULL,NULL,'6001087376808',NULL,NULL,'','',0,1767.4000000000,2375.0000000000,NULL,NULL,NULL,NULL,NULL,26,0,0,0,0,0,0,NULL,'',NULL,0,0,0,'2026-07-20 00:32:55',NULL,NULL,NULL,0,NULL,NULL,NULL,NULL,NULL,NULL,NULL,NULL,NULL,NULL,NULL,NULL,NULL,NULL,0,NULL,NULL,NULL,NULL,NULL,'',0,NULL,0,0,NULL,NULL,1,NULL,0,'2025-06-21 23:05:29',NULL,0,'','',0,NULL,NULL,NULL,0,0.0000000000,0,NULL,NULL,NULL,NULL,NULL,NULL,0,NULL,NULL),('Magnum Mini White Almond 275ml',1,NULL,NULL,NULL,'6001087399210',NULL,NULL,'','',0,6697.7000000000,9000.0000000000,NULL,NULL,NULL,NULL,NULL,27,0,0,0,0,0,0,NULL,'',NULL,0,0,0,'2026-07-19 23:42:25',NULL,NULL,NULL,0,NULL,NULL,NULL,NULL,NULL,NULL,NULL,NULL,NULL,NULL,NULL,NULL,NULL,NULL,0,NULL,NULL,NULL,NULL,NULL,'',0,NULL,0,0,NULL,NULL,1,NULL,0,'2025-06-26 23:43:40',NULL,0,'','',0,NULL,NULL,NULL,0,0.0000000000,0,NULL,NULL,NULL,NULL,NULL,NULL,0,NULL,NULL),('Magnum Death by Chocolate 100ml',1,NULL,NULL,NULL,'6001087376761',NULL,NULL,'','',0,1767.4000000000,2375.0000000000,NULL,NULL,NULL,NULL,NULL,28,0,0,0,0,0,0,NULL,'',NULL,0,0,0,'2026-07-20 00:32:55',NULL,NULL,NULL,0,NULL,NULL,NULL,NULL,NULL,NULL,NULL,NULL,NULL,NULL,NULL,NULL,NULL,NULL,0,NULL,NULL,NULL,NULL,NULL,'',0,NULL,0,0,NULL,NULL,1,NULL,0,'2025-06-22 00:07:57',NULL,0,'','',0,NULL,NULL,NULL,0,0.0000000000,0,NULL,NULL,NULL,NULL,NULL,NULL,0,NULL,NULL),('Magnum mini cookie 330ml',1,NULL,NULL,NULL,'8711327320857',NULL,NULL,'','',0,7627.9100000000,10500.0000000000,NULL,NULL,NULL,NULL,NULL,29,0,0,0,0,0,0,NULL,'',NULL,0,0,0,'2025-09-17 20:15:17',NULL,NULL,NULL,0,NULL,NULL,NULL,NULL,NULL,NULL,NULL,NULL,NULL,NULL,NULL,NULL,NULL,NULL,0,NULL,NULL,NULL,NULL,NULL,'',0,NULL,0,0,NULL,NULL,1,NULL,0,'2025-09-17 20:15:17',NULL,0,'','',0,NULL,NULL,NULL,0,0.0000000000,0,NULL,NULL,NULL,NULL,NULL,NULL,0,NULL,NULL),('CARTE DOR SELECTION FRUIT FESTIVAL 800ML',1,NULL,NULL,NULL,'8683130084830',NULL,NULL,'','',0,4651.1600000000,6500.0000000000,NULL,NULL,NULL,NULL,NULL,30,0,0,0,0,0,0,NULL,'',NULL,0,0,0,'2026-02-09 19:36:14',NULL,NULL,NULL,0,NULL,NULL,NULL,NULL,NULL,NULL,NULL,NULL,NULL,NULL,NULL,NULL,NULL,NULL,0,NULL,NULL,NULL,NULL,NULL,'',0,NULL,0,0,NULL,NULL,1,NULL,0,'2025-08-23 23:08:22',NULL,0,'','',0,NULL,NULL,NULL,0,0.0000000000,0,NULL,NULL,NULL,NULL,NULL,NULL,0,NULL,NULL),('MAGNUM MINI UTOPIA ',1,NULL,NULL,NULL,'8683130098714',NULL,NULL,'','',0,7627.9100000000,10500.0000000000,NULL,NULL,NULL,NULL,NULL,31,0,0,0,0,0,0,NULL,'',NULL,0,0,0,'2026-03-11 22:11:34',NULL,NULL,NULL,0,NULL,NULL,NULL,NULL,NULL,NULL,NULL,NULL,NULL,NULL,NULL,NULL,NULL,NULL,0,NULL,NULL,NULL,NULL,NULL,'',0,NULL,0,0,NULL,NULL,1,NULL,0,'2025-08-23 22:59:17',NULL,0,'','',0,NULL,NULL,NULL,0,0.0000000000,0,NULL,NULL,NULL,NULL,NULL,NULL,0,NULL,NULL),('MAGNUM COOKIE 90ML',1,NULL,NULL,NULL,'8690637936036',NULL,NULL,'','',0,1767.4000000000,2375.0000000000,NULL,NULL,NULL,NULL,NULL,32,0,0,0,0,0,0,NULL,'',NULL,0,0,0,'2026-03-05 00:43:17',NULL,NULL,NULL,0,NULL,NULL,NULL,NULL,NULL,NULL,NULL,NULL,NULL,NULL,NULL,NULL,NULL,NULL,0,NULL,NULL,NULL,NULL,NULL,'',0,NULL,0,0,NULL,NULL,1,NULL,0,'2025-08-23 22:53:47',NULL,0,'','',0,NULL,NULL,NULL,0,0.0000000000,0,NULL,NULL,NULL,NULL,NULL,NULL,0,NULL,NULL),('MAGNUM UTOPIA RASPBERRY 85ML',1,NULL,NULL,NULL,'8683130095645',NULL,NULL,'','',0,1767.4000000000,2375.0000000000,NULL,NULL,NULL,NULL,NULL,33,0,0,0,0,0,0,NULL,'',NULL,0,0,0,'2026-04-02 16:24:52',NULL,NULL,NULL,0,NULL,NULL,NULL,NULL,NULL,NULL,NULL,NULL,NULL,NULL,NULL,NULL,NULL,NULL,0,NULL,NULL,NULL,NULL,NULL,'',0,NULL,0,0,NULL,NULL,1,NULL,0,'2025-08-23 23:00:23',NULL,0,'','',0,NULL,NULL,NULL,0,0.0000000000,0,NULL,NULL,NULL,NULL,NULL,NULL,0,NULL,NULL),('MAGNUM MINI DOUBLE CHOCOLATE KARAMEL MULBERRY',1,NULL,NULL,NULL,'8683130097625',NULL,NULL,'','',0,7627.9100000000,10500.0000000000,NULL,NULL,NULL,NULL,NULL,34,0,0,0,0,0,0,NULL,'',NULL,0,0,0,'2026-07-17 12:02:20',NULL,NULL,NULL,0,NULL,NULL,NULL,NULL,NULL,NULL,NULL,NULL,NULL,NULL,NULL,NULL,NULL,NULL,0,NULL,NULL,NULL,NULL,NULL,'',0,NULL,0,0,NULL,NULL,1,NULL,0,'2026-07-17 12:02:20',NULL,0,'','',0,NULL,NULL,NULL,0,0.0000000000,0,NULL,NULL,NULL,NULL,NULL,NULL,0,NULL,NULL),('MAGNUM UTOPIA KARAMEL 85ML',1,NULL,NULL,'8683130095652','8683130095652',NULL,NULL,'','',0,1767.4000000000,2375.0000000000,NULL,NULL,NULL,NULL,NULL,35,0,0,0,0,0,0,NULL,'',NULL,0,0,0,'2026-02-20 18:33:37',NULL,NULL,NULL,0,NULL,NULL,NULL,NULL,NULL,NULL,NULL,NULL,NULL,NULL,NULL,NULL,NULL,NULL,0,NULL,NULL,NULL,NULL,NULL,'',0,NULL,0,0,NULL,NULL,1,NULL,0,'2025-08-23 22:59:50',NULL,0,'','',0,NULL,NULL,NULL,0,0.0000000000,0,NULL,NULL,NULL,NULL,NULL,NULL,0,NULL,NULL),('Magnum Mini Classic Almond Mango Yoghurt Parfait 270ml',1,NULL,NULL,NULL,NULL,NULL,NULL,'','',0,0.0000000000,0.0000000000,NULL,NULL,NULL,NULL,NULL,36,0,0,0,0,0,0,NULL,'',NULL,0,0,0,'2025-10-24 21:14:14',NULL,NULL,NULL,0,NULL,NULL,NULL,NULL,NULL,NULL,NULL,NULL,NULL,NULL,NULL,NULL,NULL,NULL,0,NULL,NULL,NULL,NULL,NULL,'',0,NULL,0,0,NULL,NULL,1,NULL,0,NULL,NULL,0,'8999999603502','',0,NULL,NULL,NULL,0,0.0000000000,0,NULL,NULL,NULL,NULL,NULL,NULL,0,NULL,NULL),('MAGNUM MINI CLASSIC ALMOND MANGO YOGHURT PARFAIT 270ML',1,NULL,NULL,NULL,'8999999603502',NULL,NULL,'','',0,6325.6000000000,8500.0000000000,NULL,NULL,NULL,NULL,NULL,37,0,0,0,0,0,0,NULL,'',NULL,0,0,0,'2026-07-19 23:42:25',NULL,NULL,NULL,0,NULL,NULL,NULL,NULL,NULL,NULL,NULL,NULL,NULL,NULL,NULL,NULL,NULL,NULL,0,NULL,NULL,NULL,NULL,NULL,'',0,NULL,0,0,NULL,NULL,1,NULL,0,'2025-10-25 01:00:00',NULL,0,'','',0,NULL,NULL,NULL,0,0.0000000000,0,NULL,NULL,NULL,NULL,NULL,NULL,0,NULL,NULL),('DOUBLE CARAMELS',1,NULL,NULL,NULL,'8683130003794',NULL,NULL,'','',0,1767.4000000000,2375.0000000000,NULL,NULL,NULL,NULL,NULL,38,0,0,0,0,0,0,NULL,'',NULL,0,0,0,'2026-02-18 19:42:37',NULL,NULL,NULL,0,NULL,NULL,NULL,NULL,NULL,NULL,NULL,NULL,NULL,NULL,NULL,NULL,NULL,NULL,0,NULL,NULL,NULL,NULL,NULL,'',0,NULL,0,0,NULL,NULL,1,NULL,0,'2025-11-17 22:18:20',NULL,0,'','',0,NULL,NULL,NULL,0,0.0000000000,0,NULL,NULL,NULL,NULL,NULL,NULL,0,NULL,NULL),('BEYAZ 100ML',1,NULL,NULL,NULL,'8690637687433',NULL,NULL,'','',0,1767.4000000000,2375.0000000000,NULL,NULL,NULL,NULL,NULL,40,0,0,0,0,0,0,NULL,'',NULL,0,0,0,'2026-03-03 23:14:25',NULL,NULL,NULL,0,NULL,NULL,NULL,NULL,NULL,NULL,NULL,NULL,NULL,NULL,NULL,NULL,NULL,NULL,0,NULL,NULL,NULL,NULL,NULL,'',0,NULL,0,0,NULL,NULL,1,NULL,0,'2025-11-17 22:15:54',NULL,0,'','',0,NULL,NULL,NULL,0,0.0000000000,0,NULL,NULL,NULL,NULL,NULL,NULL,0,NULL,NULL),('MAGNUM MINI COOKIE & ALMOND 345ML',1,NULL,NULL,NULL,'8683130097670',NULL,NULL,'','',0,7627.9100000000,10500.0000000000,NULL,NULL,NULL,NULL,NULL,41,0,0,0,0,0,0,NULL,'',NULL,0,0,0,'2026-02-09 20:24:57',NULL,NULL,NULL,0,NULL,NULL,NULL,NULL,NULL,NULL,NULL,NULL,NULL,NULL,NULL,NULL,NULL,NULL,0,NULL,NULL,NULL,NULL,NULL,'',0,NULL,0,0,NULL,NULL,1,NULL,0,'2025-11-17 22:19:22',NULL,0,'','',0,NULL,NULL,NULL,0,0.0000000000,0,NULL,NULL,NULL,NULL,NULL,NULL,0,NULL,NULL),('WHITE &BRIE GREEK YOGURT ',2,NULL,NULL,NULL,'731717859369',NULL,NULL,'','',0,8130.0000000000,10570.0000000000,NULL,NULL,NULL,NULL,NULL,42,0,0,0,0,0,0,NULL,'',NULL,0,0,0,'2026-07-17 00:37:40',NULL,NULL,NULL,0,NULL,NULL,NULL,NULL,NULL,NULL,NULL,NULL,NULL,NULL,NULL,NULL,NULL,NULL,0,NULL,NULL,NULL,NULL,NULL,'',0,NULL,0,0,NULL,NULL,1,NULL,0,'2026-02-25 02:36:02',NULL,0,'','',0,NULL,NULL,NULL,0,0.0000000000,0,NULL,NULL,NULL,NULL,NULL,NULL,0,NULL,NULL),('WHITE &BRIE GREEK YOGURT  BANANA',2,NULL,NULL,NULL,'731717859321',NULL,NULL,'','',0,8130.0000000000,10570.0000000000,NULL,NULL,NULL,NULL,NULL,43,0,0,0,0,0,0,NULL,'',NULL,0,0,0,'2026-04-22 23:44:35',NULL,NULL,NULL,0,NULL,NULL,NULL,NULL,NULL,NULL,NULL,NULL,NULL,NULL,NULL,NULL,NULL,NULL,0,NULL,NULL,NULL,NULL,NULL,'',0,NULL,0,0,NULL,NULL,1,NULL,0,'2026-03-03 18:55:32',NULL,0,'','',0,NULL,NULL,NULL,0,0.0000000000,0,NULL,NULL,NULL,NULL,NULL,NULL,0,NULL,NULL),('WHITE &BRIE GREEK YOGURT  BLUE BERRY',2,NULL,NULL,NULL,'796029105252',NULL,NULL,'','',0,8130.0000000000,10570.0000000000,NULL,NULL,NULL,NULL,NULL,44,0,0,0,0,0,0,NULL,'',NULL,0,0,0,'2026-07-18 21:39:48',NULL,NULL,NULL,0,NULL,NULL,NULL,NULL,NULL,NULL,NULL,NULL,NULL,NULL,NULL,NULL,NULL,NULL,0,NULL,NULL,NULL,NULL,NULL,'',0,NULL,0,0,NULL,NULL,1,NULL,0,'2026-03-03 18:56:22',NULL,0,'','',0,NULL,NULL,NULL,0,0.0000000000,0,NULL,NULL,NULL,NULL,NULL,NULL,0,NULL,NULL),('WHITE &BRIE GREEK YOGURT  STRAWBERRY',2,NULL,NULL,NULL,'731717859338',NULL,NULL,'','',0,8130.0000000000,10570.0000000000,NULL,NULL,NULL,NULL,NULL,45,0,0,0,0,0,0,NULL,'',NULL,0,0,0,'2026-03-25 20:59:49',NULL,NULL,NULL,0,NULL,NULL,NULL,NULL,NULL,NULL,NULL,NULL,NULL,NULL,NULL,NULL,NULL,NULL,0,NULL,NULL,NULL,NULL,NULL,'',0,NULL,0,0,NULL,NULL,1,NULL,0,'2026-03-03 18:54:58',NULL,0,'','',0,NULL,NULL,NULL,0,0.0000000000,0,NULL,NULL,NULL,NULL,NULL,NULL,0,NULL,NULL),('WHITE &BRIE GREEK YOGURT  VANILLA',2,NULL,NULL,NULL,'731717859345',NULL,NULL,'','',0,8130.0000000000,10570.0000000000,NULL,NULL,NULL,NULL,NULL,46,0,0,0,0,0,0,NULL,'',NULL,0,0,0,'2026-03-31 16:25:44',NULL,NULL,NULL,0,NULL,NULL,NULL,NULL,NULL,NULL,NULL,NULL,NULL,NULL,NULL,NULL,NULL,NULL,0,NULL,NULL,NULL,NULL,NULL,'',0,NULL,0,0,NULL,NULL,1,NULL,0,'2026-03-24 21:23:13',NULL,0,'','',0,NULL,NULL,NULL,0,0.0000000000,0,NULL,NULL,NULL,NULL,NULL,NULL,0,NULL,NULL),('WHITE &BRIE GREEK YOGURT  PLAIN',2,NULL,NULL,NULL,'731717859314',NULL,NULL,'','',0,8130.0000000000,10570.0000000000,NULL,NULL,NULL,NULL,NULL,47,0,0,0,0,0,0,NULL,'',NULL,0,0,0,'2026-07-18 21:39:48',NULL,NULL,NULL,0,NULL,NULL,NULL,NULL,NULL,NULL,NULL,NULL,NULL,NULL,NULL,NULL,NULL,NULL,0,NULL,NULL,NULL,NULL,NULL,'',0,NULL,0,0,NULL,NULL,1,NULL,0,'2026-03-24 21:22:37',NULL,0,'','',0,NULL,NULL,NULL,0,0.0000000000,0,NULL,NULL,NULL,NULL,NULL,NULL,0,NULL,NULL),('Ben & Jerry Vanilla Peacan Blondie 8 X 465ML',1,NULL,NULL,NULL,'8711327374256',NULL,NULL,'','',0,9800.0000000000,12500.0000000000,NULL,NULL,NULL,NULL,NULL,48,0,0,0,0,0,0,NULL,'',NULL,0,0,0,'2026-07-19 23:42:25',NULL,NULL,NULL,0,NULL,NULL,NULL,NULL,NULL,NULL,NULL,NULL,NULL,NULL,NULL,NULL,NULL,NULL,0,NULL,NULL,NULL,NULL,NULL,'',0,NULL,0,0,NULL,NULL,1,NULL,0,'2026-05-09 18:44:10',NULL,0,'8711327374256','',0,NULL,NULL,NULL,0,0.0000000000,0,NULL,NULL,NULL,NULL,NULL,NULL,0,NULL,NULL),('BEN&JERRY Pint Caramel Brownie Party 465ml',1,NULL,NULL,NULL,'8711327374324',NULL,NULL,'','',0,9800.0000000000,12500.0000000000,NULL,NULL,NULL,NULL,NULL,49,0,0,0,0,0,0,NULL,'',NULL,0,0,0,'2026-07-19 23:20:22',NULL,NULL,NULL,0,NULL,NULL,NULL,NULL,NULL,NULL,NULL,NULL,NULL,NULL,NULL,NULL,NULL,NULL,0,NULL,NULL,NULL,NULL,NULL,'',0,NULL,0,0,NULL,NULL,1,NULL,0,'2026-05-09 18:54:07',NULL,0,'8711327374324','',0,NULL,NULL,NULL,0,0.0000000000,0,NULL,NULL,NULL,NULL,NULL,NULL,0,NULL,NULL),('Magnum White Chocolate Cookie 270ML',1,NULL,NULL,NULL,'8717163691496',NULL,NULL,'','',0,6000.0000000000,7650.0000000000,NULL,NULL,NULL,NULL,NULL,50,0,0,0,0,0,0,NULL,'',NULL,0,0,0,'2026-07-19 23:42:25',NULL,NULL,NULL,0,NULL,NULL,NULL,NULL,NULL,NULL,NULL,NULL,NULL,NULL,NULL,NULL,NULL,NULL,0,NULL,NULL,NULL,NULL,NULL,'',0,NULL,0,0,NULL,NULL,1,NULL,0,'2026-05-09 18:49:02',NULL,0,'8717163691496','',0,NULL,NULL,NULL,0,0.0000000000,0,NULL,NULL,NULL,NULL,NULL,NULL,0,NULL,NULL),('Magnum White Chocolate Strawberry  400ML',1,NULL,NULL,NULL,'8711327608153',NULL,NULL,'','',0,9500.0000000000,12000.0000000000,NULL,NULL,NULL,NULL,NULL,51,0,0,0,0,0,0,NULL,'',NULL,0,0,0,'2026-07-11 17:11:47',NULL,NULL,NULL,0,NULL,NULL,NULL,NULL,NULL,NULL,NULL,NULL,NULL,NULL,NULL,NULL,NULL,NULL,0,NULL,NULL,NULL,NULL,NULL,'',0,NULL,0,0,NULL,NULL,1,NULL,0,'2026-05-09 21:51:32',NULL,0,'8711327608153','',0,NULL,NULL,NULL,0,0.0000000000,0,NULL,NULL,NULL,NULL,NULL,NULL,0,NULL,NULL),('Magnum White Chocolate  400ML',1,NULL,NULL,NULL,'8711327606081',NULL,NULL,'','',0,9500.0000000000,12000.0000000000,NULL,NULL,NULL,NULL,NULL,52,0,0,0,0,0,0,NULL,'',NULL,0,0,0,'2026-07-19 23:42:25',NULL,NULL,NULL,0,NULL,NULL,NULL,NULL,NULL,NULL,NULL,NULL,NULL,NULL,NULL,NULL,NULL,NULL,0,NULL,NULL,NULL,NULL,NULL,'',0,NULL,0,0,NULL,NULL,1,NULL,0,'2026-05-09 21:51:10',NULL,0,'8711327606081','',0,NULL,NULL,NULL,0,0.0000000000,0,NULL,NULL,NULL,NULL,NULL,NULL,0,NULL,NULL),('MAGNUM MINI ALMOND 6X330ML',1,NULL,NULL,NULL,'8711327611924',NULL,NULL,'','',0,8500.0000000000,10800.0000000000,NULL,NULL,NULL,NULL,NULL,53,0,0,0,0,0,0,NULL,'',NULL,0,0,0,'2026-06-19 21:51:52',NULL,NULL,NULL,0,NULL,NULL,NULL,NULL,NULL,NULL,NULL,NULL,NULL,NULL,NULL,NULL,NULL,NULL,0,NULL,NULL,NULL,NULL,NULL,'',0,NULL,0,0,NULL,NULL,1,NULL,0,'2026-05-17 04:09:06',NULL,0,'','',0,NULL,NULL,NULL,0,0.0000000000,0,NULL,NULL,NULL,NULL,NULL,NULL,0,NULL,NULL),('Zayith Vanilla Yoghurt Drink',2,NULL,NULL,'6156000321653','6156000321653',NULL,NULL,'','',0,3103.0000000000,4000.0000000000,NULL,NULL,NULL,NULL,NULL,54,0,0,0,0,0,0,NULL,'',NULL,0,0,0,'2026-07-18 01:14:42',NULL,NULL,NULL,0,NULL,NULL,NULL,NULL,NULL,NULL,NULL,NULL,NULL,NULL,NULL,NULL,NULL,NULL,0,NULL,NULL,NULL,NULL,NULL,'',0,NULL,0,0,NULL,NULL,1,NULL,0,'2026-06-03 20:05:14',NULL,0,'','',0,NULL,NULL,NULL,0,0.0000000000,0,NULL,NULL,NULL,NULL,NULL,NULL,0,NULL,NULL),('Zayith strawberry Yoghurt Drink',2,NULL,NULL,'6156000321660','6156000321660',NULL,NULL,'','',0,1726.0000000000,2300.0000000000,NULL,NULL,NULL,NULL,NULL,55,0,0,0,0,0,0,NULL,'',NULL,0,0,0,'2026-07-06 01:12:46',NULL,NULL,NULL,0,NULL,NULL,NULL,NULL,NULL,NULL,NULL,NULL,NULL,NULL,NULL,NULL,NULL,NULL,0,NULL,NULL,NULL,NULL,NULL,'',0,NULL,0,0,NULL,NULL,1,NULL,0,'2026-06-03 20:07:34',NULL,0,'','',0,NULL,NULL,NULL,0,0.0000000000,0,NULL,NULL,NULL,NULL,NULL,NULL,0,NULL,NULL),('MAGNUM MINI CLASSIC 270ML',1,NULL,NULL,NULL,'8999999035624',NULL,NULL,'','',0,6325.6000000000,8500.0000000000,NULL,NULL,NULL,NULL,NULL,56,0,0,0,0,0,0,NULL,'',NULL,0,0,0,'2026-07-04 20:46:17',NULL,NULL,NULL,0,NULL,NULL,NULL,NULL,NULL,NULL,NULL,NULL,NULL,NULL,NULL,NULL,NULL,NULL,0,NULL,NULL,NULL,NULL,NULL,'',0,NULL,0,0,NULL,NULL,1,NULL,0,'2026-06-13 09:30:29',NULL,0,'','',0,NULL,NULL,NULL,0,0.0000000000,0,NULL,NULL,NULL,NULL,NULL,NULL,0,NULL,NULL);

--
-- Table structure for table `phppos_items_modifiers`
--

CREATE TABLE `phppos_items_modifiers` (
  `item_id` int(10) NOT NULL,
  `modifier_id` int(10) NOT NULL,
  PRIMARY KEY (`item_id`,`modifier_id`),
  KEY `phppos_items_modifiers_ibfk_1` (`modifier_id`),
  CONSTRAINT `phppos_items_modifiers_ibfk_1` FOREIGN KEY (`modifier_id`) REFERENCES `phppos_modifiers` (`id`),
  CONSTRAINT `phppos_items_modifiers_ibfk_2` FOREIGN KEY (`item_id`) REFERENCES `phppos_items` (`item_id`)
) ENGINE=InnoDB DEFAULT CHARSET=utf8mb3 COLLATE=utf8mb3_unicode_ci;

--
-- Dumping data for table `phppos_items_modifiers`
--


--
-- Table structure for table `phppos_items_pricing_history`
--

CREATE TABLE `phppos_items_pricing_history` (
  `id` int(11) NOT NULL AUTO_INCREMENT,
  `on_date` timestamp NOT NULL DEFAULT current_timestamp() ON UPDATE current_timestamp(),
  `employee_id` int(11) NOT NULL,
  `item_id` int(11) NOT NULL,
  `item_variation_id` int(11) DEFAULT NULL,
  `location_id` int(11) DEFAULT NULL,
  `unit_price` decimal(23,10) DEFAULT NULL,
  `cost_price` decimal(23,10) DEFAULT NULL,
  PRIMARY KEY (`id`),
  KEY `phppos_items_pricing_history_ibfk_1` (`item_id`),
  KEY `phppos_items_pricing_history_ibfk_2` (`item_variation_id`),
  KEY `phppos_items_pricing_history_ibfk_3` (`location_id`),
  KEY `phppos_items_pricing_history_ibfk_4` (`employee_id`),
  CONSTRAINT `phppos_items_pricing_history_ibfk_1` FOREIGN KEY (`item_id`) REFERENCES `phppos_items` (`item_id`),
  CONSTRAINT `phppos_items_pricing_history_ibfk_2` FOREIGN KEY (`item_variation_id`) REFERENCES `phppos_item_variations` (`id`),
  CONSTRAINT `phppos_items_pricing_history_ibfk_3` FOREIGN KEY (`location_id`) REFERENCES `phppos_locations` (`location_id`),
  CONSTRAINT `phppos_items_pricing_history_ibfk_4` FOREIGN KEY (`employee_id`) REFERENCES `phppos_employees` (`person_id`)
) ENGINE=InnoDB AUTO_INCREMENT=527 DEFAULT CHARSET=utf8mb3 COLLATE=utf8mb3_unicode_ci;

--
-- Dumping data for table `phppos_items_pricing_history`
--

INSERT INTO `phppos_items_pricing_history` VALUES (1,'2025-01-11 17:50:25',1,1,NULL,NULL,2375.0000000000,1767.4000000000),(2,'2025-01-11 17:52:40',1,3,NULL,NULL,10000.0000000000,7441.9000000000),(3,'2025-01-11 17:53:21',1,4,NULL,NULL,10000.0000000000,7441.9000000000),(4,'2025-01-11 17:53:37',1,5,NULL,NULL,10000.0000000000,7441.9000000000),(5,'2025-01-11 17:54:02',1,6,NULL,NULL,10000.0000000000,7441.9000000000),(6,'2025-01-11 17:56:02',1,7,NULL,NULL,10000.0000000000,7441.9000000000),(7,'2025-01-11 17:57:03',1,7,NULL,NULL,8500.0000000000,6325.6000000000),(8,'2025-01-11 18:03:47',1,8,NULL,NULL,2375.0000000000,1767.4000000000),(9,'2025-01-11 18:04:02',1,9,NULL,NULL,2375.0000000000,1767.4000000000),(10,'2025-01-11 18:04:24',1,10,NULL,NULL,2375.0000000000,1767.4000000000),(11,'2025-01-11 18:05:29',1,11,NULL,NULL,2375.0000000000,1767.4000000000),(12,'2025-01-11 18:06:24',1,11,NULL,NULL,2250.0000000000,1674.4000000000),(13,'2025-01-11 18:12:39',2,12,NULL,NULL,2250.0000000000,1674.4000000000),(14,'2025-01-11 18:24:14',2,13,NULL,NULL,2250.0000000000,1674.4000000000),(15,'2025-01-11 18:31:23',2,14,NULL,NULL,10000.0000000000,7441.9000000000),(16,'2025-01-11 18:44:33',2,12,NULL,NULL,NULL,1674.4000000000),(17,'2025-01-11 18:44:33',2,10,NULL,NULL,NULL,1767.4000000000),(18,'2025-01-11 18:44:33',2,11,NULL,NULL,NULL,1674.4000000000),(19,'2025-01-11 18:44:33',2,13,NULL,NULL,NULL,1674.4000000000),(20,'2025-01-11 18:44:33',2,9,NULL,NULL,NULL,1767.4000000000),(21,'2025-01-11 18:44:33',2,14,NULL,NULL,NULL,7441.9000000000),(22,'2025-01-11 18:44:33',2,4,NULL,NULL,NULL,7441.9000000000),(23,'2025-01-11 18:44:33',2,5,NULL,NULL,NULL,7441.9000000000),(24,'2025-01-11 18:44:33',2,7,NULL,NULL,NULL,6325.6000000000),(25,'2025-01-11 18:44:33',2,6,NULL,NULL,NULL,7441.9000000000),(26,'2025-01-11 18:44:33',2,1,NULL,NULL,NULL,1767.4000000000),(27,'2025-01-23 21:05:55',4,12,NULL,NULL,NULL,1674.4000000000),(28,'2025-01-23 22:01:20',4,19,NULL,NULL,NULL,0.0000000000),(29,'2025-01-23 22:03:29',4,3,NULL,NULL,NULL,7441.9000000000),(30,'2025-01-23 22:05:14',4,18,NULL,NULL,NULL,0.0000000000),(31,'2025-01-23 22:06:41',4,17,NULL,NULL,NULL,0.0000000000),(32,'2025-01-23 22:17:59',4,5,NULL,NULL,NULL,7441.9000000000),(33,'2025-01-23 22:56:10',2,19,NULL,NULL,2.0000000000,1674.4200000000),(34,'2025-01-23 22:57:20',2,18,NULL,NULL,8500.0000000000,6232.6000000000),(35,'2025-01-23 22:57:49',2,17,NULL,NULL,8500.0000000000,6232.6000000000),(36,'2025-01-23 22:58:24',2,19,NULL,NULL,2250.0000000000,1674.4200000000),(37,'2025-01-23 23:00:46',2,18,NULL,NULL,8500.0000000000,6325.6000000000),(38,'2025-01-23 23:01:14',2,17,NULL,NULL,8500.0000000000,6325.6000000000),(39,'2025-01-24 15:44:00',4,20,NULL,NULL,NULL,0.0000000000),(40,'2025-01-24 17:17:15',2,20,NULL,NULL,11000.0000000000,8186.0000000000),(41,'2025-01-24 17:22:15',2,21,NULL,NULL,8500.0000000000,6325.6000000000),(42,'2025-01-24 17:27:23',4,21,NULL,NULL,NULL,6325.6000000000),(43,'2025-01-27 19:49:59',4,10,NULL,NULL,NULL,1767.4000000000),(44,'2025-01-27 19:49:59',4,1,NULL,NULL,NULL,1767.4000000000),(45,'2025-01-28 17:24:34',4,22,NULL,NULL,NULL,0.0000000000),(46,'2025-01-29 00:45:39',2,22,NULL,NULL,2.0000000000,1674.4200000000),(47,'2025-01-29 22:00:16',2,22,NULL,NULL,2.0000000000,1674.4200000000),(48,'2025-01-29 22:00:42',2,22,NULL,NULL,2250.0000000000,1674.4200000000),(49,'2025-02-08 21:37:55',4,9,NULL,NULL,NULL,1767.4000000000),(50,'2025-02-08 21:37:55',4,10,NULL,NULL,NULL,1767.4000000000),(51,'2025-02-08 21:37:55',4,1,NULL,NULL,NULL,1767.4000000000),(52,'2025-02-08 21:37:55',4,12,NULL,NULL,NULL,1674.4000000000),(53,'2025-02-12 21:45:39',4,14,NULL,NULL,NULL,7441.9000000000),(54,'2025-02-18 21:36:05',4,9,NULL,NULL,NULL,1767.4000000000),(55,'2025-02-18 21:36:05',4,18,NULL,NULL,NULL,6325.6000000000),(56,'2025-02-18 21:36:05',4,13,NULL,NULL,NULL,1674.4000000000),(57,'2025-02-18 21:36:05',4,6,NULL,NULL,NULL,7441.9000000000),(58,'2025-02-18 21:36:05',4,1,NULL,NULL,NULL,1767.4000000000),(59,'2025-02-18 21:36:05',4,5,NULL,NULL,NULL,7441.9000000000),(60,'2025-02-18 21:36:05',4,11,NULL,NULL,NULL,1674.4000000000),(61,'2025-02-18 21:37:17',4,12,NULL,NULL,NULL,1674.4000000000),(62,'2025-02-18 21:37:57',4,12,NULL,NULL,NULL,1674.4000000000),(63,'2025-02-28 20:56:40',4,1,NULL,NULL,NULL,1767.4000000000),(64,'2025-02-28 20:56:40',4,9,NULL,NULL,NULL,1767.4000000000),(65,'2025-02-28 20:56:40',4,18,NULL,NULL,NULL,6325.6000000000),(66,'2025-02-28 20:56:40',4,6,NULL,NULL,NULL,7441.9000000000),(67,'2025-03-05 22:12:28',4,10,NULL,NULL,NULL,1767.4000000000),(68,'2025-03-05 22:12:28',4,9,NULL,NULL,NULL,1767.4000000000),(69,'2025-03-05 22:12:28',4,5,NULL,NULL,NULL,7441.9000000000),(70,'2025-03-05 22:12:28',4,1,NULL,NULL,NULL,1767.4000000000),(71,'2025-03-05 22:12:28',4,4,NULL,NULL,NULL,7441.9000000000),(72,'2025-03-05 22:12:28',4,6,NULL,NULL,NULL,7441.9000000000),(73,'2025-03-05 22:12:28',4,3,NULL,NULL,NULL,7441.9000000000),(74,'2025-03-11 18:08:50',4,18,NULL,NULL,NULL,6325.6000000000),(75,'2025-03-11 18:08:50',4,22,NULL,NULL,NULL,1674.4200000000),(76,'2025-03-18 21:13:27',4,18,NULL,NULL,NULL,6325.6000000000),(77,'2025-03-18 21:13:27',4,6,NULL,NULL,NULL,7441.9000000000),(78,'2025-03-18 21:13:27',4,13,NULL,NULL,NULL,1674.4000000000),(79,'2025-03-18 21:13:27',4,9,NULL,NULL,NULL,1767.4000000000),(80,'2025-03-18 21:13:27',4,11,NULL,NULL,NULL,1674.4000000000),(81,'2025-03-18 21:13:27',4,4,NULL,NULL,NULL,7441.9000000000),(82,'2025-03-18 21:13:27',4,19,NULL,NULL,NULL,1674.4200000000),(83,'2025-03-18 21:13:27',4,1,NULL,NULL,NULL,1767.4000000000),(84,'2025-03-28 19:50:06',4,6,NULL,NULL,NULL,7441.9000000000),(85,'2025-03-28 19:50:06',4,11,NULL,NULL,NULL,1674.4000000000),(86,'2025-03-28 19:50:06',4,13,NULL,NULL,NULL,1674.4000000000),(87,'2025-03-28 19:50:06',4,19,NULL,NULL,NULL,1674.4200000000),(88,'2025-03-28 19:50:06',4,5,NULL,NULL,NULL,7441.9000000000),(89,'2025-03-28 19:50:06',4,18,NULL,NULL,NULL,6325.6000000000),(90,'2025-03-28 19:50:06',4,10,NULL,NULL,NULL,1767.4000000000),(91,'2025-03-28 19:50:06',4,9,NULL,NULL,NULL,1767.4000000000),(92,'2025-03-28 19:50:06',4,4,NULL,NULL,NULL,7441.9000000000),(93,'2025-03-28 19:50:06',4,1,NULL,NULL,NULL,1767.4000000000),(94,'2025-04-10 21:22:45',4,9,NULL,NULL,NULL,1767.4000000000),(95,'2025-04-10 21:22:45',4,1,NULL,NULL,NULL,1767.4000000000),(96,'2025-04-10 21:22:45',4,19,NULL,NULL,NULL,1674.4200000000),(97,'2025-04-10 21:22:45',4,11,NULL,NULL,NULL,1674.4000000000),(98,'2025-04-10 21:22:45',4,22,NULL,NULL,NULL,1674.4200000000),(99,'2025-04-23 19:15:09',4,1,NULL,NULL,NULL,1767.4000000000),(100,'2025-04-23 19:15:09',4,9,NULL,NULL,NULL,1767.4000000000),(101,'2025-04-23 19:15:09',4,13,NULL,NULL,NULL,1674.4000000000),(102,'2025-04-23 19:15:09',4,11,NULL,NULL,NULL,1674.4000000000),(103,'2025-04-23 19:15:09',4,4,NULL,NULL,NULL,7441.9000000000),(104,'2025-05-06 20:34:05',4,1,NULL,NULL,NULL,1767.4000000000),(105,'2025-05-06 20:34:05',4,9,NULL,NULL,NULL,1767.4000000000),(106,'2025-05-06 20:34:05',4,22,NULL,NULL,NULL,1674.4200000000),(107,'2025-05-06 20:34:05',4,6,NULL,NULL,NULL,7441.9000000000),(108,'2025-05-17 17:23:14',4,18,NULL,NULL,NULL,6325.6000000000),(109,'2025-05-17 17:23:14',4,6,NULL,NULL,NULL,7441.9000000000),(110,'2025-05-17 17:23:14',4,9,NULL,NULL,NULL,1767.4000000000),(111,'2025-05-17 17:23:14',4,11,NULL,NULL,NULL,1674.4000000000),(112,'2025-05-17 17:23:14',4,1,NULL,NULL,NULL,1767.4000000000),(113,'2025-05-17 17:23:14',4,22,NULL,NULL,NULL,1674.4200000000),(114,'2025-05-27 18:22:15',4,11,NULL,NULL,NULL,1674.4000000000),(115,'2025-05-27 18:22:15',4,9,NULL,NULL,NULL,1767.4000000000),(116,'2025-05-27 18:22:15',4,22,NULL,NULL,NULL,1674.4200000000),(117,'2025-06-10 15:00:41',4,11,NULL,NULL,NULL,1674.4000000000),(118,'2025-06-10 15:00:41',4,18,NULL,NULL,NULL,6325.6000000000),(119,'2025-06-10 15:00:41',4,6,NULL,NULL,NULL,7441.9000000000),(120,'2025-06-10 15:00:41',4,22,NULL,NULL,NULL,1674.4200000000),(121,'2025-06-10 15:00:42',4,14,NULL,NULL,NULL,7441.9000000000),(122,'2025-06-10 15:06:41',4,23,NULL,NULL,NULL,0.0000000000),(123,'2025-06-11 17:32:51',2,23,NULL,NULL,12300.0000000000,9120.0000000000),(124,'2025-06-21 22:49:41',4,24,NULL,NULL,NULL,0.0000000000),(125,'2025-06-21 22:49:41',4,23,NULL,NULL,NULL,9120.0000000000),(126,'2025-06-21 22:49:41',4,25,NULL,NULL,NULL,0.0000000000),(127,'2025-06-21 22:49:41',4,1,NULL,NULL,NULL,1767.4000000000),(128,'2025-06-21 22:49:41',4,26,NULL,NULL,NULL,0.0000000000),(129,'2025-06-21 22:49:41',4,20,NULL,NULL,NULL,8186.0000000000),(130,'2025-06-21 22:55:42',4,28,NULL,NULL,NULL,0.0000000000),(131,'2025-06-21 23:05:03',2,26,NULL,NULL,2375.0000000000,1767.4000000000),(132,'2025-06-21 23:06:06',2,27,NULL,NULL,2375.0000000000,1767.4000000000),(133,'2025-06-22 00:07:36',2,28,NULL,NULL,2375.0000000000,1767.4000000000),(134,'2025-06-22 00:11:19',2,27,NULL,NULL,9000.0000000000,6697.7000000000),(135,'2025-06-26 23:41:06',2,25,NULL,NULL,11000.0000000000,8186.0000000000),(136,'2025-06-26 23:41:32',2,24,NULL,NULL,11000.0000000000,8186.0000000000),(137,'2025-07-02 23:13:09',4,22,NULL,NULL,NULL,1674.4200000000),(138,'2025-07-02 23:13:09',4,11,NULL,NULL,NULL,1674.4000000000),(139,'2025-07-02 23:13:09',4,27,NULL,NULL,NULL,6697.7000000000),(140,'2025-07-02 23:13:09',4,9,NULL,NULL,NULL,1767.4000000000),(141,'2025-07-02 23:13:09',4,28,NULL,NULL,NULL,1767.4000000000),(142,'2025-07-02 23:13:09',4,26,NULL,NULL,NULL,1767.4000000000),(143,'2025-07-02 23:13:09',4,6,NULL,NULL,NULL,7441.9000000000),(144,'2025-07-02 23:13:09',4,1,NULL,NULL,NULL,1767.4000000000),(145,'2025-07-02 23:18:18',4,29,NULL,NULL,NULL,0.0000000000),(146,'2025-07-03 17:42:48',2,29,NULL,NULL,10000.0000000000,7441.9000000000),(147,'2025-07-23 18:59:15',4,26,NULL,NULL,NULL,1767.4000000000),(148,'2025-07-23 18:59:15',4,22,NULL,NULL,NULL,1674.4200000000),(149,'2025-07-23 18:59:15',4,1,NULL,NULL,NULL,1767.4000000000),(150,'2025-07-23 18:59:15',4,28,NULL,NULL,NULL,1767.4000000000),(151,'2025-07-23 18:59:15',4,9,NULL,NULL,NULL,1767.4000000000),(152,'2025-07-23 18:59:15',4,11,NULL,NULL,NULL,1674.4000000000),(153,'2025-08-23 22:08:33',4,9,NULL,NULL,NULL,1767.4000000000),(154,'2025-08-23 22:08:33',4,10,NULL,NULL,NULL,1767.4000000000),(155,'2025-08-23 22:08:33',4,30,NULL,NULL,NULL,0.0000000000),(156,'2025-08-23 22:08:33',4,22,NULL,NULL,NULL,1674.4200000000),(157,'2025-08-23 22:08:33',4,11,NULL,NULL,NULL,1674.4000000000),(158,'2025-08-23 22:08:33',4,28,NULL,NULL,NULL,1767.4000000000),(159,'2025-08-23 22:08:33',4,31,NULL,NULL,NULL,0.0000000000),(160,'2025-08-23 22:08:33',4,1,NULL,NULL,NULL,1767.4000000000),(161,'2025-08-23 22:08:33',4,33,NULL,NULL,NULL,0.0000000000),(162,'2025-08-23 22:08:33',4,26,NULL,NULL,NULL,1767.4000000000),(163,'2025-08-23 22:08:33',4,34,NULL,NULL,NULL,0.0000000000),(164,'2025-08-23 22:08:33',4,32,NULL,NULL,NULL,0.0000000000),(165,'2025-08-23 22:52:31',2,33,NULL,NULL,10500.0000000000,8200.0000000000),(166,'2025-08-23 22:53:47',2,32,NULL,NULL,2375.0000000000,1767.4000000000),(167,'2025-08-23 22:56:35',2,35,NULL,NULL,2375.0000000000,1767.4000000000),(168,'2025-08-23 22:58:08',2,34,NULL,NULL,10500.0000000000,7627.9100000000),(169,'2025-08-23 22:59:17',2,31,NULL,NULL,10500.0000000000,7627.9100000000),(170,'2025-08-23 23:00:23',2,33,NULL,NULL,2375.0000000000,1767.4000000000),(171,'2025-08-23 23:03:13',2,4,NULL,NULL,10500.0000000000,7627.9100000000),(172,'2025-08-23 23:05:55',2,3,NULL,NULL,10500.0000000000,7627.9100000000),(173,'2025-08-23 23:07:29',4,4,NULL,NULL,NULL,7627.9100000000),(174,'2025-08-23 23:08:22',2,30,NULL,NULL,6500.0000000000,4651.1600000000),(175,'2025-09-04 23:09:15',4,14,NULL,NULL,NULL,7441.9000000000),(176,'2025-09-04 23:09:15',4,30,NULL,NULL,NULL,4651.1600000000),(177,'2025-09-04 23:09:15',4,4,NULL,NULL,NULL,7627.9100000000),(178,'2025-09-04 23:09:15',4,10,NULL,NULL,NULL,1767.4000000000),(179,'2025-09-04 23:09:15',4,31,NULL,NULL,NULL,7627.9100000000),(180,'2025-09-04 23:09:15',4,32,NULL,NULL,NULL,1767.4000000000),(181,'2025-09-04 23:09:15',4,9,NULL,NULL,NULL,1767.4000000000),(182,'2025-09-04 23:09:15',4,33,NULL,NULL,NULL,1767.4000000000),(183,'2025-09-04 23:09:15',4,34,NULL,NULL,NULL,7627.9100000000),(184,'2025-09-04 23:09:15',4,35,NULL,NULL,NULL,1767.4000000000),(185,'2025-09-04 23:09:15',4,1,NULL,NULL,NULL,1767.4000000000),(186,'2025-09-15 16:41:14',4,30,NULL,NULL,NULL,4651.1600000000),(187,'2025-09-15 16:41:14',4,11,NULL,NULL,NULL,1674.4000000000),(188,'2025-09-15 16:41:14',4,4,NULL,NULL,NULL,7627.9100000000),(189,'2025-09-15 16:41:14',4,32,NULL,NULL,NULL,1767.4000000000),(190,'2025-09-15 16:41:14',4,35,NULL,NULL,NULL,1767.4000000000),(191,'2025-09-15 16:41:14',4,1,NULL,NULL,NULL,1767.4000000000),(192,'2025-09-15 16:41:14',4,33,NULL,NULL,NULL,1767.4000000000),(193,'2025-09-15 16:41:14',4,31,NULL,NULL,NULL,7627.9100000000),(194,'2025-09-15 16:41:14',4,10,NULL,NULL,NULL,1767.4000000000),(195,'2025-09-17 20:15:17',2,29,NULL,NULL,10500.0000000000,7627.9100000000),(196,'2025-09-17 20:16:03',2,14,NULL,NULL,10500.0000000000,7627.9100000000),(197,'2025-09-17 20:16:53',2,6,NULL,NULL,10500.0000000000,7627.9100000000),(198,'2025-09-26 16:02:17',4,6,NULL,NULL,NULL,7627.9100000000),(199,'2025-09-26 16:02:17',4,4,NULL,NULL,NULL,7627.9100000000),(200,'2025-09-26 16:02:17',4,33,NULL,NULL,NULL,1767.4000000000),(201,'2025-09-26 16:02:17',4,31,NULL,NULL,NULL,7627.9100000000),(202,'2025-09-26 16:02:17',4,9,NULL,NULL,NULL,1767.4000000000),(203,'2025-09-26 16:02:17',4,35,NULL,NULL,NULL,1767.4000000000),(204,'2025-09-26 16:02:17',4,1,NULL,NULL,NULL,1767.4000000000),(205,'2025-09-26 16:02:17',4,32,NULL,NULL,NULL,1767.4000000000),(206,'2025-09-26 16:02:17',4,22,NULL,NULL,NULL,1674.4200000000),(207,'2025-09-26 16:02:17',4,25,NULL,NULL,NULL,8186.0000000000),(208,'2025-10-02 21:03:53',4,4,NULL,NULL,NULL,7627.9100000000),(209,'2025-10-02 21:03:53',4,30,NULL,NULL,NULL,4651.1600000000),(210,'2025-10-02 21:03:53',4,32,NULL,NULL,NULL,1767.4000000000),(211,'2025-10-02 21:03:53',4,1,NULL,NULL,NULL,1767.4000000000),(212,'2025-10-02 21:03:53',4,9,NULL,NULL,NULL,1767.4000000000),(213,'2025-10-02 21:03:53',4,31,NULL,NULL,NULL,7627.9100000000),(214,'2025-10-02 21:03:53',4,35,NULL,NULL,NULL,1767.4000000000),(215,'2025-10-02 21:03:53',4,33,NULL,NULL,NULL,1767.4000000000),(216,'2025-10-13 15:43:06',4,23,NULL,NULL,NULL,9120.0000000000),(217,'2025-10-13 15:43:06',4,25,NULL,NULL,NULL,8186.0000000000),(218,'2025-10-13 15:43:06',4,4,NULL,NULL,NULL,7627.9100000000),(219,'2025-10-13 15:43:06',4,34,NULL,NULL,NULL,7627.9100000000),(220,'2025-10-13 15:43:06',4,1,NULL,NULL,NULL,1767.4000000000),(221,'2025-10-13 15:43:06',4,33,NULL,NULL,NULL,1767.4000000000),(222,'2025-10-13 15:43:06',4,22,NULL,NULL,NULL,1674.4200000000),(223,'2025-10-13 15:43:06',4,35,NULL,NULL,NULL,1767.4000000000),(224,'2025-10-13 15:43:06',4,10,NULL,NULL,NULL,1767.4000000000),(225,'2025-10-20 15:52:07',4,35,NULL,NULL,NULL,1767.4000000000),(226,'2025-10-20 15:52:07',4,22,NULL,NULL,NULL,1674.4200000000),(227,'2025-10-20 15:52:07',4,23,NULL,NULL,NULL,9120.0000000000),(228,'2025-10-20 15:52:07',4,10,NULL,NULL,NULL,1767.4000000000),(229,'2025-10-20 15:52:07',4,25,NULL,NULL,NULL,8186.0000000000),(230,'2025-10-20 15:52:07',4,33,NULL,NULL,NULL,1767.4000000000),(231,'2025-10-20 15:52:07',4,1,NULL,NULL,NULL,1767.4000000000),(232,'2025-10-24 21:34:52',4,31,NULL,NULL,NULL,7627.9100000000),(233,'2025-10-24 21:34:52',4,4,NULL,NULL,NULL,7627.9100000000),(234,'2025-10-24 21:34:52',4,11,NULL,NULL,NULL,1674.4000000000),(235,'2025-10-24 21:34:52',4,35,NULL,NULL,NULL,1767.4000000000),(236,'2025-10-24 21:34:52',4,25,NULL,NULL,NULL,8186.0000000000),(237,'2025-10-24 21:34:52',4,1,NULL,NULL,NULL,1767.4000000000),(238,'2025-10-24 21:34:52',4,33,NULL,NULL,NULL,1767.4000000000),(239,'2025-10-24 21:34:52',4,34,NULL,NULL,NULL,7627.9100000000),(240,'2025-10-24 21:34:52',4,22,NULL,NULL,NULL,1674.4200000000),(241,'2025-10-24 21:34:52',4,10,NULL,NULL,NULL,1767.4000000000),(242,'2025-10-24 21:34:52',4,18,NULL,NULL,NULL,6325.6000000000),(243,'2025-10-24 21:38:50',4,37,NULL,NULL,NULL,0.0000000000),(244,'2025-10-25 01:00:00',2,37,NULL,NULL,8500.0000000000,6325.6000000000),(245,'2025-10-27 20:53:15',4,1,NULL,NULL,NULL,1767.4000000000),(246,'2025-10-27 21:17:13',4,33,NULL,NULL,NULL,1767.4000000000),(247,'2025-10-31 16:23:19',4,30,NULL,NULL,NULL,4651.1600000000),(248,'2025-10-31 16:23:19',4,37,NULL,NULL,NULL,6325.6000000000),(249,'2025-10-31 16:23:19',4,25,NULL,NULL,NULL,8186.0000000000),(250,'2025-10-31 16:23:19',4,35,NULL,NULL,NULL,1767.4000000000),(251,'2025-10-31 16:23:19',4,31,NULL,NULL,NULL,7627.9100000000),(252,'2025-10-31 16:23:19',4,33,NULL,NULL,NULL,1767.4000000000),(253,'2025-10-31 16:23:19',4,23,NULL,NULL,NULL,9120.0000000000),(254,'2025-10-31 16:23:19',4,34,NULL,NULL,NULL,7627.9100000000),(255,'2025-10-31 16:23:19',4,1,NULL,NULL,NULL,1767.4000000000),(256,'2025-10-31 16:23:19',4,4,NULL,NULL,NULL,7627.9100000000),(257,'2025-10-31 16:23:19',4,11,NULL,NULL,NULL,1674.4000000000),(258,'2025-10-31 16:23:19',4,10,NULL,NULL,NULL,1767.4000000000),(259,'2025-11-03 18:06:27',4,1,NULL,NULL,NULL,1767.4000000000),(260,'2025-11-10 19:36:14',4,34,NULL,NULL,NULL,7627.9100000000),(261,'2025-11-10 19:36:14',4,22,NULL,NULL,NULL,1674.4200000000),(262,'2025-11-10 19:36:14',4,4,NULL,NULL,NULL,7627.9100000000),(263,'2025-11-10 19:36:14',4,25,NULL,NULL,NULL,8186.0000000000),(264,'2025-11-10 19:36:14',4,30,NULL,NULL,NULL,4651.1600000000),(265,'2025-11-10 19:36:14',4,31,NULL,NULL,NULL,7627.9100000000),(266,'2025-11-10 19:36:14',4,37,NULL,NULL,NULL,6325.6000000000),(267,'2025-11-10 19:36:14',4,11,NULL,NULL,NULL,1674.4000000000),(268,'2025-11-10 19:36:14',4,35,NULL,NULL,NULL,1767.4000000000),(269,'2025-11-10 19:36:14',4,18,NULL,NULL,NULL,6325.6000000000),(270,'2025-11-10 19:36:14',4,10,NULL,NULL,NULL,1767.4000000000),(271,'2025-11-10 19:36:14',4,33,NULL,NULL,NULL,1767.4000000000),(272,'2025-11-10 19:38:59',4,1,NULL,NULL,NULL,1767.4000000000),(273,'2025-11-17 19:40:41',4,38,NULL,NULL,NULL,0.0000000000),(274,'2025-11-17 19:40:41',4,40,NULL,NULL,NULL,0.0000000000),(275,'2025-11-17 19:40:41',4,32,NULL,NULL,NULL,1767.4000000000),(276,'2025-11-17 19:42:53',4,41,NULL,NULL,NULL,0.0000000000),(277,'2025-11-17 22:15:54',2,40,NULL,NULL,2375.0000000000,1767.4000000000),(278,'2025-11-17 22:18:20',2,38,NULL,NULL,2375.0000000000,1767.4000000000),(279,'2025-11-17 22:19:22',2,41,NULL,NULL,10500.0000000000,7627.9100000000),(280,'2025-11-22 00:01:59',4,11,NULL,NULL,NULL,1674.4000000000),(281,'2025-11-22 00:01:59',4,4,NULL,NULL,NULL,7627.9100000000),(282,'2025-11-22 00:02:00',4,18,NULL,NULL,NULL,6325.6000000000),(283,'2025-11-22 00:02:00',4,41,NULL,NULL,NULL,7627.9100000000),(284,'2025-11-22 00:02:00',4,37,NULL,NULL,NULL,6325.6000000000),(285,'2025-11-22 00:02:00',4,38,NULL,NULL,NULL,1767.4000000000),(286,'2025-11-22 00:02:00',4,30,NULL,NULL,NULL,4651.1600000000),(287,'2025-11-22 00:02:00',4,1,NULL,NULL,NULL,1767.4000000000),(288,'2025-11-22 00:02:00',4,35,NULL,NULL,NULL,1767.4000000000),(289,'2025-11-22 00:02:00',4,10,NULL,NULL,NULL,1767.4000000000),(290,'2025-11-22 00:02:00',4,34,NULL,NULL,NULL,7627.9100000000),(291,'2025-11-27 17:17:28',4,33,NULL,NULL,NULL,1767.4000000000),(292,'2025-11-27 17:17:28',4,32,NULL,NULL,NULL,1767.4000000000),(293,'2025-11-27 17:17:28',4,38,NULL,NULL,NULL,1767.4000000000),(294,'2025-11-27 17:17:28',4,40,NULL,NULL,NULL,1767.4000000000),(295,'2025-11-27 17:17:28',4,11,NULL,NULL,NULL,1674.4000000000),(296,'2025-11-27 17:17:28',4,4,NULL,NULL,NULL,7627.9100000000),(297,'2025-11-27 17:17:28',4,22,NULL,NULL,NULL,1674.4200000000),(298,'2025-11-27 17:17:28',4,10,NULL,NULL,NULL,1767.4000000000),(299,'2025-11-27 17:17:28',4,41,NULL,NULL,NULL,7627.9100000000),(300,'2025-11-27 17:17:28',4,35,NULL,NULL,NULL,1767.4000000000),(301,'2025-12-01 23:32:01',4,25,NULL,NULL,NULL,8186.0000000000),(302,'2025-12-05 20:38:10',4,11,NULL,NULL,NULL,1674.4000000000),(303,'2025-12-05 20:38:10',4,4,NULL,NULL,NULL,7627.9100000000),(304,'2025-12-05 20:38:10',4,22,NULL,NULL,NULL,1674.4200000000),(305,'2025-12-05 20:38:10',4,33,NULL,NULL,NULL,1767.4000000000),(306,'2025-12-05 20:38:10',4,32,NULL,NULL,NULL,1767.4000000000),(307,'2025-12-05 20:38:10',4,40,NULL,NULL,NULL,1767.4000000000),(308,'2025-12-05 20:38:10',4,41,NULL,NULL,NULL,7627.9100000000),(309,'2025-12-05 20:38:10',4,38,NULL,NULL,NULL,1767.4000000000),(310,'2025-12-05 20:38:10',4,1,NULL,NULL,NULL,1767.4000000000),(311,'2025-12-05 20:38:10',4,10,NULL,NULL,NULL,1767.4000000000),(312,'2025-12-16 22:37:27',4,18,NULL,NULL,NULL,6325.6000000000),(313,'2025-12-16 22:37:27',4,41,NULL,NULL,NULL,7627.9100000000),(314,'2025-12-16 22:37:27',4,31,NULL,NULL,NULL,7627.9100000000),(315,'2025-12-16 22:37:27',4,38,NULL,NULL,NULL,1767.4000000000),(316,'2025-12-16 22:37:27',4,33,NULL,NULL,NULL,1767.4000000000),(317,'2025-12-16 22:37:27',4,22,NULL,NULL,NULL,1674.4200000000),(318,'2025-12-16 22:37:27',4,40,NULL,NULL,NULL,1767.4000000000),(319,'2025-12-16 22:37:27',4,32,NULL,NULL,NULL,1767.4000000000),(320,'2025-12-16 22:37:27',4,11,NULL,NULL,NULL,1674.4000000000),(321,'2025-12-16 22:37:27',4,10,NULL,NULL,NULL,1767.4000000000),(322,'2025-12-16 22:37:27',4,4,NULL,NULL,NULL,7627.9100000000),(323,'2025-12-16 22:37:27',4,35,NULL,NULL,NULL,1767.4000000000),(324,'2025-12-16 22:37:27',4,37,NULL,NULL,NULL,6325.6000000000),(325,'2026-02-09 19:36:13',4,4,NULL,NULL,NULL,7627.9100000000),(326,'2026-02-09 19:36:14',4,40,NULL,NULL,NULL,1767.4000000000),(327,'2026-02-09 19:36:14',4,18,NULL,NULL,NULL,6325.6000000000),(328,'2026-02-09 19:36:14',4,10,NULL,NULL,NULL,1767.4000000000),(329,'2026-02-09 19:36:14',4,37,NULL,NULL,NULL,6325.6000000000),(330,'2026-02-09 19:36:14',4,33,NULL,NULL,NULL,1767.4000000000),(331,'2026-02-09 19:36:14',4,32,NULL,NULL,NULL,1767.4000000000),(332,'2026-02-09 19:36:14',4,21,NULL,NULL,NULL,6325.6000000000),(333,'2026-02-09 19:36:14',4,30,NULL,NULL,NULL,4651.1600000000),(334,'2026-02-09 19:36:14',4,6,NULL,NULL,NULL,7627.9100000000),(335,'2026-02-09 19:36:14',4,35,NULL,NULL,NULL,1767.4000000000),(336,'2026-02-09 19:36:14',4,22,NULL,NULL,NULL,1674.4200000000),(337,'2026-02-09 19:36:14',4,25,NULL,NULL,NULL,8186.0000000000),(338,'2026-02-09 19:46:14',4,34,NULL,NULL,NULL,7627.9100000000),(339,'2026-02-09 19:46:14',4,10,NULL,NULL,NULL,1767.4000000000),(340,'2026-02-09 19:46:14',4,22,NULL,NULL,NULL,1674.4200000000),(341,'2026-02-09 19:46:14',4,11,NULL,NULL,NULL,1674.4000000000),(342,'2026-02-09 19:46:14',4,40,NULL,NULL,NULL,1767.4000000000),(343,'2026-02-09 19:46:14',4,35,NULL,NULL,NULL,1767.4000000000),(344,'2026-02-09 19:46:14',4,41,NULL,NULL,NULL,7627.9100000000),(345,'2026-02-09 19:46:14',4,32,NULL,NULL,NULL,1767.4000000000),(346,'2026-02-09 19:46:14',4,31,NULL,NULL,NULL,7627.9100000000),(347,'2026-02-09 19:46:14',4,38,NULL,NULL,NULL,1767.4000000000),(348,'2026-02-09 19:46:14',4,4,NULL,NULL,NULL,7627.9100000000),(349,'2026-02-09 19:51:42',4,10,NULL,NULL,NULL,1767.4000000000),(350,'2026-02-09 19:51:42',4,4,NULL,NULL,NULL,7627.9100000000),(351,'2026-02-09 19:51:42',4,11,NULL,NULL,NULL,1674.4000000000),(352,'2026-02-09 19:51:42',4,18,NULL,NULL,NULL,6325.6000000000),(353,'2026-02-09 19:51:42',4,40,NULL,NULL,NULL,1767.4000000000),(354,'2026-02-09 19:51:42',4,32,NULL,NULL,NULL,1767.4000000000),(355,'2026-02-09 19:56:19',4,4,NULL,NULL,NULL,7627.9100000000),(356,'2026-02-09 19:56:19',4,38,NULL,NULL,NULL,1767.4000000000),(357,'2026-02-09 19:56:19',4,35,NULL,NULL,NULL,1767.4000000000),(358,'2026-02-09 19:56:19',4,34,NULL,NULL,NULL,7627.9100000000),(359,'2026-02-09 19:56:19',4,40,NULL,NULL,NULL,1767.4000000000),(360,'2026-02-09 19:56:19',4,22,NULL,NULL,NULL,1674.4200000000),(361,'2026-02-09 19:56:19',4,32,NULL,NULL,NULL,1767.4000000000),(362,'2026-02-09 19:56:19',4,31,NULL,NULL,NULL,7627.9100000000),(363,'2026-02-09 20:01:39',4,31,NULL,NULL,NULL,7627.9100000000),(364,'2026-02-09 20:01:39',4,38,NULL,NULL,NULL,1767.4000000000),(365,'2026-02-09 20:01:39',4,40,NULL,NULL,NULL,1767.4000000000),(366,'2026-02-09 20:01:39',4,4,NULL,NULL,NULL,7627.9100000000),(367,'2026-02-09 20:01:39',4,32,NULL,NULL,NULL,1767.4000000000),(368,'2026-02-09 20:01:39',4,34,NULL,NULL,NULL,7627.9100000000),(369,'2026-02-09 20:01:39',4,35,NULL,NULL,NULL,1767.4000000000),(370,'2026-02-09 20:11:01',4,18,NULL,NULL,NULL,6325.6000000000),(371,'2026-02-09 20:11:01',4,4,NULL,NULL,NULL,7627.9100000000),(372,'2026-02-09 20:11:01',4,41,NULL,NULL,NULL,7627.9100000000),(373,'2026-02-09 20:11:01',4,40,NULL,NULL,NULL,1767.4000000000),(374,'2026-02-09 20:11:01',4,35,NULL,NULL,NULL,1767.4000000000),(375,'2026-02-09 20:11:01',4,32,NULL,NULL,NULL,1767.4000000000),(376,'2026-02-09 20:18:02',4,40,NULL,NULL,NULL,1767.4000000000),(377,'2026-02-09 20:18:02',4,31,NULL,NULL,NULL,7627.9100000000),(378,'2026-02-09 20:18:02',4,4,NULL,NULL,NULL,7627.9100000000),(379,'2026-02-09 20:18:02',4,18,NULL,NULL,NULL,6325.6000000000),(380,'2026-02-09 20:18:02',4,38,NULL,NULL,NULL,1767.4000000000),(381,'2026-02-09 20:18:02',4,32,NULL,NULL,NULL,1767.4000000000),(382,'2026-02-09 20:18:02',4,41,NULL,NULL,NULL,7627.9100000000),(383,'2026-02-11 19:09:15',4,18,NULL,NULL,NULL,6325.6000000000),(384,'2026-02-11 19:09:15',4,40,NULL,NULL,NULL,1767.4000000000),(385,'2026-02-11 19:09:15',4,37,NULL,NULL,NULL,6325.6000000000),(386,'2026-02-11 19:09:15',4,31,NULL,NULL,NULL,7627.9100000000),(387,'2026-02-11 19:09:15',4,22,NULL,NULL,NULL,1674.4200000000),(388,'2026-02-13 17:40:58',4,40,NULL,NULL,NULL,1767.4000000000),(389,'2026-02-13 17:40:58',4,33,NULL,NULL,NULL,1767.4000000000),(390,'2026-02-13 17:40:58',4,18,NULL,NULL,NULL,6325.6000000000),(391,'2026-02-13 17:40:58',4,22,NULL,NULL,NULL,1674.4200000000),(392,'2026-02-23 21:02:07',4,42,NULL,NULL,NULL,0.0000000000),(393,'2026-02-25 02:35:17',2,42,NULL,NULL,11000.0000000000,8130.0000000000),(394,'2026-02-25 02:36:02',2,42,NULL,NULL,10570.0000000000,8130.0000000000),(395,'2026-02-25 22:19:33',4,33,NULL,NULL,NULL,1767.4000000000),(396,'2026-02-25 22:19:33',4,11,NULL,NULL,NULL,1674.4000000000),(397,'2026-02-25 22:19:33',4,34,NULL,NULL,NULL,7627.9100000000),(398,'2026-02-25 22:19:33',4,37,NULL,NULL,NULL,6325.6000000000),(399,'2026-02-25 22:19:33',4,40,NULL,NULL,NULL,1767.4000000000),(400,'2026-02-25 22:19:33',4,18,NULL,NULL,NULL,6325.6000000000),(401,'2026-02-25 22:19:33',4,31,NULL,NULL,NULL,7627.9100000000),(402,'2026-03-02 22:47:05',4,40,NULL,NULL,NULL,1767.4000000000),(403,'2026-03-02 22:47:05',4,37,NULL,NULL,NULL,6325.6000000000),(404,'2026-03-02 22:47:05',4,3,NULL,NULL,NULL,7627.9100000000),(405,'2026-03-02 22:47:05',4,11,NULL,NULL,NULL,1674.4000000000),(406,'2026-03-02 22:47:05',4,18,NULL,NULL,NULL,6325.6000000000),(407,'2026-03-02 22:47:05',4,32,NULL,NULL,NULL,1767.4000000000),(408,'2026-03-02 22:47:05',4,31,NULL,NULL,NULL,7627.9100000000),(409,'2026-03-02 22:47:05',4,34,NULL,NULL,NULL,7627.9100000000),(410,'2026-03-02 22:47:05',4,22,NULL,NULL,NULL,1674.4200000000),(411,'2026-03-03 18:54:58',2,45,NULL,NULL,10570.0000000000,8130.0000000000),(412,'2026-03-03 18:55:32',2,43,NULL,NULL,10570.0000000000,8130.0000000000),(413,'2026-03-03 18:56:22',2,44,NULL,NULL,10570.0000000000,8130.0000000000),(414,'2026-03-24 21:01:15',4,43,NULL,NULL,NULL,8130.0000000000),(415,'2026-03-24 21:01:15',4,45,NULL,NULL,NULL,8130.0000000000),(416,'2026-03-24 21:01:15',4,44,NULL,NULL,NULL,8130.0000000000),(417,'2026-03-24 21:04:00',4,47,NULL,NULL,NULL,0.0000000000),(418,'2026-03-24 21:04:00',4,46,NULL,NULL,NULL,0.0000000000),(419,'2026-03-24 21:22:37',2,47,NULL,NULL,10570.0000000000,8130.0000000000),(420,'2026-03-24 21:23:13',2,46,NULL,NULL,10570.0000000000,8130.0000000000),(421,'2026-04-02 16:17:40',4,1,NULL,NULL,NULL,1767.4000000000),(422,'2026-04-02 16:17:40',4,9,NULL,NULL,NULL,1767.4000000000),(423,'2026-04-02 16:17:40',4,26,NULL,NULL,NULL,1767.4000000000),(424,'2026-04-02 16:17:40',4,28,NULL,NULL,NULL,1767.4000000000),(425,'2026-04-02 16:17:40',4,27,NULL,NULL,NULL,6697.7000000000),(426,'2026-04-02 16:24:52',4,18,NULL,NULL,NULL,6325.6000000000),(427,'2026-04-02 16:24:52',4,33,NULL,NULL,NULL,1767.4000000000),(428,'2026-04-02 16:24:52',4,22,NULL,NULL,NULL,1674.4200000000),(429,'2026-04-02 16:24:52',4,37,NULL,NULL,NULL,6325.6000000000),(430,'2026-04-02 16:29:29',4,34,NULL,NULL,NULL,7627.9100000000),(431,'2026-04-28 15:19:34',4,1,NULL,NULL,NULL,1767.4000000000),(432,'2026-04-28 15:19:34',4,9,NULL,NULL,NULL,1767.4000000000),(433,'2026-04-28 15:19:34',4,28,NULL,NULL,NULL,1767.4000000000),(434,'2026-04-28 15:19:34',4,34,NULL,NULL,NULL,7627.9100000000),(435,'2026-05-05 22:11:43',4,1,NULL,NULL,NULL,1767.4000000000),(436,'2026-05-05 22:11:43',4,9,NULL,NULL,NULL,1767.4000000000),(437,'2026-05-05 22:11:43',4,26,NULL,NULL,NULL,1767.4000000000),(438,'2026-05-05 22:11:43',4,27,NULL,NULL,NULL,6697.7000000000),(439,'2026-05-09 18:38:56',2,23,NULL,NULL,12750.0000000000,9800.0000000000),(440,'2026-05-09 18:39:30',2,20,NULL,NULL,11700.0000000000,9000.0000000000),(441,'2026-05-09 18:39:46',2,25,NULL,NULL,11700.0000000000,9000.0000000000),(442,'2026-05-09 18:40:33',2,24,NULL,NULL,11500.0000000000,8186.0000000000),(443,'2026-05-09 18:40:52',2,24,NULL,NULL,11500.0000000000,9000.0000000000),(444,'2026-05-09 18:41:02',2,25,NULL,NULL,11500.0000000000,9000.0000000000),(445,'2026-05-09 18:41:12',2,20,NULL,NULL,11500.0000000000,9000.0000000000),(446,'2026-05-09 18:41:50',2,23,NULL,NULL,12500.0000000000,9800.0000000000),(447,'2026-05-09 18:43:48',2,48,NULL,NULL,12500.0000000000,9800.0000000000),(448,'2026-05-09 18:46:10',2,49,NULL,NULL,12500.0000000000,9800.0000000000),(449,'2026-05-09 18:48:29',2,50,NULL,NULL,7650.0000000000,6000.0000000000),(450,'2026-05-09 18:50:09',2,51,NULL,NULL,12500.0000000000,10000.0000000000),(451,'2026-05-09 18:51:23',2,52,NULL,NULL,12500.0000000000,10000.0000000000),(452,'2026-05-09 19:21:37',2,14,NULL,NULL,10800.0000000000,7627.9100000000),(453,'2026-05-09 19:21:47',2,14,NULL,NULL,10800.0000000000,8500.0000000000),(454,'2026-05-09 21:51:10',2,52,NULL,NULL,12000.0000000000,9500.0000000000),(455,'2026-05-09 21:51:32',2,51,NULL,NULL,12000.0000000000,9500.0000000000),(456,'2026-05-15 17:54:43',4,25,NULL,NULL,NULL,9000.0000000000),(457,'2026-05-15 17:54:43',4,1,NULL,NULL,NULL,1767.4000000000),(458,'2026-05-15 17:54:43',4,51,NULL,NULL,NULL,9500.0000000000),(459,'2026-05-15 17:54:43',4,52,NULL,NULL,NULL,9500.0000000000),(460,'2026-05-15 17:54:43',4,20,NULL,NULL,NULL,9000.0000000000),(461,'2026-05-15 17:54:43',4,49,NULL,NULL,NULL,9800.0000000000),(462,'2026-05-15 17:54:43',4,9,NULL,NULL,NULL,1767.4000000000),(463,'2026-05-15 17:54:43',4,14,NULL,NULL,NULL,8500.0000000000),(464,'2026-05-15 17:54:43',4,23,NULL,NULL,NULL,9800.0000000000),(465,'2026-05-17 04:08:58',2,53,NULL,NULL,10800.0000000000,8509.0000000000),(466,'2026-05-17 04:09:06',2,53,NULL,NULL,10800.0000000000,8500.0000000000),(467,'2026-05-31 22:43:55',4,9,NULL,NULL,NULL,1767.4000000000),(468,'2026-05-31 22:43:55',4,11,NULL,NULL,NULL,1674.4000000000),(469,'2026-05-31 22:43:55',4,52,NULL,NULL,NULL,9500.0000000000),(470,'2026-05-31 22:43:55',4,50,NULL,NULL,NULL,6000.0000000000),(471,'2026-05-31 22:43:55',4,18,NULL,NULL,NULL,6325.6000000000),(472,'2026-05-31 22:43:55',4,22,NULL,NULL,NULL,1674.4200000000),(473,'2026-05-31 22:43:55',4,1,NULL,NULL,NULL,1767.4000000000),(474,'2026-05-31 22:43:55',4,14,NULL,NULL,NULL,8500.0000000000),(475,'2026-05-31 22:43:55',4,53,NULL,NULL,NULL,8500.0000000000),(476,'2026-06-03 20:05:14',2,54,NULL,NULL,4000.0000000000,3103.0000000000),(477,'2026-06-03 20:07:34',2,55,NULL,NULL,2300.0000000000,1726.0000000000),(478,'2026-06-12 21:42:50',4,50,NULL,NULL,NULL,6000.0000000000),(479,'2026-06-12 21:42:50',4,9,NULL,NULL,NULL,1767.4000000000),(480,'2026-06-12 21:42:50',4,37,NULL,NULL,NULL,6325.6000000000),(481,'2026-06-12 21:42:50',4,1,NULL,NULL,NULL,1767.4000000000),(482,'2026-06-12 21:42:50',4,22,NULL,NULL,NULL,1674.4200000000),(483,'2026-06-13 09:30:29',2,56,NULL,NULL,8500.0000000000,6325.6000000000),(484,'2026-06-14 19:39:47',4,54,NULL,NULL,NULL,3103.0000000000),(485,'2026-06-14 19:39:48',4,55,NULL,NULL,NULL,1726.0000000000),(486,'2026-06-15 15:35:24',4,56,NULL,NULL,NULL,6325.6000000000),(487,'2026-06-15 15:35:24',4,22,NULL,NULL,NULL,1674.4200000000),(488,'2026-06-15 15:35:24',4,37,NULL,NULL,NULL,6325.6000000000),(489,'2026-06-15 15:35:24',4,24,NULL,NULL,NULL,9000.0000000000),(490,'2026-06-15 15:35:24',4,11,NULL,NULL,NULL,1674.4000000000),(491,'2026-06-15 15:35:24',4,1,NULL,NULL,NULL,1767.4000000000),(492,'2026-06-15 15:35:25',4,18,NULL,NULL,NULL,6325.6000000000),(493,'2026-06-18 16:34:30',4,14,NULL,NULL,NULL,8500.0000000000),(494,'2026-06-18 16:34:30',4,11,NULL,NULL,NULL,1674.4000000000),(495,'2026-06-18 16:34:30',4,18,NULL,NULL,NULL,6325.6000000000),(496,'2026-06-18 16:34:30',4,52,NULL,NULL,NULL,9500.0000000000),(497,'2026-06-18 16:34:30',4,9,NULL,NULL,NULL,1767.4000000000),(498,'2026-06-18 16:34:30',4,37,NULL,NULL,NULL,6325.6000000000),(499,'2026-06-18 16:34:30',4,51,NULL,NULL,NULL,9500.0000000000),(500,'2026-06-18 16:34:30',4,1,NULL,NULL,NULL,1767.4000000000),(501,'2026-06-18 16:34:30',4,50,NULL,NULL,NULL,6000.0000000000),(502,'2026-07-01 17:19:09',4,50,NULL,NULL,NULL,6000.0000000000),(503,'2026-07-01 17:19:10',4,48,NULL,NULL,NULL,9800.0000000000),(504,'2026-07-01 17:19:10',4,1,NULL,NULL,NULL,1767.4000000000),(505,'2026-07-01 17:19:10',4,22,NULL,NULL,NULL,1674.4200000000),(506,'2026-07-01 17:19:10',4,37,NULL,NULL,NULL,6325.6000000000),(507,'2026-07-01 17:19:10',4,18,NULL,NULL,NULL,6325.6000000000),(508,'2026-07-01 17:19:10',4,23,NULL,NULL,NULL,9800.0000000000),(509,'2026-07-01 17:19:10',4,14,NULL,NULL,NULL,8500.0000000000),(510,'2026-07-01 17:19:10',4,25,NULL,NULL,NULL,9000.0000000000),(511,'2026-07-01 17:19:10',4,11,NULL,NULL,NULL,1674.4000000000),(512,'2026-07-01 17:19:10',4,9,NULL,NULL,NULL,1767.4000000000),(513,'2026-07-15 21:09:22',4,42,NULL,NULL,NULL,8130.0000000000),(514,'2026-07-15 21:09:22',4,44,NULL,NULL,NULL,8130.0000000000),(515,'2026-07-15 21:09:22',4,47,NULL,NULL,NULL,8130.0000000000),(516,'2026-07-16 18:36:00',4,18,NULL,NULL,NULL,6325.6000000000),(517,'2026-07-16 18:36:00',4,28,NULL,NULL,NULL,1767.4000000000),(518,'2026-07-16 18:36:00',4,48,NULL,NULL,NULL,9800.0000000000),(519,'2026-07-16 18:36:00',4,1,NULL,NULL,NULL,1767.4000000000),(520,'2026-07-16 18:36:00',4,27,NULL,NULL,NULL,6697.7000000000),(521,'2026-07-16 18:36:00',4,14,NULL,NULL,NULL,8500.0000000000),(522,'2026-07-16 18:36:00',4,23,NULL,NULL,NULL,9800.0000000000),(523,'2026-07-16 18:36:00',4,37,NULL,NULL,NULL,6325.6000000000),(524,'2026-07-16 18:36:00',4,9,NULL,NULL,NULL,1767.4000000000),(525,'2026-07-16 18:36:00',4,26,NULL,NULL,NULL,1767.4000000000),(526,'2026-07-17 12:00:15',2,54,NULL,NULL,NULL,3103.0000000000);

--
-- Table structure for table `phppos_items_quantity_units`
--

CREATE TABLE `phppos_items_quantity_units` (
  `id` int(11) NOT NULL AUTO_INCREMENT,
  `item_id` int(11) NOT NULL,
  `unit_name` varchar(255) NOT NULL,
  `unit_quantity` decimal(23,10) NOT NULL,
  `unit_price` decimal(23,10) DEFAULT NULL,
  `cost_price` decimal(23,10) DEFAULT NULL,
  `quantity_unit_item_number` varchar(255) DEFAULT NULL,
  `default_for_sale` int(1) DEFAULT 0,
  `default_for_recv` int(1) DEFAULT 0,
  PRIMARY KEY (`id`),
  UNIQUE KEY `quantity_unit_item_number` (`quantity_unit_item_number`),
  KEY `phppos_items_quantity_units_ibfk_1` (`item_id`),
  KEY `default_for_sale` (`default_for_sale`),
  KEY `default_for_recv` (`default_for_recv`),
  CONSTRAINT `phppos_items_quantity_units_ibfk_1` FOREIGN KEY (`item_id`) REFERENCES `phppos_items` (`item_id`)
) ENGINE=InnoDB DEFAULT CHARSET=utf8mb3 COLLATE=utf8mb3_unicode_ci;

--
-- Dumping data for table `phppos_items_quantity_units`
--


--
-- Table structure for table `phppos_items_secondary_categories`
--

CREATE TABLE `phppos_items_secondary_categories` (
  `id` int(10) NOT NULL AUTO_INCREMENT,
  `item_id` int(10) NOT NULL,
  `category_id` int(10) NOT NULL,
  PRIMARY KEY (`id`),
  UNIQUE KEY `item_category` (`item_id`,`category_id`),
  KEY `phppos_items_secondary_categories_ibfk_1` (`item_id`),
  KEY `phppos_items_secondary_categories_ibfk_2` (`category_id`),
  CONSTRAINT `phppos_items_secondary_categories_ibfk_1` FOREIGN KEY (`item_id`) REFERENCES `phppos_items` (`item_id`),
  CONSTRAINT `phppos_items_secondary_categories_ibfk_2` FOREIGN KEY (`category_id`) REFERENCES `phppos_categories` (`id`)
) ENGINE=InnoDB DEFAULT CHARSET=utf8mb3 COLLATE=utf8mb3_unicode_ci;

--
-- Dumping data for table `phppos_items_secondary_categories`
--


--
-- Table structure for table `phppos_items_secondary_suppliers`
--

CREATE TABLE `phppos_items_secondary_suppliers` (
  `id` int(10) NOT NULL AUTO_INCREMENT,
  `item_id` int(10) NOT NULL,
  `supplier_id` int(10) NOT NULL,
  `cost_price` decimal(23,10) DEFAULT NULL,
  `unit_price` decimal(23,10) DEFAULT NULL,
  PRIMARY KEY (`id`),
  KEY `item_id` (`item_id`),
  KEY `phppos_items_secondary_suppliers_ibfk_2` (`supplier_id`),
  CONSTRAINT `phppos_items_secondary_suppliers_ibfk_1` FOREIGN KEY (`item_id`) REFERENCES `phppos_items` (`item_id`),
  CONSTRAINT `phppos_items_secondary_suppliers_ibfk_2` FOREIGN KEY (`supplier_id`) REFERENCES `phppos_suppliers` (`person_id`)
) ENGINE=InnoDB DEFAULT CHARSET=utf8mb3 COLLATE=utf8mb3_unicode_ci;

--
-- Dumping data for table `phppos_items_secondary_suppliers`
--


--
-- Table structure for table `phppos_items_serial_numbers`
--

CREATE TABLE `phppos_items_serial_numbers` (
  `id` int(10) NOT NULL AUTO_INCREMENT,
  `item_id` int(10) NOT NULL,
  `serial_number` varchar(255) DEFAULT NULL,
  `unit_price` decimal(23,10) DEFAULT NULL,
  `cost_price` decimal(23,10) DEFAULT NULL,
  `variation_id` int(11) DEFAULT NULL,
  `serial_location_id` int(11) DEFAULT NULL,
  PRIMARY KEY (`id`),
  UNIQUE KEY `serial_number` (`serial_number`),
  KEY `phppos_items_serial_numbers_ibfk_1` (`item_id`),
  KEY `phppos_items_serial_numbers_ibfk_2` (`variation_id`),
  KEY `phppos_items_serial_numbers_ibfk_3` (`serial_location_id`),
  CONSTRAINT `phppos_items_serial_numbers_ibfk_1` FOREIGN KEY (`item_id`) REFERENCES `phppos_items` (`item_id`),
  CONSTRAINT `phppos_items_serial_numbers_ibfk_2` FOREIGN KEY (`variation_id`) REFERENCES `phppos_item_variations` (`id`),
  CONSTRAINT `phppos_items_serial_numbers_ibfk_3` FOREIGN KEY (`serial_location_id`) REFERENCES `phppos_locations` (`location_id`)
) ENGINE=InnoDB DEFAULT CHARSET=utf8mb3 COLLATE=utf8mb3_unicode_ci;

--
-- Dumping data for table `phppos_items_serial_numbers`
--


--
-- Table structure for table `phppos_items_tags`
--

CREATE TABLE `phppos_items_tags` (
  `item_id` int(11) NOT NULL,
  `tag_id` int(11) NOT NULL,
  PRIMARY KEY (`item_id`,`tag_id`),
  KEY `phppos_items_tags_ibfk_2` (`tag_id`),
  CONSTRAINT `phppos_items_tags_ibfk_1` FOREIGN KEY (`item_id`) REFERENCES `phppos_items` (`item_id`),
  CONSTRAINT `phppos_items_tags_ibfk_2` FOREIGN KEY (`tag_id`) REFERENCES `phppos_tags` (`id`) ON DELETE CASCADE
) ENGINE=InnoDB DEFAULT CHARSET=utf8mb3 COLLATE=utf8mb3_unicode_ci;

--
-- Dumping data for table `phppos_items_tags`
--


--
-- Table structure for table `phppos_items_taxes`
--

CREATE TABLE `phppos_items_taxes` (
  `id` int(10) NOT NULL AUTO_INCREMENT,
  `item_id` int(10) NOT NULL,
  `name` varchar(255) NOT NULL,
  `percent` decimal(15,3) NOT NULL,
  `cumulative` int(1) NOT NULL DEFAULT 0,
  PRIMARY KEY (`id`),
  UNIQUE KEY `unique_tax` (`item_id`,`name`,`percent`),
  CONSTRAINT `phppos_items_taxes_ibfk_1` FOREIGN KEY (`item_id`) REFERENCES `phppos_items` (`item_id`) ON DELETE CASCADE
) ENGINE=InnoDB DEFAULT CHARSET=utf8mb3 COLLATE=utf8mb3_unicode_ci;

--
-- Dumping data for table `phppos_items_taxes`
--


--
-- Table structure for table `phppos_items_tier_prices`
--

CREATE TABLE `phppos_items_tier_prices` (
  `tier_id` int(10) NOT NULL,
  `item_id` int(10) NOT NULL,
  `unit_price` decimal(23,10) DEFAULT 0.0000000000,
  `percent_off` decimal(15,3) DEFAULT NULL,
  `cost_plus_percent` decimal(15,3) DEFAULT NULL,
  `cost_plus_fixed_amount` decimal(23,10) DEFAULT NULL,
  PRIMARY KEY (`tier_id`,`item_id`),
  KEY `phppos_items_tier_prices_ibfk_2` (`item_id`),
  CONSTRAINT `phppos_items_tier_prices_ibfk_1` FOREIGN KEY (`tier_id`) REFERENCES `phppos_price_tiers` (`id`) ON DELETE CASCADE,
  CONSTRAINT `phppos_items_tier_prices_ibfk_2` FOREIGN KEY (`item_id`) REFERENCES `phppos_items` (`item_id`)
) ENGINE=InnoDB DEFAULT CHARSET=utf8mb3 COLLATE=utf8mb3_unicode_ci;

--
-- Dumping data for table `phppos_items_tier_prices`
--


--
-- Table structure for table `phppos_location_ban_item_kits`
--

CREATE TABLE `phppos_location_ban_item_kits` (
  `id` int(11) NOT NULL AUTO_INCREMENT,
  `item_kit_id` int(11) NOT NULL,
  `location_id` int(11) NOT NULL,
  PRIMARY KEY (`id`),
  UNIQUE KEY `unique_location` (`item_kit_id`,`location_id`) USING BTREE,
  KEY `location_id` (`location_id`),
  CONSTRAINT `phppos_location_ban_item_kits_ibfk_1` FOREIGN KEY (`item_kit_id`) REFERENCES `phppos_item_kits` (`item_kit_id`),
  CONSTRAINT `phppos_location_ban_item_kits_ibfk_2` FOREIGN KEY (`location_id`) REFERENCES `phppos_locations` (`location_id`)
) ENGINE=InnoDB DEFAULT CHARSET=utf8mb3 COLLATE=utf8mb3_unicode_ci;

--
-- Dumping data for table `phppos_location_ban_item_kits`
--


--
-- Table structure for table `phppos_location_ban_items`
--

CREATE TABLE `phppos_location_ban_items` (
  `id` int(11) NOT NULL AUTO_INCREMENT,
  `item_id` int(11) NOT NULL,
  `location_id` int(11) NOT NULL,
  PRIMARY KEY (`id`),
  UNIQUE KEY `unique_location` (`item_id`,`location_id`) USING BTREE,
  KEY `location_id` (`location_id`),
  CONSTRAINT `phppos_location_ban_items_ibfk_1` FOREIGN KEY (`item_id`) REFERENCES `phppos_items` (`item_id`),
  CONSTRAINT `phppos_location_ban_items_ibfk_2` FOREIGN KEY (`location_id`) REFERENCES `phppos_locations` (`location_id`)
) ENGINE=InnoDB DEFAULT CHARSET=utf8mb3 COLLATE=utf8mb3_unicode_ci;

--
-- Dumping data for table `phppos_location_ban_items`
--


--
-- Table structure for table `phppos_location_ban_tags`
--

CREATE TABLE `phppos_location_ban_tags` (
  `id` int(11) NOT NULL AUTO_INCREMENT,
  `tag_id` int(11) NOT NULL,
  `location_id` int(11) NOT NULL,
  PRIMARY KEY (`id`),
  UNIQUE KEY `unique_location` (`tag_id`,`location_id`) USING BTREE,
  KEY `location_id` (`location_id`),
  CONSTRAINT `phppos_location_ban_tags_ibfk_1` FOREIGN KEY (`tag_id`) REFERENCES `phppos_tags` (`id`),
  CONSTRAINT `phppos_location_ban_tags_ibfk_2` FOREIGN KEY (`location_id`) REFERENCES `phppos_locations` (`location_id`)
) ENGINE=InnoDB DEFAULT CHARSET=utf8mb3 COLLATE=utf8mb3_unicode_ci;

--
-- Dumping data for table `phppos_location_ban_tags`
--


--
-- Table structure for table `phppos_location_item_kits`
--

CREATE TABLE `phppos_location_item_kits` (
  `location_id` int(11) NOT NULL,
  `item_kit_id` int(11) NOT NULL,
  `unit_price` decimal(23,10) DEFAULT NULL,
  `cost_price` decimal(23,10) DEFAULT NULL,
  `override_default_tax` int(1) NOT NULL DEFAULT 0,
  `tax_class_id` int(10) DEFAULT NULL,
  `limited_sales_quantity` int(11) DEFAULT NULL,
  PRIMARY KEY (`location_id`,`item_kit_id`),
  KEY `phppos_location_item_kits_ibfk_2` (`item_kit_id`),
  KEY `phppos_location_item_kits_ibfk_3` (`tax_class_id`),
  CONSTRAINT `phppos_location_item_kits_ibfk_1` FOREIGN KEY (`location_id`) REFERENCES `phppos_locations` (`location_id`),
  CONSTRAINT `phppos_location_item_kits_ibfk_2` FOREIGN KEY (`item_kit_id`) REFERENCES `phppos_item_kits` (`item_kit_id`),
  CONSTRAINT `phppos_location_item_kits_ibfk_3` FOREIGN KEY (`tax_class_id`) REFERENCES `phppos_tax_classes` (`id`)
) ENGINE=InnoDB DEFAULT CHARSET=utf8mb3 COLLATE=utf8mb3_unicode_ci;

--
-- Dumping data for table `phppos_location_item_kits`
--


--
-- Table structure for table `phppos_location_item_kits_taxes`
--

CREATE TABLE `phppos_location_item_kits_taxes` (
  `id` int(10) NOT NULL AUTO_INCREMENT,
  `location_id` int(11) NOT NULL,
  `item_kit_id` int(10) NOT NULL,
  `name` varchar(255) NOT NULL,
  `percent` decimal(16,3) NOT NULL,
  `cumulative` int(1) NOT NULL DEFAULT 0,
  PRIMARY KEY (`id`),
  UNIQUE KEY `unique_tax` (`location_id`,`item_kit_id`,`name`,`percent`),
  KEY `phppos_location_item_kits_taxes_ibfk_2` (`item_kit_id`),
  CONSTRAINT `phppos_location_item_kits_taxes_ibfk_1` FOREIGN KEY (`location_id`) REFERENCES `phppos_locations` (`location_id`) ON DELETE CASCADE,
  CONSTRAINT `phppos_location_item_kits_taxes_ibfk_2` FOREIGN KEY (`item_kit_id`) REFERENCES `phppos_item_kits` (`item_kit_id`) ON DELETE CASCADE
) ENGINE=InnoDB DEFAULT CHARSET=utf8mb3 COLLATE=utf8mb3_unicode_ci;

--
-- Dumping data for table `phppos_location_item_kits_taxes`
--


--
-- Table structure for table `phppos_location_item_kits_tier_prices`
--

CREATE TABLE `phppos_location_item_kits_tier_prices` (
  `tier_id` int(10) NOT NULL,
  `item_kit_id` int(10) NOT NULL,
  `location_id` int(10) NOT NULL,
  `unit_price` decimal(23,10) DEFAULT 0.0000000000,
  `percent_off` decimal(15,3) DEFAULT NULL,
  `cost_plus_percent` decimal(15,3) DEFAULT NULL,
  `cost_plus_fixed_amount` decimal(23,10) DEFAULT NULL,
  PRIMARY KEY (`tier_id`,`item_kit_id`,`location_id`),
  KEY `phppos_location_item_kits_tier_prices_ibfk_2` (`location_id`),
  KEY `phppos_location_item_kits_tier_prices_ibfk_3` (`item_kit_id`),
  CONSTRAINT `phppos_location_item_kits_tier_prices_ibfk_1` FOREIGN KEY (`tier_id`) REFERENCES `phppos_price_tiers` (`id`) ON DELETE CASCADE,
  CONSTRAINT `phppos_location_item_kits_tier_prices_ibfk_2` FOREIGN KEY (`location_id`) REFERENCES `phppos_locations` (`location_id`),
  CONSTRAINT `phppos_location_item_kits_tier_prices_ibfk_3` FOREIGN KEY (`item_kit_id`) REFERENCES `phppos_item_kits` (`item_kit_id`)
) ENGINE=InnoDB DEFAULT CHARSET=utf8mb3 COLLATE=utf8mb3_unicode_ci;

--
-- Dumping data for table `phppos_location_item_kits_tier_prices`
--


--
-- Table structure for table `phppos_location_item_variations`
--

CREATE TABLE `phppos_location_item_variations` (
  `item_variation_id` int(10) NOT NULL,
  `location_id` int(10) NOT NULL,
  `quantity` decimal(23,10) DEFAULT NULL,
  `reorder_level` decimal(23,10) DEFAULT NULL,
  `replenish_level` decimal(23,10) DEFAULT NULL,
  `unit_price` decimal(23,10) DEFAULT NULL,
  `cost_price` decimal(23,10) DEFAULT NULL,
  `limited_sales_quantity` int(11) DEFAULT NULL,
  PRIMARY KEY (`item_variation_id`,`location_id`),
  KEY `phppos_item_attribute_location_values_ibfk_2` (`location_id`),
  CONSTRAINT `phppos_item_attribute_location_values_ibfk_1` FOREIGN KEY (`item_variation_id`) REFERENCES `phppos_item_variations` (`id`),
  CONSTRAINT `phppos_item_attribute_location_values_ibfk_2` FOREIGN KEY (`location_id`) REFERENCES `phppos_locations` (`location_id`)
) ENGINE=InnoDB DEFAULT CHARSET=utf8mb3 COLLATE=utf8mb3_unicode_ci;

--
-- Dumping data for table `phppos_location_item_variations`
--


--
-- Table structure for table `phppos_location_items`
--

CREATE TABLE `phppos_location_items` (
  `location_id` int(11) NOT NULL,
  `item_id` int(11) NOT NULL,
  `location` varchar(255) NOT NULL DEFAULT '',
  `cost_price` decimal(23,10) DEFAULT NULL,
  `unit_price` decimal(23,10) DEFAULT NULL,
  `promo_price` decimal(23,10) DEFAULT NULL,
  `start_date` date DEFAULT NULL,
  `end_date` date DEFAULT NULL,
  `quantity` decimal(23,10) DEFAULT 0.0000000000,
  `reorder_level` decimal(23,10) DEFAULT NULL,
  `override_default_tax` int(1) NOT NULL DEFAULT 0,
  `tax_class_id` int(10) DEFAULT NULL,
  `replenish_level` decimal(23,10) DEFAULT NULL,
  `limited_sales_quantity` int(11) DEFAULT NULL,
  PRIMARY KEY (`location_id`,`item_id`),
  KEY `phppos_location_items_ibfk_2` (`item_id`),
  KEY `quantity` (`quantity`),
  KEY `phppos_location_items_ibfk_3` (`tax_class_id`),
  CONSTRAINT `phppos_location_items_ibfk_1` FOREIGN KEY (`location_id`) REFERENCES `phppos_locations` (`location_id`),
  CONSTRAINT `phppos_location_items_ibfk_2` FOREIGN KEY (`item_id`) REFERENCES `phppos_items` (`item_id`),
  CONSTRAINT `phppos_location_items_ibfk_3` FOREIGN KEY (`tax_class_id`) REFERENCES `phppos_tax_classes` (`id`)
) ENGINE=InnoDB DEFAULT CHARSET=utf8mb3 COLLATE=utf8mb3_unicode_ci;

--
-- Dumping data for table `phppos_location_items`
--

INSERT INTO `phppos_location_items` VALUES (1,1,'',NULL,NULL,NULL,NULL,NULL,83.0000000000,NULL,0,NULL,NULL,NULL),(1,3,'',NULL,NULL,NULL,NULL,NULL,8.0000000000,NULL,0,NULL,NULL,NULL),(1,4,'',NULL,NULL,NULL,NULL,NULL,-4.0000000000,NULL,0,NULL,NULL,NULL),(1,5,'',NULL,NULL,NULL,NULL,NULL,0.0000000000,0.0000000000,0,NULL,0.0000000000,NULL),(1,6,'',NULL,NULL,NULL,NULL,NULL,1.0000000000,0.0000000000,0,NULL,0.0000000000,NULL),(1,7,'',NULL,NULL,NULL,NULL,NULL,1.0000000000,0.0000000000,0,NULL,0.0000000000,NULL),(1,8,'',NULL,NULL,NULL,NULL,NULL,-4.0000000000,NULL,0,NULL,NULL,NULL),(1,9,'',NULL,NULL,NULL,NULL,NULL,58.0000000000,0.0000000000,0,NULL,0.0000000000,NULL),(1,10,'',NULL,NULL,NULL,NULL,NULL,-20.0000000000,0.0000000000,0,NULL,0.0000000000,NULL),(1,11,'',NULL,NULL,NULL,NULL,NULL,23.0000000000,0.0000000000,0,NULL,0.0000000000,NULL),(1,12,'',NULL,NULL,NULL,NULL,NULL,4.0000000000,NULL,0,NULL,NULL,NULL),(1,13,'',NULL,NULL,NULL,NULL,NULL,1.0000000000,NULL,0,NULL,NULL,NULL),(1,14,'',NULL,NULL,NULL,NULL,NULL,8.0000000000,NULL,0,NULL,NULL,NULL),(1,17,'',NULL,NULL,NULL,NULL,NULL,-2.0000000000,NULL,0,NULL,NULL,NULL),(1,18,'',NULL,NULL,NULL,NULL,NULL,6.0000000000,NULL,0,NULL,NULL,NULL),(1,19,'',NULL,NULL,NULL,NULL,NULL,2.0000000000,NULL,0,NULL,NULL,NULL),(1,20,'',NULL,NULL,NULL,NULL,NULL,3.0000000000,NULL,0,NULL,NULL,NULL),(1,21,'',NULL,NULL,NULL,NULL,NULL,33.0000000000,NULL,0,NULL,NULL,NULL),(1,22,'',NULL,NULL,NULL,NULL,NULL,26.0000000000,NULL,0,NULL,NULL,NULL),(1,23,'',NULL,NULL,NULL,NULL,NULL,6.0000000000,NULL,0,NULL,NULL,NULL),(1,24,'',NULL,NULL,NULL,NULL,NULL,4.0000000000,NULL,0,NULL,NULL,NULL),(1,25,'',NULL,NULL,NULL,NULL,NULL,8.0000000000,NULL,0,NULL,NULL,NULL),(1,26,'',NULL,NULL,NULL,NULL,NULL,39.0000000000,NULL,0,NULL,NULL,NULL),(1,27,'',NULL,NULL,NULL,NULL,NULL,4.0000000000,NULL,0,NULL,NULL,NULL),(1,28,'',NULL,NULL,NULL,NULL,NULL,56.0000000000,NULL,0,NULL,NULL,NULL),(1,29,'',NULL,NULL,NULL,NULL,NULL,0.0000000000,NULL,0,NULL,NULL,NULL),(1,30,'',NULL,NULL,NULL,NULL,NULL,2.0000000000,NULL,0,NULL,NULL,NULL),(1,31,'',NULL,NULL,NULL,NULL,NULL,-16.0000000000,NULL,0,NULL,NULL,NULL),(1,32,'',NULL,NULL,NULL,NULL,NULL,-11.0000000000,NULL,0,NULL,NULL,NULL),(1,33,'',NULL,NULL,NULL,NULL,NULL,0.0000000000,NULL,0,NULL,NULL,NULL),(1,34,'',NULL,NULL,NULL,NULL,NULL,3.0000000000,NULL,0,NULL,NULL,NULL),(1,35,'',NULL,NULL,NULL,NULL,NULL,1.0000000000,NULL,0,NULL,NULL,NULL),(1,37,'',NULL,NULL,NULL,NULL,NULL,13.0000000000,NULL,0,NULL,NULL,NULL),(1,38,'',NULL,NULL,NULL,NULL,NULL,8.0000000000,NULL,0,NULL,NULL,NULL),(1,40,'',NULL,NULL,NULL,NULL,NULL,11.0000000000,NULL,0,NULL,NULL,NULL),(1,41,'',NULL,NULL,NULL,NULL,NULL,-18.0000000000,NULL,0,NULL,NULL,NULL),(1,42,'',NULL,NULL,NULL,NULL,NULL,10.0000000000,NULL,0,NULL,NULL,NULL),(1,43,'',NULL,NULL,NULL,NULL,NULL,-4.0000000000,NULL,0,NULL,NULL,NULL),(1,44,'',NULL,NULL,NULL,NULL,NULL,-2.0000000000,NULL,0,NULL,NULL,NULL),(1,45,'',NULL,NULL,NULL,NULL,NULL,1.0000000000,NULL,0,NULL,NULL,NULL),(1,46,'',NULL,NULL,NULL,NULL,NULL,0.0000000000,NULL,0,NULL,NULL,NULL),(1,47,'',NULL,NULL,NULL,NULL,NULL,3.0000000000,NULL,0,NULL,NULL,NULL),(1,48,'',NULL,NULL,NULL,NULL,NULL,-2.0000000000,NULL,0,NULL,NULL,NULL),(1,49,'',NULL,NULL,NULL,NULL,NULL,3.0000000000,NULL,0,NULL,NULL,NULL),(1,50,'',NULL,NULL,NULL,NULL,NULL,-19.0000000000,NULL,0,NULL,NULL,NULL),(1,51,'',NULL,NULL,NULL,NULL,NULL,0.0000000000,NULL,0,NULL,NULL,NULL),(1,52,'',NULL,NULL,NULL,NULL,NULL,10.0000000000,NULL,0,NULL,NULL,NULL),(1,53,'',NULL,NULL,NULL,NULL,NULL,-5.0000000000,NULL,0,NULL,NULL,NULL),(1,54,'',NULL,NULL,NULL,NULL,NULL,9.0000000000,NULL,0,NULL,NULL,NULL),(1,55,'',NULL,NULL,NULL,NULL,NULL,1.0000000000,NULL,0,NULL,NULL,NULL),(1,56,'',NULL,NULL,NULL,NULL,NULL,0.0000000000,NULL,0,NULL,NULL,NULL);

--
-- Table structure for table `phppos_location_items_taxes`
--

CREATE TABLE `phppos_location_items_taxes` (
  `id` int(10) NOT NULL AUTO_INCREMENT,
  `location_id` int(11) NOT NULL,
  `item_id` int(10) NOT NULL,
  `name` varchar(255) NOT NULL,
  `percent` decimal(16,3) NOT NULL,
  `cumulative` int(1) NOT NULL DEFAULT 0,
  PRIMARY KEY (`id`),
  UNIQUE KEY `unique_tax` (`location_id`,`item_id`,`name`,`percent`),
  KEY `phppos_location_items_taxes_ibfk_2` (`item_id`),
  CONSTRAINT `phppos_location_items_taxes_ibfk_1` FOREIGN KEY (`location_id`) REFERENCES `phppos_locations` (`location_id`) ON DELETE CASCADE,
  CONSTRAINT `phppos_location_items_taxes_ibfk_2` FOREIGN KEY (`item_id`) REFERENCES `phppos_items` (`item_id`) ON DELETE CASCADE
) ENGINE=InnoDB DEFAULT CHARSET=utf8mb3 COLLATE=utf8mb3_unicode_ci;

--
-- Dumping data for table `phppos_location_items_taxes`
--


--
-- Table structure for table `phppos_location_items_tier_prices`
--

CREATE TABLE `phppos_location_items_tier_prices` (
  `tier_id` int(10) NOT NULL,
  `item_id` int(10) NOT NULL,
  `location_id` int(10) NOT NULL,
  `unit_price` decimal(23,10) DEFAULT 0.0000000000,
  `percent_off` decimal(15,3) DEFAULT NULL,
  `cost_plus_percent` decimal(15,3) DEFAULT NULL,
  `cost_plus_fixed_amount` decimal(23,10) DEFAULT NULL,
  PRIMARY KEY (`tier_id`,`item_id`,`location_id`),
  KEY `phppos_location_items_tier_prices_ibfk_2` (`location_id`),
  KEY `phppos_location_items_tier_prices_ibfk_3` (`item_id`),
  CONSTRAINT `phppos_location_items_tier_prices_ibfk_1` FOREIGN KEY (`tier_id`) REFERENCES `phppos_price_tiers` (`id`) ON DELETE CASCADE,
  CONSTRAINT `phppos_location_items_tier_prices_ibfk_2` FOREIGN KEY (`location_id`) REFERENCES `phppos_locations` (`location_id`),
  CONSTRAINT `phppos_location_items_tier_prices_ibfk_3` FOREIGN KEY (`item_id`) REFERENCES `phppos_items` (`item_id`)
) ENGINE=InnoDB DEFAULT CHARSET=utf8mb3 COLLATE=utf8mb3_unicode_ci;

--
-- Dumping data for table `phppos_location_items_tier_prices`
--


--
-- Table structure for table `phppos_manufacturers`
--

CREATE TABLE `phppos_manufacturers` (
  `id` int(11) NOT NULL AUTO_INCREMENT,
  `deleted` int(1) NOT NULL DEFAULT 0,
  `name` varchar(255) NOT NULL,
  PRIMARY KEY (`id`),
  KEY `deleted` (`deleted`),
  KEY `name` (`name`)
) ENGINE=InnoDB DEFAULT CHARSET=utf8mb3 COLLATE=utf8mb3_unicode_ci;

--
-- Dumping data for table `phppos_manufacturers`
--


--
-- Table structure for table `phppos_message_receiver`
--

CREATE TABLE `phppos_message_receiver` (
  `id` int(11) NOT NULL AUTO_INCREMENT,
  `message_id` int(11) NOT NULL,
  `receiver_id` int(11) NOT NULL,
  `message_read` int(1) NOT NULL DEFAULT 0,
  PRIMARY KEY (`id`),
  KEY `phppos_message_receiver_ibfk_2` (`receiver_id`),
  KEY `phppos_message_receiver_key_1` (`message_id`,`receiver_id`),
  CONSTRAINT `phppos_message_receiver_ibfk_1` FOREIGN KEY (`message_id`) REFERENCES `phppos_messages` (`id`),
  CONSTRAINT `phppos_message_receiver_ibfk_2` FOREIGN KEY (`receiver_id`) REFERENCES `phppos_employees` (`person_id`)
) ENGINE=InnoDB DEFAULT CHARSET=utf8mb3 COLLATE=utf8mb3_unicode_ci;

--
-- Dumping data for table `phppos_message_receiver`
--


--
-- Table structure for table `phppos_messages`
--

CREATE TABLE `phppos_messages` (
  `id` int(11) NOT NULL AUTO_INCREMENT,
  `message` text NOT NULL,
  `sender_id` int(11) NOT NULL,
  `created_at` timestamp NOT NULL DEFAULT current_timestamp(),
  `deleted` int(1) NOT NULL DEFAULT 0,
  PRIMARY KEY (`id`),
  KEY `phppos_messages_ibfk_1` (`sender_id`),
  KEY `phppos_messages_key_1` (`deleted`,`created_at`,`id`),
  CONSTRAINT `phppos_messages_ibfk_1` FOREIGN KEY (`sender_id`) REFERENCES `phppos_employees` (`person_id`)
) ENGINE=InnoDB DEFAULT CHARSET=utf8mb3 COLLATE=utf8mb3_unicode_ci;

--
-- Dumping data for table `phppos_messages`
--


--
-- Table structure for table `phppos_migrations`
--

CREATE TABLE `phppos_migrations` (
  `version` bigint(20) NOT NULL
) ENGINE=InnoDB DEFAULT CHARSET=utf8mb3 COLLATE=utf8mb3_unicode_ci;

--
-- Dumping data for table `phppos_migrations`
--

INSERT INTO `phppos_migrations` VALUES (20260611146902);

--
-- Table structure for table `phppos_modifier_items`
--

CREATE TABLE `phppos_modifier_items` (
  `id` int(10) NOT NULL AUTO_INCREMENT,
  `sort_order` int(10) NOT NULL DEFAULT 0,
  `modifier_id` int(10) NOT NULL,
  `name` varchar(255) NOT NULL,
  `cost_price` decimal(23,10) NOT NULL DEFAULT 0.0000000000,
  `unit_price` decimal(23,10) NOT NULL DEFAULT 0.0000000000,
  `deleted` int(1) NOT NULL DEFAULT 0,
  PRIMARY KEY (`id`),
  KEY `phppos_modifier_items_ibfk_1` (`modifier_id`),
  KEY `sort_index` (`deleted`,`modifier_id`,`sort_order`),
  CONSTRAINT `phppos_modifier_items_ibfk_1` FOREIGN KEY (`modifier_id`) REFERENCES `phppos_modifiers` (`id`)
) ENGINE=InnoDB DEFAULT CHARSET=utf8mb3 COLLATE=utf8mb3_unicode_ci;

--
-- Dumping data for table `phppos_modifier_items`
--


--
-- Table structure for table `phppos_modifiers`
--

CREATE TABLE `phppos_modifiers` (
  `id` int(10) NOT NULL AUTO_INCREMENT,
  `sort_order` int(10) NOT NULL DEFAULT 0,
  `name` varchar(255) NOT NULL,
  `deleted` int(1) NOT NULL DEFAULT 0,
  PRIMARY KEY (`id`),
  UNIQUE KEY `name` (`name`),
  KEY `sort_index` (`deleted`,`sort_order`)
) ENGINE=InnoDB DEFAULT CHARSET=utf8mb3 COLLATE=utf8mb3_unicode_ci;

--
-- Dumping data for table `phppos_modifiers`
--


--
-- Table structure for table `phppos_modules`
--

CREATE TABLE `phppos_modules` (
  `name_lang_key` varchar(255) NOT NULL,
  `desc_lang_key` varchar(255) NOT NULL,
  `sort` int(10) NOT NULL,
  `icon` varchar(255) NOT NULL,
  `module_id` varchar(100) NOT NULL,
  PRIMARY KEY (`module_id`),
  UNIQUE KEY `desc_lang_key` (`desc_lang_key`),
  UNIQUE KEY `name_lang_key` (`name_lang_key`)
) ENGINE=InnoDB DEFAULT CHARSET=utf8mb3 COLLATE=utf8mb3_unicode_ci;

--
-- Dumping data for table `phppos_modules`
--

INSERT INTO `phppos_modules` VALUES ('module_appointments','module_appointments_desc',75,'ti-calendar','appointments'),('module_config','module_config_desc',100,'icon ti-settings','config'),('module_customers','module_customers_desc',10,'icon ti-user','customers'),('module_deliveries','module_deliveries_desc',71,'ion-android-car','deliveries'),('module_employees','module_employees_desc',80,'icon ti-id-badge','employees'),('module_expenses','module_expenses_desc',74,'icon ti-money','expenses'),('module_giftcards','module_giftcards_desc',90,'icon ti-credit-card','giftcards'),('module_invoices','module_invoices_desc',102,'ti-receipt','invoices'),('module_item_kits','module_item_kits_desc',30,'icon ti-harddrives','item_kits'),('module_items','module_items_desc',20,'icon ti-harddrive','items'),('module_locations','module_locations_desc',110,'icon ti-home','locations'),('module_messages','module_messages_desc',120,'icon ti-email','messages'),('module_price_rules','module_item_price_rules_desc',35,'ion-ios-pricetags-outline','price_rules'),('module_receivings','module_receivings_desc',60,'icon ti-cloud-down','receivings'),('module_reports','module_reports_desc',50,'icon ti-bar-chart','reports'),('module_sales','module_sales_desc',70,'icon ti-shopping-cart','sales'),('module_suppliers','module_suppliers_desc',40,'icon ti-download','suppliers'),('module_work_orders','module_work_orders_desc',72,'ion-hammer','work_orders');

--
-- Table structure for table `phppos_modules_actions`
--

CREATE TABLE `phppos_modules_actions` (
  `action_id` varchar(100) NOT NULL,
  `module_id` varchar(100) NOT NULL,
  `action_name_key` varchar(100) NOT NULL,
  `sort` int(11) NOT NULL,
  PRIMARY KEY (`action_id`,`module_id`),
  KEY `phppos_modules_actions_ibfk_1` (`module_id`),
  CONSTRAINT `phppos_modules_actions_ibfk_1` FOREIGN KEY (`module_id`) REFERENCES `phppos_modules` (`module_id`)
) ENGINE=InnoDB DEFAULT CHARSET=utf8mb3 COLLATE=utf8mb3_unicode_ci;

--
-- Dumping data for table `phppos_modules_actions`
--

INSERT INTO `phppos_modules_actions` VALUES ('add','appointments','appointments_add',240),('add','invoices','invoices_add',240),('add_remove_amounts_from_cash_drawer','sales','common_add_remove_amounts_from_cash_drawer',505),('add_update','customers','module_action_add_update',1),('add_update','deliveries','deliveries_add_update',240),('add_update','employees','module_action_add_update',130),('add_update','expenses','module_expenses_add_update',315),('add_update','giftcards','module_action_add_update',200),('add_update','item_kits','module_action_add_update',70),('add_update','items','module_action_add_update',40),('add_update','locations','module_action_add_update',240),('add_update','price_rules','module_action_add_update',400),('add_update','suppliers','module_action_add_update',100),('allow_customer_search_suggestions_for_sales','sales','sales_allow_customer_search_suggestions_for_sales',302),('allow_item_search_suggestions_for_receivings','receivings','receivings_allow_item_search_suggestions_for_receivings',301),('allow_item_search_suggestions_for_sales','sales','sales_allow_item_search_suggestions_for_sales',300),('allow_supplier_search_suggestions_for_suppliers','receivings','receivings_allow_supplier_search_suggestions_for_suppliers',303),('assign_all_locations','employees','module_action_assign_all_locations',151),('authorize_loyalty_redemption','sales','sales_authorize_loyalty_redemption',510),('can_change_report_date','reports','reports_can_change_report_date',305),('can_create_estimate','sales','common_can_create_estimate',506),('can_delete_item_from_sale','sales','sales_can_delete_item_added_to_sale',308),('can_edit_inventory_comment','items','items_can_edit_inventory_comment',500),('can_lookup_last_receipt','sales','sales_can_lookup_last_receipt',503),('can_lookup_receipt','sales','sales_can_lookup_receipt',503),('can_sell_giftcard','giftcards','common_can_sell_giftcard',506),('can_set_credit_limit','customers','can_set_credit_limit',600),('change_sale_date','sales','sales_change_sale_date',184),('complete_sale','sales','sales_complete_sale',184),('complete_transfer','receivings','receivings_complete_transfer',184),('count_inventory','items','items_count_inventory',65),('delete','appointments','appointments_delete',250),('delete','customers','module_action_delete',20),('delete','deliveries','deliveries_delete',250),('delete','employees','module_action_delete',140),('delete','expenses','module_expenses_delete',330),('delete','giftcards','module_action_delete',210),('delete','invoices','invoices_delete',250),('delete','item_kits','module_action_delete',80),('delete','items','module_action_delete',50),('delete','locations','module_action_delete',250),('delete','price_rules','module_action_delete',405),('delete','suppliers','module_action_delete',110),('delete','work_orders','work_orders_delete',241),('delete_log_activity','work_orders','work_orders_delete_log_activity',244),('delete_receiving','receivings','module_action_delete_receiving',306),('delete_register_log','reports','common_delete_register_log',232),('delete_sale','sales','module_action_delete_sale',230),('delete_suspended_receiving','receivings','module_action_delete_suspended_receiving',181),('delete_suspended_sale','sales','module_action_delete_suspended_sale',181),('delete_taxes','receivings','module_action_delete_taxes',300),('delete_taxes','sales','module_action_delete_taxes',182),('edit','appointments','appointments_edit',245),('edit','deliveries','deliveries_edit',245),('edit','invoices','invoices_edit',245),('edit','work_orders','work_orders_edit',240),('edit_customer_points','customers','module_edit_customer_points',35),('edit_giftcard_value','giftcards','module_edit_giftcard_value',205),('edit_inventory_count','items','items_edit_inventory_count',67),('edit_prices','item_kits','common_edit_prices',502),('edit_prices','items','common_edit_prices',501),('edit_profile','employees','common_edit_profile',155),('edit_quantity','items','items_edit_quantity',62),('edit_receiving','receivings','module_action_edit_receiving',303),('edit_register_log','reports','common_edit_register_log',231),('edit_sale','sales','module_edit_sale',190),('edit_sale_cost_price','sales','module_edit_sale_cost_price',175),('edit_sale_price','sales','module_edit_sale_price',170),('edit_store_account_balance','customers','customers_edit_store_account_balance',31),('edit_store_account_balance','suppliers','suppliers_edit_store_account_balance',130),('edit_suspended_sale','sales','sales_edit_suspended_sale',192),('edit_suspended_sale_data','sales','sales_edit_suspended_sale_data',300),('edit_taxes','receivings','module_edit_taxes',304),('edit_taxes','sales','module_edit_taxes',191),('edit_tier','customers','customers_edit_tier',45),('excel_export','customers','common_excel_export',40),('excel_export','employees','common_excel_export',160),('excel_export','giftcards','common_excel_export',225),('excel_export','item_kits','common_excel_export',95),('excel_export','items','common_excel_export',80),('excel_export','suppliers','common_excel_export',135),('export_to_sidekick','customers','customers_export_to_sidekick',46),('give_discount','receivings','module_give_discount',308),('give_discount','sales','module_give_discount',180),('manage_categories','deliveries','items_manage_categories',256),('manage_categories','expenses','items_manage_categories',316),('manage_categories','items','items_manage_categories',70),('manage_manufacturers','items','items_manage_manufacturers',76),('manage_statuses','deliveries','deliveries_manage_statuses',251),('manage_statuses','work_orders','work_orders_manage_statuses',243),('manage_tags','items','items_manage_tags',75),('process_returns','sales','config_process_returns',184),('receive_store_account_payment','receivings','common_receive_store_account_payment',260),('receive_store_account_payment','sales','common_receive_store_account_payment',255),('search','appointments','appointments_search',255),('search','customers','module_action_search_customers',30),('search','deliveries','deliveries_search',255),('search','employees','module_action_search_employees',150),('search','expenses','module_expenses_search',310),('search','giftcards','module_action_search_giftcards',220),('search','invoices','invoices_search',255),('search','item_kits','module_action_search_item_kits',90),('search','items','module_action_search_items',60),('search','locations','module_action_search_locations',260),('search','price_rules','module_action_search_price_rules',415),('search','sales','module_action_search_sales',235),('search','suppliers','module_action_search_suppliers',120),('search','work_orders','work_orders_search',242),('see_all_item_kits','item_kits','common_see_all_item_kits',505),('see_all_items','items','common_see_all_items',504),('see_cost_price','item_kits','module_see_cost_price',91),('see_cost_price','items','module_see_cost_price',61),('see_count_when_count_inventory','items','items_see_count_when_count_inventory',66),('see_item_quantity','items','items_see_item_quantity',64),('send_message','messages','employees_send_message',350),('send_transfer','receivings','receivings_send_transfer',185),('show_cost_price','reports','reports_show_cost_price',290),('show_profit','reports','reports_show_profit',280),('suspend_sale','sales','sales_suspend_sale',183),('view_all_employee_commissions','reports','reports_view_all_employee_commissions',107),('view_appointments','reports','reports_appointments',95),('view_categories','reports','reports_categories',100),('view_closeout','reports','reports_closeout',105),('view_commissions','reports','reports_commission',106),('view_customers','reports','reports_customers',120),('view_dashboard_stats','reports','reports_view_dashboard_stats',300),('view_deleted_sales','reports','reports_deleted_sales',130),('view_deliveries','reports','reports_deliveries',135),('view_discounts','reports','reports_discounts',140),('view_edit_transaction_history','sales','common_view_edit_transaction_history',400),('view_employees','reports','reports_employees',150),('view_expenses','reports','module_expenses_report',155),('view_giftcards','reports','reports_giftcards',160),('view_inventory_at_all_locations','items','common_view_inventory_at_all_locations',268),('view_inventory_at_all_locations','reports','reports_view_inventory_at_all_locations',300),('view_inventory_print_list','items','common_view_inventory_print_list',267),('view_inventory_reports','reports','reports_inventory_reports',170),('view_invoices_reports','reports','reports_invoices_reports',265),('view_item_kits','reports','module_item_kits',180),('view_items','reports','reports_items',190),('view_manufacturers','reports','reports_manufacturers',195),('view_payments','reports','reports_payments',200),('view_price_rules','reports','reports_price_rules',205),('view_profit_and_loss','reports','reports_profit_and_loss',210),('view_receivings','reports','reports_receivings',220),('view_register_log','reports','reports_register_log_title',230),('view_registers','reports','reports_registers',235),('view_sales','reports','reports_sales',240),('view_sales_generator','reports','reports_sales_generator',110),('view_store_account','reports','reports_store_account',250),('view_store_account_suppliers','reports','reports_store_account_suppliers',255),('view_suppliers','reports','reports_suppliers',260),('view_suspended_receipt','receivings','receivings_view_suspended_receipt',503),('view_suspended_receipt','sales','sales_view_suspended_receipt',503),('view_suspended_sales','reports','reports_suspended_sales',261),('view_tags','reports','common_tags',264),('view_taxes','reports','reports_taxes',270),('view_tiers','reports','reports_tiers',275),('view_timeclock','reports','employees_timeclock',280);

--
-- Table structure for table `phppos_open_suspended_sales`
--

CREATE TABLE `phppos_open_suspended_sales` (
  `sale_id` int(11) NOT NULL,
  `employee_id` int(11) NOT NULL,
  `register_id` int(11) NOT NULL,
  `expires` timestamp NULL DEFAULT NULL,
  PRIMARY KEY (`sale_id`),
  KEY `phppos_open_suspended_sales_ibfk_1` (`sale_id`),
  KEY `phppos_open_suspended_sales_ibfk_2` (`employee_id`),
  KEY `phppos_open_suspended_sales_ibfk_3` (`register_id`),
  CONSTRAINT `phppos_open_suspended_sales_ibfk_1` FOREIGN KEY (`sale_id`) REFERENCES `phppos_sales` (`sale_id`),
  CONSTRAINT `phppos_open_suspended_sales_ibfk_2` FOREIGN KEY (`employee_id`) REFERENCES `phppos_employees` (`person_id`),
  CONSTRAINT `phppos_open_suspended_sales_ibfk_3` FOREIGN KEY (`register_id`) REFERENCES `phppos_registers` (`register_id`)
) ENGINE=InnoDB DEFAULT CHARSET=utf8mb3 COLLATE=utf8mb3_unicode_ci;

--
-- Dumping data for table `phppos_open_suspended_sales`
--


--
-- Table structure for table `phppos_people`
--

CREATE TABLE `phppos_people` (
  `first_name` varchar(255) NOT NULL,
  `last_name` varchar(255) NOT NULL,
  `full_name` text NOT NULL,
  `phone_number` varchar(255) NOT NULL,
  `email` varchar(255) NOT NULL,
  `address_1` varchar(255) NOT NULL,
  `address_2` varchar(255) NOT NULL,
  `city` varchar(255) NOT NULL,
  `state` varchar(255) NOT NULL,
  `zip` varchar(255) NOT NULL,
  `country` varchar(255) NOT NULL,
  `comments` text NOT NULL,
  `image_id` int(10) DEFAULT NULL,
  `person_id` int(10) NOT NULL AUTO_INCREMENT,
  `create_date` timestamp NULL DEFAULT NULL,
  `last_modified` timestamp NULL DEFAULT NULL,
  `title` varchar(255) DEFAULT NULL,
  PRIMARY KEY (`person_id`),
  KEY `phppos_people_ibfk_1` (`image_id`),
  KEY `first_name` (`first_name`),
  KEY `last_name` (`last_name`),
  KEY `email` (`email`),
  KEY `phone_number` (`phone_number`),
  KEY `full_name` (`full_name`(255)),
  CONSTRAINT `phppos_people_ibfk_1` FOREIGN KEY (`image_id`) REFERENCES `phppos_app_files` (`file_id`)
) ENGINE=InnoDB AUTO_INCREMENT=6 DEFAULT CHARSET=utf8mb3 COLLATE=utf8mb3_unicode_ci;

--
-- Dumping data for table `phppos_people`
--

INSERT INTO `phppos_people` VALUES ('Kaydot','Technology Solutions','Kaydot Technology Solutions','08067549506','kaydotng@gmail.com','Address 1','','','','','','',NULL,1,NULL,'2025-01-09 19:10:28',NULL),('Emmanuel','','Emmanuel ','','e','','','','','','','',NULL,2,'2025-01-10 01:14:20','2025-09-11 22:24:32',NULL),('Emerald','','Emerald ','','accountmvshemm','','','','','','','',NULL,3,'2025-01-13 18:30:17',NULL,NULL),('Emelda','O','Emelda O','','statements.mvishemm@gmail.com','','','','','','','',NULL,4,'2025-01-13 19:31:40','2025-01-24 17:41:28',NULL),('Cashier','','Cashier ','','statements.mvishemm@gmail.com','','','','','','','',NULL,5,'2025-01-23 17:00:48','2025-09-11 22:43:25',NULL);
DELIMITER ;;
/*!50003 CREATE*/ /*!50017 DEFINER=`pjqigfru_magnum`@`localhost`*/ /*!50003 TRIGGER `enforce_people_phone_format_on_insert` BEFORE INSERT ON `phppos_people` FOR EACH ROW BEGIN  
				 					      SET NEW.phone_number = alphanumplus(NEW.phone_number);
				 					END 
*/;;
DELIMITER ;
DELIMITER ;;
/*!50003 CREATE*/ /*!50017 DEFINER=`pjqigfru_magnum`@`localhost`*/ /*!50003 TRIGGER `enforce_people_phone_format_on_update` BEFORE UPDATE ON `phppos_people` FOR EACH ROW BEGIN  
				 					      SET NEW.phone_number = alphanumplus(NEW.phone_number);
				 					  END 
*/;;
DELIMITER ;

--
-- Table structure for table `phppos_people_files`
--

CREATE TABLE `phppos_people_files` (
  `id` int(11) NOT NULL AUTO_INCREMENT,
  `file_id` int(10) NOT NULL,
  `person_id` int(10) NOT NULL,
  PRIMARY KEY (`id`),
  KEY `phppos_people_files_ibfk_1` (`file_id`),
  CONSTRAINT `phppos_people_files_ibfk_1` FOREIGN KEY (`file_id`) REFERENCES `phppos_app_files` (`file_id`)
) ENGINE=InnoDB DEFAULT CHARSET=utf8mb3 COLLATE=utf8mb3_unicode_ci;

--
-- Dumping data for table `phppos_people_files`
--


--
-- Table structure for table `phppos_people_name_prefixes`
--

CREATE TABLE `phppos_people_name_prefixes` (
  `id` int(11) NOT NULL AUTO_INCREMENT,
  `name` varchar(255) NOT NULL,
  PRIMARY KEY (`id`) USING BTREE
) ENGINE=InnoDB AUTO_INCREMENT=13 DEFAULT CHARSET=utf8mb3 COLLATE=utf8mb3_unicode_ci;

--
-- Dumping data for table `phppos_people_name_prefixes`
--

INSERT INTO `phppos_people_name_prefixes` VALUES (1,'common_mr.'),(2,'common_mrs.'),(3,'common_dr.'),(4,'common_miss'),(5,'common_ms'),(6,'common_hon.'),(7,'common_prof.'),(8,'common_rev.'),(9,'common_rt_hon.'),(10,'common_sr.'),(11,'common_jr.'),(12,'common_st.');

--
-- Table structure for table `phppos_permissions`
--

CREATE TABLE `phppos_permissions` (
  `module_id` varchar(100) NOT NULL,
  `person_id` int(10) NOT NULL,
  PRIMARY KEY (`module_id`,`person_id`),
  KEY `person_id` (`person_id`),
  CONSTRAINT `phppos_permissions_ibfk_1` FOREIGN KEY (`person_id`) REFERENCES `phppos_employees` (`person_id`),
  CONSTRAINT `phppos_permissions_ibfk_2` FOREIGN KEY (`module_id`) REFERENCES `phppos_modules` (`module_id`)
) ENGINE=InnoDB DEFAULT CHARSET=utf8mb3 COLLATE=utf8mb3_unicode_ci;

--
-- Dumping data for table `phppos_permissions`
--

INSERT INTO `phppos_permissions` VALUES ('appointments',1),('config',1),('customers',1),('customers',2),('customers',4),('customers',5),('deliveries',1),('employees',1),('employees',2),('expenses',1),('giftcards',1),('giftcards',2),('invoices',1),('item_kits',1),('items',1),('items',2),('items',4),('locations',1),('locations',2),('messages',1),('messages',2),('messages',5),('price_rules',1),('receivings',1),('receivings',2),('receivings',4),('reports',1),('reports',2),('reports',4),('sales',1),('sales',2),('sales',4),('sales',5),('suppliers',1),('suppliers',2),('work_orders',1);

--
-- Table structure for table `phppos_permissions_actions`
--

CREATE TABLE `phppos_permissions_actions` (
  `module_id` varchar(100) NOT NULL,
  `person_id` int(11) NOT NULL,
  `action_id` varchar(100) NOT NULL,
  PRIMARY KEY (`module_id`,`person_id`,`action_id`),
  KEY `phppos_permissions_actions_ibfk_2` (`person_id`),
  KEY `phppos_permissions_actions_ibfk_3` (`action_id`),
  CONSTRAINT `phppos_permissions_actions_ibfk_1` FOREIGN KEY (`module_id`) REFERENCES `phppos_modules` (`module_id`),
  CONSTRAINT `phppos_permissions_actions_ibfk_2` FOREIGN KEY (`person_id`) REFERENCES `phppos_employees` (`person_id`),
  CONSTRAINT `phppos_permissions_actions_ibfk_3` FOREIGN KEY (`action_id`) REFERENCES `phppos_modules_actions` (`action_id`)
) ENGINE=InnoDB DEFAULT CHARSET=utf8mb3 COLLATE=utf8mb3_unicode_ci;

--
-- Dumping data for table `phppos_permissions_actions`
--

INSERT INTO `phppos_permissions_actions` VALUES ('appointments',1,'add'),('appointments',1,'delete'),('appointments',1,'edit'),('appointments',1,'search'),('customers',1,'add_update'),('customers',1,'can_set_credit_limit'),('customers',1,'delete'),('customers',1,'edit_customer_points'),('customers',1,'edit_store_account_balance'),('customers',1,'edit_tier'),('customers',1,'excel_export'),('customers',1,'export_to_sidekick'),('customers',1,'search'),('customers',2,'add_update'),('customers',2,'can_set_credit_limit'),('customers',2,'excel_export'),('customers',2,'search'),('customers',4,'add_update'),('customers',5,'add_update'),('deliveries',1,'add_update'),('deliveries',1,'delete'),('deliveries',1,'edit'),('deliveries',1,'manage_categories'),('deliveries',1,'manage_statuses'),('deliveries',1,'search'),('employees',1,'add_update'),('employees',1,'assign_all_locations'),('employees',1,'delete'),('employees',1,'edit_profile'),('employees',1,'excel_export'),('employees',1,'search'),('employees',2,'add_update'),('employees',2,'assign_all_locations'),('employees',2,'delete'),('employees',2,'edit_profile'),('employees',2,'excel_export'),('employees',2,'search'),('expenses',1,'add_update'),('expenses',1,'delete'),('expenses',1,'manage_categories'),('expenses',1,'search'),('giftcards',1,'add_update'),('giftcards',1,'can_sell_giftcard'),('giftcards',1,'delete'),('giftcards',1,'edit_giftcard_value'),('giftcards',1,'excel_export'),('giftcards',1,'search'),('giftcards',2,'add_update'),('giftcards',2,'can_sell_giftcard'),('giftcards',2,'delete'),('giftcards',2,'edit_giftcard_value'),('giftcards',2,'excel_export'),('giftcards',2,'search'),('invoices',1,'add'),('invoices',1,'delete'),('invoices',1,'edit'),('invoices',1,'search'),('item_kits',1,'add_update'),('item_kits',1,'delete'),('item_kits',1,'edit_prices'),('item_kits',1,'excel_export'),('item_kits',1,'search'),('item_kits',1,'see_all_item_kits'),('item_kits',1,'see_cost_price'),('items',1,'add_update'),('items',1,'can_edit_inventory_comment'),('items',1,'count_inventory'),('items',1,'delete'),('items',1,'edit_prices'),('items',1,'edit_quantity'),('items',1,'excel_export'),('items',1,'manage_categories'),('items',1,'manage_manufacturers'),('items',1,'manage_tags'),('items',1,'search'),('items',1,'see_all_items'),('items',1,'see_cost_price'),('items',1,'see_count_when_count_inventory'),('items',1,'see_item_quantity'),('items',1,'view_inventory_at_all_locations'),('items',1,'view_inventory_print_list'),('items',2,'add_update'),('items',2,'can_edit_inventory_comment'),('items',2,'count_inventory'),('items',2,'delete'),('items',2,'edit_prices'),('items',2,'edit_quantity'),('items',2,'excel_export'),('items',2,'manage_categories'),('items',2,'manage_manufacturers'),('items',2,'manage_tags'),('items',2,'search'),('items',2,'see_all_items'),('items',2,'see_cost_price'),('items',2,'see_count_when_count_inventory'),('items',2,'see_item_quantity'),('items',2,'view_inventory_at_all_locations'),('items',2,'view_inventory_print_list'),('items',4,'add_update'),('items',4,'search'),('items',4,'see_all_items'),('items',4,'see_item_quantity'),('items',4,'view_inventory_at_all_locations'),('items',4,'view_inventory_print_list'),('locations',1,'add_update'),('locations',1,'delete'),('locations',1,'search'),('locations',2,'add_update'),('locations',2,'search'),('messages',1,'send_message'),('messages',2,'send_message'),('messages',5,'send_message'),('price_rules',1,'add_update'),('price_rules',1,'delete'),('price_rules',1,'search'),('receivings',1,'allow_item_search_suggestions_for_receivings'),('receivings',1,'allow_supplier_search_suggestions_for_suppliers'),('receivings',1,'complete_transfer'),('receivings',1,'delete_receiving'),('receivings',1,'delete_suspended_receiving'),('receivings',1,'delete_taxes'),('receivings',1,'edit_receiving'),('receivings',1,'edit_taxes'),('receivings',1,'give_discount'),('receivings',1,'receive_store_account_payment'),('receivings',1,'send_transfer'),('receivings',1,'view_suspended_receipt'),('receivings',2,'allow_item_search_suggestions_for_receivings'),('receivings',2,'allow_supplier_search_suggestions_for_suppliers'),('receivings',2,'complete_transfer'),('receivings',2,'delete_receiving'),('receivings',2,'delete_suspended_receiving'),('receivings',2,'delete_taxes'),('receivings',2,'edit_receiving'),('receivings',2,'edit_taxes'),('receivings',2,'give_discount'),('receivings',2,'receive_store_account_payment'),('receivings',2,'send_transfer'),('receivings',2,'view_suspended_receipt'),('receivings',4,'allow_item_search_suggestions_for_receivings'),('receivings',4,'allow_supplier_search_suggestions_for_suppliers'),('receivings',4,'complete_transfer'),('receivings',4,'delete_receiving'),('receivings',4,'delete_suspended_receiving'),('receivings',4,'delete_taxes'),('receivings',4,'edit_receiving'),('receivings',4,'edit_taxes'),('receivings',4,'give_discount'),('receivings',4,'receive_store_account_payment'),('receivings',4,'send_transfer'),('receivings',4,'view_suspended_receipt'),('reports',1,'can_change_report_date'),('reports',1,'delete_register_log'),('reports',1,'edit_register_log'),('reports',1,'show_cost_price'),('reports',1,'show_profit'),('reports',1,'view_all_employee_commissions'),('reports',1,'view_appointments'),('reports',1,'view_categories'),('reports',1,'view_closeout'),('reports',1,'view_commissions'),('reports',1,'view_customers'),('reports',1,'view_dashboard_stats'),('reports',1,'view_deleted_sales'),('reports',1,'view_deliveries'),('reports',1,'view_discounts'),('reports',1,'view_employees'),('reports',1,'view_expenses'),('reports',1,'view_giftcards'),('reports',1,'view_inventory_at_all_locations'),('reports',1,'view_inventory_reports'),('reports',1,'view_invoices_reports'),('reports',1,'view_item_kits'),('reports',1,'view_items'),('reports',1,'view_manufacturers'),('reports',1,'view_payments'),('reports',1,'view_price_rules'),('reports',1,'view_profit_and_loss'),('reports',1,'view_receivings'),('reports',1,'view_register_log'),('reports',1,'view_registers'),('reports',1,'view_sales'),('reports',1,'view_sales_generator'),('reports',1,'view_store_account'),('reports',1,'view_store_account_suppliers'),('reports',1,'view_suppliers'),('reports',1,'view_suspended_sales'),('reports',1,'view_tags'),('reports',1,'view_taxes'),('reports',1,'view_tiers'),('reports',1,'view_timeclock'),('reports',2,'can_change_report_date'),('reports',2,'show_cost_price'),('reports',2,'show_profit'),('reports',2,'view_all_employee_commissions'),('reports',2,'view_appointments'),('reports',2,'view_categories'),('reports',2,'view_closeout'),('reports',2,'view_commissions'),('reports',2,'view_customers'),('reports',2,'view_dashboard_stats'),('reports',2,'view_deleted_sales'),('reports',2,'view_deliveries'),('reports',2,'view_discounts'),('reports',2,'view_employees'),('reports',2,'view_expenses'),('reports',2,'view_giftcards'),('reports',2,'view_inventory_at_all_locations'),('reports',2,'view_inventory_reports'),('reports',2,'view_invoices_reports'),('reports',2,'view_item_kits'),('reports',2,'view_items'),('reports',2,'view_manufacturers'),('reports',2,'view_payments'),('reports',2,'view_price_rules'),('reports',2,'view_profit_and_loss'),('reports',2,'view_receivings'),('reports',2,'view_register_log'),('reports',2,'view_registers'),('reports',2,'view_sales'),('reports',2,'view_sales_generator'),('reports',2,'view_store_account'),('reports',2,'view_store_account_suppliers'),('reports',2,'view_suppliers'),('reports',2,'view_suspended_sales'),('reports',2,'view_tags'),('reports',2,'view_taxes'),('reports',2,'view_tiers'),('reports',2,'view_timeclock'),('reports',4,'view_inventory_reports'),('reports',4,'view_sales'),('sales',1,'add_remove_amounts_from_cash_drawer'),('sales',1,'allow_customer_search_suggestions_for_sales'),('sales',1,'allow_item_search_suggestions_for_sales'),('sales',1,'can_create_estimate'),('sales',1,'can_delete_item_from_sale'),('sales',1,'can_lookup_last_receipt'),('sales',1,'can_lookup_receipt'),('sales',1,'change_sale_date'),('sales',1,'complete_sale'),('sales',1,'delete_sale'),('sales',1,'delete_suspended_sale'),('sales',1,'delete_taxes'),('sales',1,'edit_sale'),('sales',1,'edit_sale_cost_price'),('sales',1,'edit_sale_price'),('sales',1,'edit_suspended_sale'),('sales',1,'edit_suspended_sale_data'),('sales',1,'edit_taxes'),('sales',1,'give_discount'),('sales',1,'process_returns'),('sales',1,'receive_store_account_payment'),('sales',1,'search'),('sales',1,'suspend_sale'),('sales',1,'view_edit_transaction_history'),('sales',1,'view_suspended_receipt'),('sales',2,'add_remove_amounts_from_cash_drawer'),('sales',2,'allow_customer_search_suggestions_for_sales'),('sales',2,'allow_item_search_suggestions_for_sales'),('sales',2,'can_create_estimate'),('sales',2,'can_delete_item_from_sale'),('sales',2,'can_lookup_last_receipt'),('sales',2,'can_lookup_receipt'),('sales',2,'change_sale_date'),('sales',2,'complete_sale'),('sales',2,'delete_sale'),('sales',2,'delete_suspended_sale'),('sales',2,'delete_taxes'),('sales',2,'edit_sale'),('sales',2,'edit_sale_cost_price'),('sales',2,'edit_sale_price'),('sales',2,'edit_suspended_sale'),('sales',2,'edit_suspended_sale_data'),('sales',2,'edit_taxes'),('sales',2,'give_discount'),('sales',2,'process_returns'),('sales',2,'receive_store_account_payment'),('sales',2,'search'),('sales',2,'suspend_sale'),('sales',2,'view_edit_transaction_history'),('sales',2,'view_suspended_receipt'),('sales',4,'allow_customer_search_suggestions_for_sales'),('sales',4,'allow_item_search_suggestions_for_sales'),('sales',4,'can_delete_item_from_sale'),('sales',4,'complete_sale'),('sales',4,'suspend_sale'),('sales',5,'complete_sale'),('sales',5,'suspend_sale'),('suppliers',1,'add_update'),('suppliers',1,'delete'),('suppliers',1,'edit_store_account_balance'),('suppliers',1,'excel_export'),('suppliers',1,'search'),('suppliers',2,'add_update'),('suppliers',2,'delete'),('suppliers',2,'edit_store_account_balance'),('suppliers',2,'excel_export'),('suppliers',2,'search'),('work_orders',1,'delete'),('work_orders',1,'delete_log_activity'),('work_orders',1,'edit'),('work_orders',1,'manage_statuses'),('work_orders',1,'search');

--
-- Table structure for table `phppos_permissions_actions_locations`
--

CREATE TABLE `phppos_permissions_actions_locations` (
  `module_id` varchar(100) NOT NULL,
  `person_id` int(11) NOT NULL,
  `action_id` varchar(100) NOT NULL,
  `location_id` int(10) NOT NULL,
  PRIMARY KEY (`module_id`,`person_id`,`action_id`,`location_id`),
  KEY `phppos_permissions_actions_locations_ibfk_2` (`person_id`),
  KEY `phppos_permissions_actions_locations_ibfk_3` (`action_id`),
  KEY `phppos_permissions_actions_locations_ibfk_4` (`location_id`),
  CONSTRAINT `phppos_permissions_actions_locations_ibfk_1` FOREIGN KEY (`module_id`) REFERENCES `phppos_modules` (`module_id`),
  CONSTRAINT `phppos_permissions_actions_locations_ibfk_2` FOREIGN KEY (`person_id`) REFERENCES `phppos_employees` (`person_id`),
  CONSTRAINT `phppos_permissions_actions_locations_ibfk_3` FOREIGN KEY (`action_id`) REFERENCES `phppos_modules_actions` (`action_id`),
  CONSTRAINT `phppos_permissions_actions_locations_ibfk_4` FOREIGN KEY (`location_id`) REFERENCES `phppos_locations` (`location_id`)
) ENGINE=InnoDB DEFAULT CHARSET=utf8mb3 COLLATE=utf8mb3_unicode_ci;

--
-- Dumping data for table `phppos_permissions_actions_locations`
--


--
-- Table structure for table `phppos_permissions_locations`
--

CREATE TABLE `phppos_permissions_locations` (
  `module_id` varchar(100) NOT NULL,
  `person_id` int(10) NOT NULL,
  `location_id` int(10) NOT NULL,
  PRIMARY KEY (`module_id`,`person_id`,`location_id`),
  KEY `phppos_permissions_locations_ibfk_1` (`person_id`),
  KEY `phppos_permissions_locations_ibfk_3` (`location_id`),
  CONSTRAINT `phppos_permissions_locations_ibfk_1` FOREIGN KEY (`person_id`) REFERENCES `phppos_employees` (`person_id`),
  CONSTRAINT `phppos_permissions_locations_ibfk_2` FOREIGN KEY (`module_id`) REFERENCES `phppos_modules` (`module_id`),
  CONSTRAINT `phppos_permissions_locations_ibfk_3` FOREIGN KEY (`location_id`) REFERENCES `phppos_locations` (`location_id`)
) ENGINE=InnoDB DEFAULT CHARSET=utf8mb3 COLLATE=utf8mb3_unicode_ci;

--
-- Dumping data for table `phppos_permissions_locations`
--


--
-- Table structure for table `phppos_permissions_template`
--

CREATE TABLE `phppos_permissions_template` (
  `template_id` int(11) NOT NULL,
  `module_id` varchar(100) NOT NULL,
  PRIMARY KEY (`template_id`,`module_id`),
  KEY `phppos_permissions_template_ibfk_1` (`module_id`),
  CONSTRAINT `phppos_permissions_template_ibfk_1` FOREIGN KEY (`module_id`) REFERENCES `phppos_modules` (`module_id`),
  CONSTRAINT `phppos_permissions_template_ibfk_2` FOREIGN KEY (`template_id`) REFERENCES `phppos_permissions_templates` (`id`)
) ENGINE=InnoDB DEFAULT CHARSET=utf8mb3 COLLATE=utf8mb3_unicode_ci;

--
-- Dumping data for table `phppos_permissions_template`
--

INSERT INTO `phppos_permissions_template` VALUES (1,'customers'),(1,'items'),(1,'reports'),(1,'sales'),(2,'customers'),(2,'messages'),(2,'sales');

--
-- Table structure for table `phppos_permissions_template_actions`
--

CREATE TABLE `phppos_permissions_template_actions` (
  `template_id` int(11) NOT NULL,
  `module_id` varchar(100) NOT NULL,
  `action_id` varchar(100) NOT NULL,
  PRIMARY KEY (`template_id`,`module_id`,`action_id`),
  KEY `phppos_permissions_template_actions_ibfk_2` (`action_id`),
  KEY `phppos_permissions_template_actions_ibfk_3` (`template_id`),
  KEY `phppos_permissions_template_actions_ibfk_1` (`module_id`),
  CONSTRAINT `phppos_permissions_template_actions_ibfk_1` FOREIGN KEY (`module_id`) REFERENCES `phppos_modules` (`module_id`),
  CONSTRAINT `phppos_permissions_template_actions_ibfk_2` FOREIGN KEY (`action_id`) REFERENCES `phppos_modules_actions` (`action_id`),
  CONSTRAINT `phppos_permissions_template_actions_ibfk_3` FOREIGN KEY (`template_id`) REFERENCES `phppos_permissions_templates` (`id`)
) ENGINE=InnoDB DEFAULT CHARSET=utf8mb3 COLLATE=utf8mb3_unicode_ci;

--
-- Dumping data for table `phppos_permissions_template_actions`
--

INSERT INTO `phppos_permissions_template_actions` VALUES (1,'customers','add_update'),(1,'items','add_update'),(1,'items','search'),(1,'items','see_all_items'),(1,'items','view_inventory_at_all_locations'),(1,'items','view_inventory_print_list'),(1,'reports','view_sales'),(1,'sales','allow_customer_search_suggestions_for_sales'),(1,'sales','allow_item_search_suggestions_for_sales'),(1,'sales','can_delete_item_from_sale'),(1,'sales','complete_sale'),(1,'sales','suspend_sale'),(2,'customers','add_update'),(2,'messages','send_message'),(2,'sales','complete_sale'),(2,'sales','suspend_sale');

--
-- Table structure for table `phppos_permissions_template_actions_locations`
--

CREATE TABLE `phppos_permissions_template_actions_locations` (
  `template_id` int(11) NOT NULL,
  `module_id` varchar(100) NOT NULL,
  `action_id` varchar(100) NOT NULL,
  `location_id` int(10) NOT NULL,
  PRIMARY KEY (`template_id`,`module_id`,`action_id`,`location_id`),
  KEY `phppos_permissions_template_actions_locations_ibfk_2` (`action_id`),
  KEY `phppos_permissions_template_actions_locations_ibfk_3` (`location_id`),
  KEY `phppos_permissions_template_actions_locations_ibfk_4` (`template_id`),
  KEY `phppos_permissions_template_actions_locations_ibfk_1` (`module_id`),
  CONSTRAINT `phppos_permissions_template_actions_locations_ibfk_1` FOREIGN KEY (`module_id`) REFERENCES `phppos_modules` (`module_id`),
  CONSTRAINT `phppos_permissions_template_actions_locations_ibfk_2` FOREIGN KEY (`action_id`) REFERENCES `phppos_modules_actions` (`action_id`),
  CONSTRAINT `phppos_permissions_template_actions_locations_ibfk_3` FOREIGN KEY (`location_id`) REFERENCES `phppos_locations` (`location_id`),
  CONSTRAINT `phppos_permissions_template_actions_locations_ibfk_4` FOREIGN KEY (`template_id`) REFERENCES `phppos_permissions_templates` (`id`)
) ENGINE=InnoDB DEFAULT CHARSET=utf8mb3 COLLATE=utf8mb3_unicode_ci;

--
-- Dumping data for table `phppos_permissions_template_actions_locations`
--


--
-- Table structure for table `phppos_permissions_template_locations`
--

CREATE TABLE `phppos_permissions_template_locations` (
  `template_id` int(11) NOT NULL,
  `module_id` varchar(100) NOT NULL,
  `location_id` int(10) NOT NULL,
  PRIMARY KEY (`template_id`,`module_id`,`location_id`),
  KEY `phppos_permissions_template_locations_ibfk_2` (`location_id`),
  KEY `phppos_permissions_template_locations_ibfk_3` (`template_id`),
  KEY `phppos_permissions_template_locations_ibfk_1` (`module_id`),
  CONSTRAINT `phppos_permissions_template_locations_ibfk_1` FOREIGN KEY (`module_id`) REFERENCES `phppos_modules` (`module_id`),
  CONSTRAINT `phppos_permissions_template_locations_ibfk_2` FOREIGN KEY (`location_id`) REFERENCES `phppos_locations` (`location_id`),
  CONSTRAINT `phppos_permissions_template_locations_ibfk_3` FOREIGN KEY (`template_id`) REFERENCES `phppos_permissions_templates` (`id`)
) ENGINE=InnoDB DEFAULT CHARSET=utf8mb3 COLLATE=utf8mb3_unicode_ci;

--
-- Dumping data for table `phppos_permissions_template_locations`
--


--
-- Table structure for table `phppos_permissions_templates`
--

CREATE TABLE `phppos_permissions_templates` (
  `id` int(11) NOT NULL AUTO_INCREMENT,
  `name` varchar(255) NOT NULL,
  `deleted` int(1) DEFAULT 0,
  PRIMARY KEY (`id`),
  KEY `deleted` (`deleted`),
  KEY `name` (`name`),
  KEY `name_deleted` (`name`,`deleted`)
) ENGINE=InnoDB AUTO_INCREMENT=3 DEFAULT CHARSET=utf8mb3 COLLATE=utf8mb3_unicode_ci;

--
-- Dumping data for table `phppos_permissions_templates`
--

INSERT INTO `phppos_permissions_templates` VALUES (2,'CASHIER',0),(1,'SUPERVISOR',0);

--
-- Table structure for table `phppos_price_rules`
--

CREATE TABLE `phppos_price_rules` (
  `id` int(10) NOT NULL AUTO_INCREMENT,
  `name` varchar(255) NOT NULL,
  `start_date` timestamp NULL DEFAULT NULL,
  `end_date` timestamp NULL DEFAULT NULL,
  `added_on` timestamp NULL DEFAULT current_timestamp(),
  `active` int(1) NOT NULL DEFAULT 1,
  `deleted` int(1) NOT NULL DEFAULT 0,
  `type` varchar(255) NOT NULL,
  `items_to_buy` decimal(23,10) DEFAULT NULL,
  `items_to_get` decimal(23,10) DEFAULT NULL,
  `percent_off` decimal(23,10) DEFAULT NULL,
  `fixed_off` decimal(23,10) DEFAULT NULL,
  `spend_amount` decimal(23,10) DEFAULT NULL,
  `num_times_to_apply` int(10) NOT NULL,
  `coupon_code` varchar(255) DEFAULT NULL,
  `description` text DEFAULT NULL,
  `show_on_receipt` int(1) NOT NULL DEFAULT 0,
  `coupon_spend_amount` decimal(23,10) DEFAULT NULL,
  `mix_and_match` int(1) NOT NULL DEFAULT 0,
  `disable_loyalty_for_rule` int(1) NOT NULL DEFAULT 0,
  `days_of_week` varchar(255) DEFAULT NULL,
  PRIMARY KEY (`id`),
  KEY `name` (`name`),
  KEY `start_date` (`start_date`),
  KEY `end_date` (`end_date`),
  KEY `type` (`type`)
) ENGINE=InnoDB DEFAULT CHARSET=utf8mb3 COLLATE=utf8mb3_unicode_ci;

--
-- Dumping data for table `phppos_price_rules`
--


--
-- Table structure for table `phppos_price_rules_categories`
--

CREATE TABLE `phppos_price_rules_categories` (
  `id` int(10) NOT NULL AUTO_INCREMENT,
  `rule_id` int(10) NOT NULL,
  `category_id` int(10) NOT NULL,
  PRIMARY KEY (`id`),
  KEY `phppos_price_rules_categories_ibfk_1` (`rule_id`),
  KEY `phppos_price_rules_categories_ibfk_2` (`category_id`),
  CONSTRAINT `phppos_price_rules_categories_ibfk_1` FOREIGN KEY (`rule_id`) REFERENCES `phppos_price_rules` (`id`),
  CONSTRAINT `phppos_price_rules_categories_ibfk_2` FOREIGN KEY (`category_id`) REFERENCES `phppos_categories` (`id`)
) ENGINE=InnoDB DEFAULT CHARSET=utf8mb3 COLLATE=utf8mb3_unicode_ci;

--
-- Dumping data for table `phppos_price_rules_categories`
--


--
-- Table structure for table `phppos_price_rules_item_kits`
--

CREATE TABLE `phppos_price_rules_item_kits` (
  `id` int(10) NOT NULL AUTO_INCREMENT,
  `rule_id` int(10) NOT NULL,
  `item_kit_id` int(10) NOT NULL,
  PRIMARY KEY (`id`),
  KEY `phppos_price_rules_item_kits_ibfk_1` (`rule_id`),
  KEY `phppos_price_rules_item_kits_ibfk_2` (`item_kit_id`),
  CONSTRAINT `phppos_price_rules_item_kits_ibfk_1` FOREIGN KEY (`rule_id`) REFERENCES `phppos_price_rules` (`id`),
  CONSTRAINT `phppos_price_rules_item_kits_ibfk_2` FOREIGN KEY (`item_kit_id`) REFERENCES `phppos_item_kits` (`item_kit_id`)
) ENGINE=InnoDB DEFAULT CHARSET=utf8mb3 COLLATE=utf8mb3_unicode_ci;

--
-- Dumping data for table `phppos_price_rules_item_kits`
--


--
-- Table structure for table `phppos_price_rules_items`
--

CREATE TABLE `phppos_price_rules_items` (
  `id` int(10) NOT NULL AUTO_INCREMENT,
  `rule_id` int(10) NOT NULL,
  `item_id` int(10) NOT NULL,
  PRIMARY KEY (`id`),
  KEY `phppos_price_rules_items_ibfk_1` (`rule_id`),
  KEY `phppos_price_rules_items_ibfk_2` (`item_id`),
  CONSTRAINT `phppos_price_rules_items_ibfk_1` FOREIGN KEY (`rule_id`) REFERENCES `phppos_price_rules` (`id`),
  CONSTRAINT `phppos_price_rules_items_ibfk_2` FOREIGN KEY (`item_id`) REFERENCES `phppos_items` (`item_id`)
) ENGINE=InnoDB DEFAULT CHARSET=utf8mb3 COLLATE=utf8mb3_unicode_ci;

--
-- Dumping data for table `phppos_price_rules_items`
--


--
-- Table structure for table `phppos_price_rules_locations`
--

CREATE TABLE `phppos_price_rules_locations` (
  `id` int(10) NOT NULL AUTO_INCREMENT,
  `rule_id` int(10) NOT NULL,
  `location_id` int(10) NOT NULL,
  PRIMARY KEY (`id`),
  KEY `phppos_price_rules_locations_ibfk_1` (`rule_id`),
  KEY `phppos_price_rules_locations_ibfk_2` (`location_id`),
  CONSTRAINT `phppos_price_rules_locations_ibfk_1` FOREIGN KEY (`rule_id`) REFERENCES `phppos_price_rules` (`id`),
  CONSTRAINT `phppos_price_rules_locations_ibfk_2` FOREIGN KEY (`location_id`) REFERENCES `phppos_locations` (`location_id`)
) ENGINE=InnoDB DEFAULT CHARSET=utf8mb3 COLLATE=utf8mb3_unicode_ci;

--
-- Dumping data for table `phppos_price_rules_locations`
--


--
-- Table structure for table `phppos_price_rules_manufacturers`
--

CREATE TABLE `phppos_price_rules_manufacturers` (
  `id` int(10) NOT NULL AUTO_INCREMENT,
  `rule_id` int(10) NOT NULL,
  `manufacturer_id` int(10) NOT NULL,
  PRIMARY KEY (`id`),
  KEY `phppos_price_rules_manufacturers_ibfk_1` (`rule_id`),
  KEY `phppos_price_rules_manufacturers_ibfk_2` (`manufacturer_id`),
  CONSTRAINT `phppos_price_rules_manufacturers_ibfk_1` FOREIGN KEY (`rule_id`) REFERENCES `phppos_price_rules` (`id`),
  CONSTRAINT `phppos_price_rules_manufacturers_ibfk_2` FOREIGN KEY (`manufacturer_id`) REFERENCES `phppos_manufacturers` (`id`)
) ENGINE=InnoDB DEFAULT CHARSET=utf8mb3 COLLATE=utf8mb3_unicode_ci;

--
-- Dumping data for table `phppos_price_rules_manufacturers`
--


--
-- Table structure for table `phppos_price_rules_price_breaks`
--

CREATE TABLE `phppos_price_rules_price_breaks` (
  `id` int(10) NOT NULL AUTO_INCREMENT,
  `rule_id` int(10) NOT NULL,
  `item_qty_to_buy` decimal(23,10) DEFAULT NULL,
  `discount_per_unit_fixed` decimal(23,10) DEFAULT NULL,
  `discount_per_unit_percent` decimal(23,10) DEFAULT NULL,
  PRIMARY KEY (`id`),
  KEY `phppos_price_rules_custom_ibfk_1` (`rule_id`),
  CONSTRAINT `phppos_price_rules_price_breaks_ibfk_1` FOREIGN KEY (`rule_id`) REFERENCES `phppos_price_rules` (`id`)
) ENGINE=InnoDB DEFAULT CHARSET=utf8mb3 COLLATE=utf8mb3_unicode_ci;

--
-- Dumping data for table `phppos_price_rules_price_breaks`
--


--
-- Table structure for table `phppos_price_rules_tags`
--

CREATE TABLE `phppos_price_rules_tags` (
  `id` int(10) NOT NULL AUTO_INCREMENT,
  `rule_id` int(10) NOT NULL,
  `tag_id` int(10) NOT NULL,
  PRIMARY KEY (`id`),
  KEY `phppos_price_rules_tags_ibfk_1` (`rule_id`),
  KEY `phppos_price_rules_tags_ibfk_2` (`tag_id`),
  CONSTRAINT `phppos_price_rules_tags_ibfk_1` FOREIGN KEY (`rule_id`) REFERENCES `phppos_price_rules` (`id`),
  CONSTRAINT `phppos_price_rules_tags_ibfk_2` FOREIGN KEY (`tag_id`) REFERENCES `phppos_tags` (`id`) ON DELETE CASCADE
) ENGINE=InnoDB DEFAULT CHARSET=utf8mb3 COLLATE=utf8mb3_unicode_ci;

--
-- Dumping data for table `phppos_price_rules_tags`
--


--
-- Table structure for table `phppos_price_rules_tiers_exclude`
--

CREATE TABLE `phppos_price_rules_tiers_exclude` (
  `price_rule_id` int(10) NOT NULL,
  `tier_id` int(10) NOT NULL,
  PRIMARY KEY (`price_rule_id`,`tier_id`),
  KEY `phppos_price_rules_tiers_ibfk_2` (`tier_id`),
  CONSTRAINT `phppos_price_rules_tiers_ibfk_1` FOREIGN KEY (`price_rule_id`) REFERENCES `phppos_price_rules` (`id`),
  CONSTRAINT `phppos_price_rules_tiers_ibfk_2` FOREIGN KEY (`tier_id`) REFERENCES `phppos_price_tiers` (`id`)
) ENGINE=InnoDB DEFAULT CHARSET=utf8mb3 COLLATE=utf8mb3_unicode_ci;

--
-- Dumping data for table `phppos_price_rules_tiers_exclude`
--


--
-- Table structure for table `phppos_price_tiers`
--

CREATE TABLE `phppos_price_tiers` (
  `id` int(10) NOT NULL AUTO_INCREMENT,
  `order` int(10) NOT NULL DEFAULT 0,
  `name` varchar(255) NOT NULL,
  `default_percent_off` decimal(15,3) DEFAULT NULL,
  `default_cost_plus_percent` decimal(15,3) DEFAULT NULL,
  `default_cost_plus_fixed_amount` decimal(23,10) DEFAULT NULL,
  PRIMARY KEY (`id`)
) ENGINE=InnoDB DEFAULT CHARSET=utf8mb3 COLLATE=utf8mb3_unicode_ci;

--
-- Dumping data for table `phppos_price_tiers`
--


--
-- Table structure for table `phppos_processing_return_logs`
--

CREATE TABLE `phppos_processing_return_logs` (
  `id` int(11) NOT NULL AUTO_INCREMENT,
  `return_time` timestamp NULL DEFAULT current_timestamp(),
  `employee_id` int(10) NOT NULL,
  `sale_id` int(10) DEFAULT NULL,
  `orig_voided_processor_transaction_id` varchar(255) NOT NULL,
  `voided_processor_transaction_id` varchar(255) NOT NULL,
  `amount` decimal(23,10) DEFAULT NULL,
  PRIMARY KEY (`id`),
  KEY `phppos_processing_return_logs_ibfk_1` (`employee_id`),
  KEY `phppos_processing_return_logs_ibfk_2` (`sale_id`),
  CONSTRAINT `phppos_processing_return_logs_ibfk_1` FOREIGN KEY (`employee_id`) REFERENCES `phppos_employees` (`person_id`),
  CONSTRAINT `phppos_processing_return_logs_ibfk_2` FOREIGN KEY (`sale_id`) REFERENCES `phppos_sales` (`sale_id`)
) ENGINE=InnoDB DEFAULT CHARSET=utf8mb3 COLLATE=utf8mb3_unicode_ci;

--
-- Dumping data for table `phppos_processing_return_logs`
--


--
-- Table structure for table `phppos_receivings`
--

CREATE TABLE `phppos_receivings` (
  `receiving_time` timestamp NOT NULL DEFAULT current_timestamp(),
  `supplier_id` int(10) DEFAULT NULL,
  `employee_id` int(10) NOT NULL DEFAULT 0,
  `comment` text NOT NULL,
  `supplier_invoice_number` varchar(255) DEFAULT NULL,
  `receiving_id` int(10) NOT NULL AUTO_INCREMENT,
  `payment_type` text DEFAULT NULL,
  `deleted` int(1) NOT NULL DEFAULT 0,
  `deleted_by` int(10) DEFAULT NULL,
  `suspended` int(1) NOT NULL DEFAULT 0,
  `location_id` int(11) NOT NULL,
  `transfer_to_location_id` int(11) DEFAULT NULL,
  `deleted_taxes` text DEFAULT NULL,
  `is_po` int(1) NOT NULL DEFAULT 0,
  `store_account_payment` int(1) NOT NULL DEFAULT 0,
  `total_quantity_purchased` decimal(23,10) NOT NULL DEFAULT 0.0000000000,
  `total_quantity_received` decimal(23,10) NOT NULL DEFAULT 0.0000000000,
  `subtotal` decimal(23,10) NOT NULL DEFAULT 0.0000000000,
  `tax` decimal(23,10) NOT NULL DEFAULT 0.0000000000,
  `total` decimal(23,10) NOT NULL DEFAULT 0.0000000000,
  `profit` decimal(23,10) NOT NULL DEFAULT 0.0000000000,
  `exchange_rate` decimal(23,10) NOT NULL DEFAULT 1.0000000000,
  `exchange_name` varchar(255) NOT NULL DEFAULT '',
  `exchange_currency_symbol` varchar(255) NOT NULL DEFAULT '',
  `exchange_currency_symbol_location` varchar(255) NOT NULL DEFAULT '',
  `exchange_number_of_decimals` varchar(255) NOT NULL DEFAULT '',
  `exchange_thousands_separator` varchar(255) NOT NULL DEFAULT '',
  `exchange_decimal_point` varchar(255) NOT NULL DEFAULT '',
  `custom_field_1_value` varchar(255) DEFAULT NULL,
  `custom_field_2_value` varchar(255) DEFAULT NULL,
  `custom_field_3_value` varchar(255) DEFAULT NULL,
  `custom_field_4_value` varchar(255) DEFAULT NULL,
  `custom_field_5_value` varchar(255) DEFAULT NULL,
  `custom_field_6_value` varchar(255) DEFAULT NULL,
  `custom_field_7_value` varchar(255) DEFAULT NULL,
  `custom_field_8_value` varchar(255) DEFAULT NULL,
  `custom_field_9_value` varchar(255) DEFAULT NULL,
  `custom_field_10_value` varchar(255) DEFAULT NULL,
  `last_modified` timestamp NULL DEFAULT NULL,
  `override_taxes` text DEFAULT NULL,
  `shipping_cost` decimal(23,10) DEFAULT NULL,
  `signature_image_id` int(10) DEFAULT NULL,
  `created_at` timestamp NULL DEFAULT current_timestamp(),
  `updated_at` timestamp NULL DEFAULT NULL,
  PRIMARY KEY (`receiving_id`),
  KEY `supplier_id` (`supplier_id`),
  KEY `employee_id` (`employee_id`),
  KEY `deleted` (`deleted`),
  KEY `location_id` (`location_id`),
  KEY `transfer_to_location_id` (`transfer_to_location_id`),
  KEY `recv_search` (`location_id`,`deleted`,`receiving_time`,`suspended`,`store_account_payment`,`total_quantity_purchased`),
  KEY `custom_field_1_value` (`custom_field_1_value`),
  KEY `custom_field_2_value` (`custom_field_2_value`),
  KEY `custom_field_3_value` (`custom_field_3_value`),
  KEY `custom_field_4_value` (`custom_field_4_value`),
  KEY `custom_field_5_value` (`custom_field_5_value`),
  KEY `custom_field_6_value` (`custom_field_6_value`),
  KEY `custom_field_7_value` (`custom_field_7_value`),
  KEY `custom_field_8_value` (`custom_field_8_value`),
  KEY `custom_field_9_value` (`custom_field_9_value`),
  KEY `custom_field_10_value` (`custom_field_10_value`),
  KEY `signature_image_id` (`signature_image_id`),
  CONSTRAINT `phppos_receivings_ibfk_1` FOREIGN KEY (`employee_id`) REFERENCES `phppos_employees` (`person_id`),
  CONSTRAINT `phppos_receivings_ibfk_2` FOREIGN KEY (`supplier_id`) REFERENCES `phppos_suppliers` (`person_id`),
  CONSTRAINT `phppos_receivings_ibfk_3` FOREIGN KEY (`location_id`) REFERENCES `phppos_locations` (`location_id`),
  CONSTRAINT `phppos_receivings_ibfk_4` FOREIGN KEY (`transfer_to_location_id`) REFERENCES `phppos_locations` (`location_id`),
  CONSTRAINT `phppos_receivings_ibfk_5` FOREIGN KEY (`signature_image_id`) REFERENCES `phppos_app_files` (`file_id`)
) ENGINE=InnoDB AUTO_INCREMENT=86 DEFAULT CHARSET=utf8mb3 COLLATE=utf8mb3_unicode_ci;

--
-- Dumping data for table `phppos_receivings`
--

INSERT INTO `phppos_receivings` VALUES ('2025-01-11 18:44:33',NULL,2,'',NULL,1,'Cash: ₦770,226.80<br />',0,NULL,0,1,NULL,NULL,0,0,296.0000000000,296.0000000000,770226.8000000000,0.0000000000,770226.8000000000,0.0000000000,1.0000000000,'','₦','before','',',','',NULL,NULL,NULL,NULL,NULL,NULL,NULL,NULL,NULL,NULL,NULL,NULL,NULL,NULL,'2025-01-11 18:44:33',NULL),('2025-01-23 21:05:55',NULL,4,'',NULL,2,'Transfer: ₦33,488.00<br />',0,NULL,0,1,NULL,NULL,0,0,20.0000000000,20.0000000000,33488.0000000000,0.0000000000,33488.0000000000,0.0000000000,1.0000000000,'','₦','before','',',','',NULL,NULL,NULL,NULL,NULL,NULL,NULL,NULL,NULL,NULL,NULL,NULL,NULL,NULL,'2025-01-23 21:05:54',NULL),('2025-01-23 22:01:20',NULL,4,'',NULL,3,'Transfer: ₦0.00<br />',0,NULL,0,1,NULL,NULL,0,0,48.0000000000,48.0000000000,0.0000000000,0.0000000000,0.0000000000,0.0000000000,1.0000000000,'','₦','before','',',','',NULL,NULL,NULL,NULL,NULL,NULL,NULL,NULL,NULL,NULL,NULL,NULL,NULL,NULL,'2025-01-23 22:01:20',NULL),('2025-01-23 22:03:29',NULL,4,'',NULL,4,'Transfer: ₦59,535.20<br />',0,NULL,0,1,NULL,NULL,0,0,8.0000000000,8.0000000000,59535.2000000000,0.0000000000,59535.2000000000,0.0000000000,1.0000000000,'','₦','before','',',','',NULL,NULL,NULL,NULL,NULL,NULL,NULL,NULL,NULL,NULL,NULL,NULL,NULL,NULL,'2025-01-23 22:03:29',NULL),('2025-01-23 22:05:14',NULL,4,'',NULL,5,'Transfer: ₦0.00<br />',0,NULL,0,1,NULL,NULL,0,0,12.0000000000,12.0000000000,0.0000000000,0.0000000000,0.0000000000,0.0000000000,1.0000000000,'','₦','before','',',','',NULL,NULL,NULL,NULL,NULL,NULL,NULL,NULL,NULL,NULL,NULL,NULL,NULL,NULL,'2025-01-23 22:05:14',NULL),('2025-01-23 22:06:41',NULL,4,'',NULL,6,'Transfer: ₦0.00<br />',0,NULL,0,1,NULL,NULL,0,0,12.0000000000,12.0000000000,0.0000000000,0.0000000000,0.0000000000,0.0000000000,1.0000000000,'','₦','before','',',','',NULL,NULL,NULL,NULL,NULL,NULL,NULL,NULL,NULL,NULL,NULL,NULL,NULL,NULL,'2025-01-23 22:06:41',NULL),('2025-01-23 22:17:58',NULL,4,'',NULL,7,'Transfer: ₦59,535.20<br />',0,NULL,0,1,NULL,NULL,0,0,8.0000000000,8.0000000000,59535.2000000000,0.0000000000,59535.2000000000,0.0000000000,1.0000000000,'','₦','before','',',','',NULL,NULL,NULL,NULL,NULL,NULL,NULL,NULL,NULL,NULL,NULL,NULL,NULL,NULL,'2025-01-23 22:17:58',NULL),('2025-01-24 15:44:00',NULL,4,'',NULL,8,'Transfer: ₦0.00<br />',0,NULL,0,1,NULL,NULL,0,0,2.0000000000,2.0000000000,0.0000000000,0.0000000000,0.0000000000,0.0000000000,1.0000000000,'','₦','before','',',','',NULL,NULL,NULL,NULL,NULL,NULL,NULL,NULL,NULL,NULL,NULL,NULL,NULL,NULL,'2025-01-24 15:44:00',NULL),('2025-01-24 17:27:23',NULL,4,'',NULL,9,'Transfer: ₦75,907.20<br />',0,NULL,0,1,NULL,NULL,0,0,12.0000000000,12.0000000000,75907.2000000000,0.0000000000,75907.2000000000,0.0000000000,1.0000000000,'','₦','before','',',','',NULL,NULL,NULL,NULL,NULL,NULL,NULL,NULL,NULL,NULL,NULL,NULL,NULL,NULL,'2025-01-24 17:27:23',NULL),('2025-01-27 19:49:59',NULL,4,'',NULL,10,'Transfer: ₦141,392.00<br />',0,NULL,0,1,NULL,NULL,0,0,80.0000000000,80.0000000000,141392.0000000000,0.0000000000,141392.0000000000,0.0000000000,1.0000000000,'','₦','before','',',','',NULL,NULL,NULL,NULL,NULL,NULL,NULL,NULL,NULL,NULL,NULL,NULL,NULL,NULL,'2025-01-27 19:49:59',NULL),('2025-01-28 17:24:34',NULL,4,'',NULL,11,'Transfer: ₦0.00<br />',0,NULL,0,1,NULL,NULL,0,0,48.0000000000,48.0000000000,0.0000000000,0.0000000000,0.0000000000,0.0000000000,1.0000000000,'','₦','before','',',','',NULL,NULL,NULL,NULL,NULL,NULL,NULL,NULL,NULL,NULL,NULL,NULL,NULL,NULL,'2025-01-28 17:24:34',NULL),('2025-02-08 21:37:55',NULL,4,'',NULL,12,'Transfer: ₦279,064.00<br />',0,NULL,0,1,NULL,NULL,0,0,160.0000000000,160.0000000000,279064.0000000000,0.0000000000,279064.0000000000,0.0000000000,1.0000000000,'','₦','before','',',','',NULL,NULL,NULL,NULL,NULL,NULL,NULL,NULL,NULL,NULL,NULL,NULL,NULL,NULL,'2025-02-08 21:37:55',NULL),('2025-02-12 21:45:39',NULL,4,'',NULL,13,'Transfer: ₦44,651.40<br />',0,NULL,0,1,NULL,NULL,0,0,6.0000000000,6.0000000000,44651.4000000000,0.0000000000,44651.4000000000,0.0000000000,1.0000000000,'','₦','before','',',','',NULL,NULL,NULL,NULL,NULL,NULL,NULL,NULL,NULL,NULL,NULL,NULL,NULL,NULL,'2025-02-12 21:45:39',NULL),('2025-02-18 21:36:05',NULL,4,'eupho',NULL,14,'Transfer: ₦526,877.20<br />',0,NULL,0,1,NULL,NULL,0,0,250.0000000000,250.0000000000,526877.2000000000,0.0000000000,526877.2000000000,0.0000000000,1.0000000000,'','₦','before','',',','',NULL,NULL,NULL,NULL,NULL,NULL,NULL,NULL,NULL,NULL,NULL,NULL,NULL,NULL,'2025-02-18 21:36:05',NULL),('2025-02-18 21:37:17',NULL,4,'',NULL,15,'Transfer: ₦1,674.40<br />',0,NULL,0,1,NULL,NULL,0,0,1.0000000000,1.0000000000,1674.4000000000,0.0000000000,1674.4000000000,0.0000000000,1.0000000000,'','₦','before','',',','',NULL,NULL,NULL,NULL,NULL,NULL,NULL,NULL,NULL,NULL,NULL,NULL,NULL,NULL,'2025-02-18 21:37:17',NULL),('2025-02-18 21:37:57',NULL,4,'',NULL,16,'Transfer: ₦31,813.60<br />',0,NULL,0,1,NULL,NULL,0,0,19.0000000000,19.0000000000,31813.6000000000,0.0000000000,31813.6000000000,0.0000000000,1.0000000000,'','₦','before','',',','',NULL,NULL,NULL,NULL,NULL,NULL,NULL,NULL,NULL,NULL,NULL,NULL,NULL,NULL,'2025-02-18 21:37:57',NULL),('2025-02-28 20:56:40',NULL,4,'',NULL,17,'Transfer: ₦418,226.40<br />',0,NULL,0,1,NULL,NULL,0,0,180.0000000000,180.0000000000,418226.4000000000,0.0000000000,418226.4000000000,0.0000000000,1.0000000000,'','₦','before','',',','',NULL,NULL,NULL,NULL,NULL,NULL,NULL,NULL,NULL,NULL,NULL,NULL,NULL,NULL,'2025-02-28 20:56:40',NULL),('2025-03-05 22:12:28',NULL,4,'',NULL,18,'Transfer: ₦366,600.50<br />',0,NULL,0,1,NULL,NULL,0,0,140.0000000000,140.0000000000,366600.5000000000,0.0000000000,366600.5000000000,0.0000000000,1.0000000000,'','₦','before','',',','',NULL,NULL,NULL,NULL,NULL,NULL,NULL,NULL,NULL,NULL,NULL,NULL,NULL,NULL,'2025-03-05 22:12:28',NULL),('2025-03-11 18:08:50',NULL,4,'',NULL,19,'Transfer: ₦156,279.36<br />',0,NULL,0,1,NULL,NULL,0,0,60.0000000000,60.0000000000,156279.3600000000,0.0000000000,156279.3600000000,0.0000000000,1.0000000000,'','₦','before','',',','',NULL,NULL,NULL,NULL,NULL,NULL,NULL,NULL,NULL,NULL,NULL,NULL,NULL,NULL,'2025-03-11 18:08:50',NULL),('2025-03-18 21:13:27',NULL,4,'',NULL,20,'Transfer: ₦558,508.56<br />',0,NULL,0,1,NULL,NULL,0,0,228.0000000000,228.0000000000,558508.5600000000,0.0000000000,558508.5600000000,0.0000000000,1.0000000000,'','₦','before','',',','',NULL,NULL,NULL,NULL,NULL,NULL,NULL,NULL,NULL,NULL,NULL,NULL,NULL,NULL,'2025-03-18 21:13:27',NULL),('2025-03-28 19:50:06',NULL,4,'',NULL,21,'Transfer: ₦675,061.88<br />',0,NULL,0,1,NULL,NULL,0,0,293.0000000000,293.0000000000,675061.8800000000,0.0000000000,675061.8800000000,0.0000000000,1.0000000000,'','₦','before','',',','',NULL,NULL,NULL,NULL,NULL,NULL,NULL,NULL,NULL,NULL,NULL,NULL,NULL,NULL,'2025-03-28 19:50:06',NULL),('2025-04-10 21:22:45',NULL,4,'',NULL,22,'Transfer: ₦409,483.12<br />',0,NULL,0,1,NULL,NULL,0,0,238.0000000000,238.0000000000,409483.1200000000,0.0000000000,409483.1200000000,0.0000000000,1.0000000000,'','₦','before','',',','',NULL,NULL,NULL,NULL,NULL,NULL,NULL,NULL,NULL,NULL,NULL,NULL,NULL,NULL,'2025-04-10 21:22:45',NULL),('2025-04-23 19:15:09',NULL,4,'',NULL,23,'Transfer: ₦475,528.00<br />',0,NULL,0,1,NULL,NULL,0,0,220.0000000000,220.0000000000,475528.0000000000,0.0000000000,475528.0000000000,0.0000000000,1.0000000000,'','₦','before','',',','',NULL,NULL,NULL,NULL,NULL,NULL,NULL,NULL,NULL,NULL,NULL,NULL,NULL,NULL,'2025-04-23 19:15:08',NULL),('2025-05-06 20:34:05',NULL,4,'',NULL,24,'Transfer: ₦380,273.76<br />',0,NULL,0,1,NULL,NULL,0,0,192.0000000000,192.0000000000,380273.7600000000,0.0000000000,380273.7600000000,0.0000000000,1.0000000000,'','₦','before','',',','',NULL,NULL,NULL,NULL,NULL,NULL,NULL,NULL,NULL,NULL,NULL,NULL,NULL,NULL,'2025-05-06 20:34:05',NULL),('2025-05-17 17:23:14',NULL,4,'',NULL,25,'Transfer: ₦605,762.56<br />',0,NULL,0,1,NULL,NULL,0,0,250.0000000000,250.0000000000,605762.5600000000,0.0000000000,605762.5600000000,0.0000000000,1.0000000000,'','₦','before','',',','',NULL,NULL,NULL,NULL,NULL,NULL,NULL,NULL,NULL,NULL,NULL,NULL,NULL,NULL,'2025-05-17 17:23:14',NULL),('2025-05-27 18:22:15',NULL,4,'',NULL,26,'Transfer: ₦372,830.88<br />',0,NULL,0,1,NULL,NULL,0,0,216.0000000000,216.0000000000,372830.8800000000,0.0000000000,372830.8800000000,0.0000000000,1.0000000000,'','₦','before','',',','',NULL,NULL,NULL,NULL,NULL,NULL,NULL,NULL,NULL,NULL,NULL,NULL,NULL,NULL,'2025-05-27 18:22:14',NULL),('2025-06-10 15:00:41',NULL,4,'',NULL,27,'Transfer: ₦546,234.22<br />',0,NULL,0,1,NULL,NULL,0,0,144.0000000000,144.0000000000,546234.2200000000,0.0000000000,546234.2200000000,0.0000000000,1.0000000000,'','₦','before','',',','',NULL,NULL,NULL,NULL,NULL,NULL,NULL,NULL,NULL,NULL,NULL,NULL,NULL,NULL,'2025-06-10 15:00:41',NULL),('2025-06-10 15:06:41',NULL,4,'',NULL,28,'Transfer: ₦0.00<br />',0,NULL,0,1,NULL,NULL,0,0,24.0000000000,24.0000000000,0.0000000000,0.0000000000,0.0000000000,0.0000000000,1.0000000000,'','₦','before','',',','',NULL,NULL,NULL,NULL,NULL,NULL,NULL,NULL,NULL,NULL,NULL,NULL,NULL,NULL,'2025-06-10 15:06:41',NULL),('2025-06-21 22:49:41',NULL,4,'',NULL,29,'Transfer: ₦266,713.40<br />',0,NULL,0,1,NULL,NULL,0,0,164.0000000000,164.0000000000,266713.4000000000,0.0000000000,266713.4000000000,0.0000000000,1.0000000000,'','₦','before','',',','',NULL,NULL,NULL,NULL,NULL,NULL,NULL,NULL,NULL,NULL,NULL,NULL,NULL,NULL,'2025-06-21 22:49:41',NULL),('2025-06-21 22:55:41',NULL,4,'',NULL,30,'Transfer: ₦0.00<br />',0,NULL,0,1,NULL,NULL,0,0,60.0000000000,60.0000000000,0.0000000000,0.0000000000,0.0000000000,0.0000000000,1.0000000000,'','₦','before','',',','',NULL,NULL,NULL,NULL,NULL,NULL,NULL,NULL,NULL,NULL,NULL,NULL,NULL,NULL,'2025-06-21 22:55:41',NULL),('2025-07-02 23:13:09',NULL,4,'',NULL,31,'Transfer: ₦656,270.68<br />',0,NULL,0,1,NULL,NULL,0,0,289.0000000000,289.0000000000,656270.6800000000,0.0000000000,656270.6800000000,0.0000000000,1.0000000000,'','₦','before','',',','',NULL,NULL,NULL,NULL,NULL,NULL,NULL,NULL,NULL,NULL,NULL,NULL,NULL,NULL,'2025-07-02 23:13:09',NULL),('2025-07-02 23:18:18',NULL,4,'',NULL,32,'Transfer: ₦0.00<br />',0,NULL,0,1,NULL,NULL,0,0,12.0000000000,12.0000000000,0.0000000000,0.0000000000,0.0000000000,0.0000000000,1.0000000000,'','₦','before','',',','',NULL,NULL,NULL,NULL,NULL,NULL,NULL,NULL,NULL,NULL,NULL,NULL,NULL,NULL,'2025-07-02 23:18:18',NULL),('2025-07-23 18:59:15',NULL,4,'',NULL,33,'Transfer: ₦655,615.36<br />',0,NULL,0,1,NULL,NULL,0,0,376.0000000000,376.0000000000,655615.3600000000,0.0000000000,655615.3600000000,0.0000000000,1.0000000000,'','₦','before','',',','',NULL,NULL,NULL,NULL,NULL,NULL,NULL,NULL,NULL,NULL,NULL,NULL,NULL,NULL,'2025-07-23 18:59:15',NULL),('2025-08-23 22:08:33',NULL,4,'',NULL,34,'Transfer: ₦693,753.54<br />',0,NULL,0,1,NULL,NULL,0,0,495.0000000000,495.0000000000,693753.5400000000,0.0000000000,693753.5400000000,0.0000000000,1.0000000000,'','₦','before','',',','',NULL,NULL,NULL,NULL,NULL,NULL,NULL,NULL,NULL,NULL,NULL,NULL,NULL,NULL,'2025-08-23 22:08:33',NULL),('2025-08-23 23:07:29',NULL,4,'',NULL,35,'Transfer: ₦61,023.28<br />',0,NULL,0,1,NULL,NULL,0,0,8.0000000000,8.0000000000,61023.2800000000,0.0000000000,61023.2800000000,0.0000000000,1.0000000000,'','₦','before','',',','',NULL,NULL,NULL,NULL,NULL,NULL,NULL,NULL,NULL,NULL,NULL,NULL,NULL,NULL,'2025-08-23 23:07:29',NULL),('2025-09-04 23:09:15',NULL,4,'',NULL,36,'Transfer: ₦616,363.88<br />',0,NULL,0,1,NULL,NULL,0,0,244.0000000000,244.0000000000,616363.8800000000,0.0000000000,616363.8800000000,0.0000000000,1.0000000000,'','₦','before','',',','',NULL,NULL,NULL,NULL,NULL,NULL,NULL,NULL,NULL,NULL,NULL,NULL,NULL,NULL,'2025-09-04 23:09:15',NULL),('2025-09-15 16:41:14',NULL,4,'',NULL,37,'Transfer: ₦554,038.58<br />',0,NULL,0,1,NULL,NULL,0,0,232.0000000000,232.0000000000,554038.5800000000,0.0000000000,554038.5800000000,0.0000000000,1.0000000000,'','₦','before','',',','',NULL,NULL,NULL,NULL,NULL,NULL,NULL,NULL,NULL,NULL,NULL,NULL,NULL,NULL,'2025-09-15 16:41:14',NULL),('2025-09-26 16:02:17',NULL,4,'',NULL,38,'Transfer: ₦677,108.12<br />',0,NULL,0,1,NULL,NULL,0,0,249.0000000000,249.0000000000,677108.1200000000,0.0000000000,677108.1200000000,0.0000000000,1.0000000000,'','₦','before','',',','',NULL,NULL,NULL,NULL,NULL,NULL,NULL,NULL,NULL,NULL,NULL,NULL,NULL,NULL,'2025-09-26 16:02:17',NULL),('2025-10-02 21:03:53',NULL,4,'',NULL,39,'Transfer: ₦635,152.80<br />',0,NULL,0,1,NULL,NULL,0,0,270.0000000000,270.0000000000,635152.8000000000,0.0000000000,635152.8000000000,0.0000000000,1.0000000000,'','₦','before','',',','',NULL,NULL,NULL,NULL,NULL,NULL,NULL,NULL,NULL,NULL,NULL,NULL,NULL,NULL,'2025-10-02 21:03:53',NULL),('2025-10-13 15:43:06',NULL,4,'',NULL,40,'Transfer: ₦737,967.54<br />',0,NULL,0,1,NULL,NULL,0,0,288.0000000000,288.0000000000,737967.5400000000,0.0000000000,737967.5400000000,0.0000000000,1.0000000000,'','₦','before','',',','',NULL,NULL,NULL,NULL,NULL,NULL,NULL,NULL,NULL,NULL,NULL,NULL,NULL,NULL,'2025-10-13 15:43:06',NULL),('2025-10-20 15:52:07',NULL,4,'',NULL,41,'Transfer: ₦701,041.20<br />',0,NULL,0,1,NULL,NULL,0,0,352.0000000000,352.0000000000,701041.2000000000,0.0000000000,701041.2000000000,0.0000000000,1.0000000000,'','₦','before','',',','',NULL,NULL,NULL,NULL,NULL,NULL,NULL,NULL,NULL,NULL,NULL,NULL,NULL,NULL,'2025-10-20 15:52:07',NULL),('2025-10-24 21:34:52',NULL,4,'',NULL,42,'Transfer: ₦1,006,318.52<br />',0,NULL,0,1,NULL,NULL,0,0,333.0000000000,333.0000000000,1006318.5200000000,0.0000000000,1006318.5200000000,0.0000000000,1.0000000000,'','₦','before','',',','',NULL,NULL,NULL,NULL,NULL,NULL,NULL,NULL,NULL,NULL,NULL,NULL,NULL,NULL,'2025-10-24 21:34:52',NULL),('2025-10-24 21:38:49',NULL,4,'',NULL,43,'Transfer: ₦0.00<br />',0,NULL,0,1,NULL,NULL,0,0,12.0000000000,12.0000000000,0.0000000000,0.0000000000,0.0000000000,0.0000000000,1.0000000000,'','₦','before','',',','',NULL,NULL,NULL,NULL,NULL,NULL,NULL,NULL,NULL,NULL,NULL,NULL,NULL,NULL,'2025-10-24 21:38:49',NULL),('2025-10-27 20:53:15',NULL,4,'',NULL,44,'Transfer: ₦53,022.00<br />',0,NULL,0,1,NULL,NULL,0,0,30.0000000000,30.0000000000,53022.0000000000,0.0000000000,53022.0000000000,0.0000000000,1.0000000000,'','₦','before','',',','',NULL,NULL,NULL,NULL,NULL,NULL,NULL,NULL,NULL,NULL,NULL,NULL,NULL,NULL,'2025-10-27 20:53:15',NULL),('2025-10-27 21:17:13',NULL,4,'',NULL,45,'Transfer: ₦53,022.00<br />',0,NULL,0,1,NULL,NULL,0,0,30.0000000000,30.0000000000,53022.0000000000,0.0000000000,53022.0000000000,0.0000000000,1.0000000000,'','₦','before','',',','',NULL,NULL,NULL,NULL,NULL,NULL,NULL,NULL,NULL,NULL,NULL,NULL,NULL,NULL,'2025-10-27 21:17:13',NULL),('2025-10-31 16:23:19',NULL,4,'',NULL,46,'Transfer: ₦1,087,282.24<br />',0,NULL,0,1,NULL,NULL,0,0,362.0000000000,362.0000000000,1087282.2400000000,0.0000000000,1087282.2400000000,0.0000000000,1.0000000000,'','₦','before','',',','',NULL,NULL,NULL,NULL,NULL,NULL,NULL,NULL,NULL,NULL,NULL,NULL,NULL,NULL,'2025-10-31 16:23:19',NULL),('2025-11-03 18:06:27',NULL,4,'',NULL,47,'Transfer: ₦106,044.00<br />',0,NULL,0,1,NULL,NULL,0,0,60.0000000000,60.0000000000,106044.0000000000,0.0000000000,106044.0000000000,0.0000000000,1.0000000000,'','₦','before','',',','',NULL,NULL,NULL,NULL,NULL,NULL,NULL,NULL,NULL,NULL,NULL,NULL,NULL,NULL,'2025-11-03 18:06:27',NULL),('2025-11-10 19:36:14',NULL,4,'',NULL,48,'Transfer: ₦995,250.40<br />',0,NULL,0,1,NULL,NULL,0,0,293.0000000000,293.0000000000,995250.4000000000,0.0000000000,995250.4000000000,0.0000000000,1.0000000000,'','₦','before','',',','',NULL,NULL,NULL,NULL,NULL,NULL,NULL,NULL,NULL,NULL,NULL,NULL,NULL,NULL,'2025-11-10 19:36:14',NULL),('2025-11-10 19:38:59',NULL,4,'',NULL,49,'Transfer: ₦176,740.00<br />',0,NULL,0,1,NULL,NULL,0,0,100.0000000000,100.0000000000,176740.0000000000,0.0000000000,176740.0000000000,0.0000000000,1.0000000000,'','₦','before','',',','',NULL,NULL,NULL,NULL,NULL,NULL,NULL,NULL,NULL,NULL,NULL,NULL,NULL,NULL,'2025-11-10 19:38:59',NULL),('2025-11-17 19:40:41',NULL,4,'',NULL,50,'Transfer: ₦70,696.00<br />',0,NULL,0,1,NULL,NULL,0,0,120.0000000000,120.0000000000,70696.0000000000,0.0000000000,70696.0000000000,0.0000000000,1.0000000000,'','₦','before','',',','',NULL,NULL,NULL,NULL,NULL,NULL,NULL,NULL,NULL,NULL,NULL,NULL,NULL,NULL,'2025-11-17 19:40:41',NULL),('2025-11-17 19:42:53',NULL,4,'',NULL,51,'Transfer: ₦0.00<br />',0,NULL,0,1,NULL,NULL,0,0,8.0000000000,8.0000000000,0.0000000000,0.0000000000,0.0000000000,0.0000000000,1.0000000000,'','₦','before','',',','',NULL,NULL,NULL,NULL,NULL,NULL,NULL,NULL,NULL,NULL,NULL,NULL,NULL,NULL,'2025-11-17 19:42:53',NULL),('2025-11-22 00:01:59',NULL,4,'',NULL,52,'Transfer: ₦518,319.92<br />',0,NULL,0,1,NULL,NULL,0,0,202.0000000000,202.0000000000,518319.9200000000,0.0000000000,518319.9200000000,0.0000000000,1.0000000000,'','₦','before','',',','',NULL,NULL,NULL,NULL,NULL,NULL,NULL,NULL,NULL,NULL,NULL,NULL,NULL,NULL,'2025-11-22 00:01:59',NULL),('2025-11-27 17:17:28',NULL,4,'',NULL,53,'Transfer: ₦830,033.06<br />',0,NULL,0,1,NULL,NULL,0,0,422.0000000000,422.0000000000,830033.0600000000,0.0000000000,830033.0600000000,0.0000000000,1.0000000000,'','₦','before','',',','',NULL,NULL,NULL,NULL,NULL,NULL,NULL,NULL,NULL,NULL,NULL,NULL,NULL,NULL,'2025-11-27 17:17:28',NULL),('2025-12-01 23:32:01',NULL,4,'',NULL,54,'Transfer: ₦114,604.00<br />',0,NULL,0,1,NULL,NULL,0,0,14.0000000000,14.0000000000,114604.0000000000,0.0000000000,114604.0000000000,0.0000000000,1.0000000000,'','₦','before','',',','',NULL,NULL,NULL,NULL,NULL,NULL,NULL,NULL,NULL,NULL,NULL,NULL,NULL,NULL,'2025-12-01 23:32:01',NULL),('2025-12-05 20:38:10',NULL,4,'',NULL,55,'Transfer: ₦923,147.56<br />',0,NULL,0,1,NULL,NULL,0,0,432.0000000000,432.0000000000,923147.5600000000,0.0000000000,923147.5600000000,0.0000000000,1.0000000000,'','₦','before','',',','',NULL,NULL,NULL,NULL,NULL,NULL,NULL,NULL,NULL,NULL,NULL,NULL,NULL,NULL,'2025-12-05 20:38:10',NULL),('2025-12-16 22:37:27',NULL,4,'',NULL,56,'Transfer: ₦997,380.36<br />',0,NULL,0,1,NULL,NULL,0,0,487.0000000000,487.0000000000,997380.3600000000,0.0000000000,997380.3600000000,0.0000000000,1.0000000000,'','₦','before','',',','',NULL,NULL,NULL,NULL,NULL,NULL,NULL,NULL,NULL,NULL,NULL,NULL,NULL,NULL,'2025-12-16 22:37:27',NULL),('2026-02-09 19:36:13',NULL,4,'',NULL,57,'Transfer: ₦691,156.44<br />',0,NULL,0,1,NULL,NULL,0,0,239.0000000000,239.0000000000,691156.4400000000,0.0000000000,691156.4400000000,0.0000000000,1.0000000000,'','₦','before','',',','',NULL,NULL,NULL,NULL,NULL,NULL,NULL,NULL,NULL,NULL,NULL,NULL,NULL,NULL,'2026-02-09 19:36:13',NULL),('2026-02-09 19:46:14',NULL,4,'',NULL,58,'Transfer: ₦1,102,125.48<br />',0,NULL,0,1,NULL,NULL,0,0,484.0000000000,484.0000000000,1102125.4800000000,0.0000000000,1102125.4800000000,0.0000000000,1.0000000000,'','₦','before','',',','',NULL,NULL,NULL,NULL,NULL,NULL,NULL,NULL,NULL,NULL,NULL,NULL,NULL,NULL,'2026-02-09 19:46:14',NULL),('2026-02-09 19:51:42',NULL,4,'',NULL,59,'Transfer: ₦426,782.84<br />',0,NULL,0,1,NULL,NULL,0,0,214.0000000000,214.0000000000,426782.8400000000,0.0000000000,426782.8400000000,0.0000000000,1.0000000000,'','₦','before','',',','',NULL,NULL,NULL,NULL,NULL,NULL,NULL,NULL,NULL,NULL,NULL,NULL,NULL,NULL,'2026-02-09 19:51:42',NULL),('2026-02-09 19:56:19',NULL,4,'',NULL,60,'Transfer: ₦546,224.28<br />',0,NULL,0,1,NULL,NULL,0,0,244.0000000000,244.0000000000,546224.2800000000,0.0000000000,546224.2800000000,0.0000000000,1.0000000000,'','₦','before','',',','',NULL,NULL,NULL,NULL,NULL,NULL,NULL,NULL,NULL,NULL,NULL,NULL,NULL,NULL,'2026-02-09 19:56:19',NULL),('2026-02-09 20:01:39',NULL,4,'',NULL,61,'Transfer: ₦910,868.76<br />',0,NULL,0,1,NULL,NULL,0,0,396.0000000000,396.0000000000,910868.7600000000,0.0000000000,910868.7600000000,0.0000000000,1.0000000000,'','₦','before','',',','',NULL,NULL,NULL,NULL,NULL,NULL,NULL,NULL,NULL,NULL,NULL,NULL,NULL,NULL,'2026-02-09 20:01:39',NULL),('2026-02-09 20:11:01',NULL,4,'',NULL,62,'Transfer: ₦341,576.52<br />',0,NULL,0,1,NULL,NULL,0,0,138.0000000000,138.0000000000,341576.5200000000,0.0000000000,341576.5200000000,0.0000000000,1.0000000000,'','₦','before','',',','',NULL,NULL,NULL,NULL,NULL,NULL,NULL,NULL,NULL,NULL,NULL,NULL,NULL,NULL,'2026-02-09 20:11:01',NULL),('2026-02-09 20:18:02',NULL,4,'',NULL,63,'Transfer: ₦617,293.40<br />',0,NULL,0,1,NULL,NULL,0,0,252.0000000000,252.0000000000,617293.4000000000,0.0000000000,617293.4000000000,0.0000000000,1.0000000000,'','₦','before','',',','',NULL,NULL,NULL,NULL,NULL,NULL,NULL,NULL,NULL,NULL,NULL,NULL,NULL,NULL,'2026-02-09 20:18:02',NULL),('2026-02-11 19:09:15',NULL,4,'',NULL,64,'Transfer: ₦317,580.11<br />',0,NULL,0,1,NULL,NULL,0,0,94.0000000000,94.0000000000,317580.1100000000,0.0000000000,317580.1100000000,0.0000000000,1.0000000000,'','₦','before','',',','',NULL,NULL,NULL,NULL,NULL,NULL,NULL,NULL,NULL,NULL,NULL,NULL,NULL,NULL,'2026-02-11 19:09:15',NULL),('2026-02-13 17:40:58',NULL,4,'',NULL,65,'Transfer: ₦171,811.88<br />',0,NULL,0,1,NULL,NULL,0,0,83.0000000000,83.0000000000,171811.8800000000,0.0000000000,171811.8800000000,0.0000000000,1.0000000000,'','₦','before','',',','',NULL,NULL,NULL,NULL,NULL,NULL,NULL,NULL,NULL,NULL,NULL,NULL,NULL,NULL,'2026-02-13 17:40:58',NULL),('2026-02-23 21:02:07',NULL,4,'',NULL,66,'Transfer: ₦0.00<br />',0,NULL,0,1,NULL,NULL,0,0,23.0000000000,23.0000000000,0.0000000000,0.0000000000,0.0000000000,0.0000000000,1.0000000000,'','₦','before','',',','',NULL,NULL,NULL,NULL,NULL,NULL,NULL,NULL,NULL,NULL,NULL,NULL,NULL,NULL,'2026-02-23 21:02:07',NULL),('2026-02-25 22:19:33',NULL,4,'',NULL,67,'Transfer: ₦494,974.13<br />',0,NULL,0,1,NULL,NULL,0,0,144.0000000000,144.0000000000,494974.1300000000,0.0000000000,494974.1300000000,0.0000000000,1.0000000000,'','₦','before','',',','',NULL,NULL,NULL,NULL,NULL,NULL,NULL,NULL,NULL,NULL,NULL,NULL,NULL,NULL,'2026-02-25 22:19:33',NULL),('2026-03-02 22:47:05',NULL,4,'',NULL,68,'Transfer: ₦505,580.73<br />',0,NULL,0,1,NULL,NULL,0,0,131.0000000000,131.0000000000,505580.7300000000,0.0000000000,505580.7300000000,0.0000000000,1.0000000000,'','₦','before','',',','',NULL,NULL,NULL,NULL,NULL,NULL,NULL,NULL,NULL,NULL,NULL,NULL,NULL,NULL,'2026-03-02 22:47:05',NULL),('2026-03-24 21:01:15',NULL,4,'',NULL,69,'Transfer: ₦113,820.00<br />',0,NULL,0,1,NULL,NULL,0,0,14.0000000000,14.0000000000,113820.0000000000,0.0000000000,113820.0000000000,0.0000000000,1.0000000000,'','₦','before','',',','',NULL,NULL,NULL,NULL,NULL,NULL,NULL,NULL,NULL,NULL,NULL,NULL,NULL,NULL,'2026-03-24 21:01:15',NULL),('2026-03-24 21:04:00',NULL,4,'',NULL,70,'Transfer: ₦0.00<br />',0,NULL,0,1,NULL,NULL,0,0,8.0000000000,8.0000000000,0.0000000000,0.0000000000,0.0000000000,0.0000000000,1.0000000000,'','₦','before','',',','',NULL,NULL,NULL,NULL,NULL,NULL,NULL,NULL,NULL,NULL,NULL,NULL,NULL,NULL,'2026-03-24 21:04:00',NULL),('2026-04-02 16:17:40',NULL,4,'',NULL,71,'Transfer: ₦2,222,284.00<br />',0,NULL,0,1,NULL,NULL,0,0,1090.0000000000,1090.0000000000,2222284.0000000000,0.0000000000,2222284.0000000000,0.0000000000,1.0000000000,'','₦','before','',',','',NULL,NULL,NULL,NULL,NULL,NULL,NULL,NULL,NULL,NULL,NULL,NULL,NULL,NULL,'2026-04-02 16:17:40',NULL),('2026-04-02 16:24:52',NULL,4,'',NULL,72,'Transfer: ₦661,768.38<br />',0,NULL,0,1,NULL,NULL,0,0,133.0000000000,133.0000000000,661768.3800000000,0.0000000000,661768.3800000000,0.0000000000,1.0000000000,'','₦','before','',',','',NULL,NULL,NULL,NULL,NULL,NULL,NULL,NULL,NULL,NULL,NULL,NULL,NULL,NULL,'2026-04-02 16:24:52',NULL),('2026-04-02 16:29:29',NULL,4,'',NULL,73,'Transfer: ₦610,232.80<br />',0,NULL,0,1,NULL,NULL,0,0,80.0000000000,80.0000000000,610232.8000000000,0.0000000000,610232.8000000000,0.0000000000,1.0000000000,'','₦','before','',',','',NULL,NULL,NULL,NULL,NULL,NULL,NULL,NULL,NULL,NULL,NULL,NULL,NULL,NULL,'2026-04-02 16:29:29',NULL),('2026-04-28 15:19:34',NULL,4,'',NULL,74,'Transfer: ₦880,449.59<br />',0,NULL,0,1,NULL,NULL,0,0,402.0000000000,402.0000000000,880449.5900000000,0.0000000000,880449.5900000000,0.0000000000,1.0000000000,'','₦','before','',',','',NULL,NULL,NULL,NULL,NULL,NULL,NULL,NULL,NULL,NULL,NULL,NULL,NULL,NULL,'2026-04-28 15:19:34',NULL),('2026-05-05 22:11:43',NULL,4,'',NULL,75,'Transfer: ₦554,411.00<br />',0,NULL,0,1,NULL,NULL,0,0,230.0000000000,230.0000000000,554411.0000000000,0.0000000000,554411.0000000000,0.0000000000,1.0000000000,'','₦','before','',',','',NULL,NULL,NULL,NULL,NULL,NULL,NULL,NULL,NULL,NULL,NULL,NULL,NULL,NULL,'2026-05-05 22:11:43',NULL),('2026-05-15 17:54:43',NULL,4,'',NULL,76,'Transfer: ₦1,658,737.20<br />',0,NULL,0,1,NULL,NULL,0,0,403.0000000000,403.0000000000,1658737.2000000000,0.0000000000,1658737.2000000000,0.0000000000,1.0000000000,'','₦','before','',',','',NULL,NULL,NULL,NULL,NULL,NULL,NULL,NULL,NULL,NULL,NULL,NULL,NULL,NULL,'2026-05-15 17:54:43',NULL),('2026-05-31 22:43:55',NULL,4,'',NULL,77,'Transfer: ₦798,181.76<br />',0,NULL,0,1,NULL,NULL,0,0,260.0000000000,260.0000000000,798181.7600000000,0.0000000000,798181.7600000000,0.0000000000,1.0000000000,'','₦','before','',',','',NULL,NULL,NULL,NULL,NULL,NULL,NULL,NULL,NULL,NULL,NULL,NULL,NULL,NULL,'2026-05-31 22:43:55',NULL),('2026-06-12 21:42:50',NULL,4,'',NULL,78,'Transfer: ₦468,553.44<br />',0,NULL,0,1,NULL,NULL,0,0,214.0000000000,214.0000000000,468553.4400000000,0.0000000000,468553.4400000000,0.0000000000,1.0000000000,'','₦','before','',',','',NULL,NULL,NULL,NULL,NULL,NULL,NULL,NULL,NULL,NULL,NULL,NULL,NULL,NULL,'2026-06-12 21:42:50',NULL),('2026-06-14 19:39:47',NULL,4,'',NULL,79,'Transfer: ₦115,896.00<br />',0,NULL,0,1,NULL,NULL,0,0,48.0000000000,48.0000000000,115896.0000000000,0.0000000000,115896.0000000000,0.0000000000,1.0000000000,'','₦','before','',',','',NULL,NULL,NULL,NULL,NULL,NULL,NULL,NULL,NULL,NULL,NULL,NULL,NULL,NULL,'2026-06-14 19:39:47',NULL),('2026-06-15 15:35:24',NULL,4,'',NULL,80,'Transfer: ₦493,207.36<br />',0,NULL,0,1,NULL,NULL,0,0,174.0000000000,174.0000000000,493207.3600000000,0.0000000000,493207.3600000000,0.0000000000,1.0000000000,'','₦','before','',',','',NULL,NULL,NULL,NULL,NULL,NULL,NULL,NULL,NULL,NULL,NULL,NULL,NULL,NULL,'2026-06-15 15:35:24',NULL),('2026-06-18 16:34:30',NULL,4,'',NULL,81,'Transfer: ₦856,874.40<br />',0,NULL,0,1,NULL,NULL,0,0,300.0000000000,300.0000000000,856874.4000000000,0.0000000000,856874.4000000000,0.0000000000,1.0000000000,'','₦','before','',',','',NULL,NULL,NULL,NULL,NULL,NULL,NULL,NULL,NULL,NULL,NULL,NULL,NULL,NULL,'2026-06-18 16:34:30',NULL),('2026-07-01 17:19:09',NULL,4,'','',82,'Transfer: ₦922,293.40<br />',0,NULL,0,1,NULL,NULL,0,0,292.0000000000,292.0000000000,922293.4000000000,0.0000000000,922293.4000000000,0.0000000000,1.0000000000,'','₦','before','',',','',NULL,NULL,NULL,NULL,NULL,NULL,NULL,NULL,NULL,NULL,NULL,NULL,NULL,NULL,'2026-07-01 17:19:09',NULL),('2026-07-15 21:09:22',NULL,4,'','',83,'Transfer: ₦113,820.00<br />',0,NULL,0,1,NULL,NULL,0,0,14.0000000000,14.0000000000,113820.0000000000,0.0000000000,113820.0000000000,0.0000000000,1.0000000000,'','₦','before','',',','',NULL,NULL,NULL,NULL,NULL,NULL,NULL,NULL,NULL,NULL,NULL,NULL,NULL,NULL,'2026-07-15 21:09:22',NULL),('2026-07-16 18:36:00',NULL,4,'','',84,'Transfer: ₦750,675.00<br />',0,NULL,0,1,NULL,NULL,0,0,266.0000000000,266.0000000000,750675.0000000000,0.0000000000,750675.0000000000,0.0000000000,1.0000000000,'','₦','before','',',','',NULL,NULL,NULL,NULL,NULL,NULL,NULL,NULL,NULL,NULL,NULL,NULL,NULL,NULL,'2026-07-16 18:36:00',NULL),('2026-07-17 12:00:15',NULL,2,'','',85,'Cash: ₦37,236.00<br />',0,NULL,0,1,NULL,NULL,0,0,12.0000000000,12.0000000000,37236.0000000000,0.0000000000,37236.0000000000,0.0000000000,1.0000000000,'','₦','before','',',','',NULL,NULL,NULL,NULL,NULL,NULL,NULL,NULL,NULL,NULL,NULL,NULL,NULL,NULL,'2026-07-17 12:00:15',NULL);

--
-- Table structure for table `phppos_receivings_items`
--

CREATE TABLE `phppos_receivings_items` (
  `receiving_id` int(10) NOT NULL DEFAULT 0,
  `item_id` int(10) NOT NULL DEFAULT 0,
  `item_variation_id` int(10) DEFAULT NULL,
  `description` varchar(255) DEFAULT NULL,
  `serialnumber` varchar(255) DEFAULT NULL,
  `line` int(11) NOT NULL DEFAULT 0,
  `quantity_purchased` decimal(23,10) NOT NULL DEFAULT 0.0000000000,
  `quantity_received` decimal(23,10) NOT NULL DEFAULT 0.0000000000,
  `item_cost_price` decimal(23,10) NOT NULL,
  `item_unit_price` decimal(23,10) NOT NULL,
  `discount_percent` decimal(15,3) NOT NULL DEFAULT 0.000,
  `expire_date` date DEFAULT NULL,
  `subtotal` decimal(23,10) NOT NULL DEFAULT 0.0000000000,
  `tax` decimal(23,10) NOT NULL DEFAULT 0.0000000000,
  `total` decimal(23,10) NOT NULL DEFAULT 0.0000000000,
  `profit` decimal(23,10) NOT NULL DEFAULT 0.0000000000,
  `override_taxes` text DEFAULT NULL,
  `unit_quantity` decimal(23,10) DEFAULT NULL,
  `items_quantity_units_id` int(11) DEFAULT NULL,
  `supplier_id` int(11) DEFAULT NULL,
  `receipt_line_sort_order` int(11) DEFAULT NULL,
  PRIMARY KEY (`receiving_id`,`item_id`,`line`),
  KEY `item_id` (`item_id`),
  KEY `phppos_receivings_items_ibfk_3` (`item_variation_id`),
  KEY `phppos_receivings_items_ibfk_4` (`items_quantity_units_id`),
  KEY `serialnumber` (`serialnumber`),
  KEY `supplier_id` (`supplier_id`),
  CONSTRAINT `phppos_receivings_items_ibfk_1` FOREIGN KEY (`item_id`) REFERENCES `phppos_items` (`item_id`),
  CONSTRAINT `phppos_receivings_items_ibfk_2` FOREIGN KEY (`receiving_id`) REFERENCES `phppos_receivings` (`receiving_id`),
  CONSTRAINT `phppos_receivings_items_ibfk_3` FOREIGN KEY (`item_variation_id`) REFERENCES `phppos_item_variations` (`id`),
  CONSTRAINT `phppos_receivings_items_ibfk_4` FOREIGN KEY (`items_quantity_units_id`) REFERENCES `phppos_items_quantity_units` (`id`),
  CONSTRAINT `phppos_receivings_items_ibfk_5` FOREIGN KEY (`supplier_id`) REFERENCES `phppos_suppliers` (`person_id`)
) ENGINE=InnoDB DEFAULT CHARSET=utf8mb3 COLLATE=utf8mb3_unicode_ci;

--
-- Dumping data for table `phppos_receivings_items`
--

INSERT INTO `phppos_receivings_items` VALUES (1,1,NULL,'',NULL,10,40.0000000000,40.0000000000,1767.4000000000,1767.4000000000,0.000,NULL,70696.0000000000,0.0000000000,70696.0000000000,0.0000000000,NULL,NULL,NULL,NULL,NULL),(1,4,NULL,'',NULL,6,8.0000000000,8.0000000000,7441.9000000000,7441.9000000000,0.000,NULL,59535.2000000000,0.0000000000,59535.2000000000,0.0000000000,NULL,NULL,NULL,NULL,NULL),(1,5,NULL,'',NULL,7,8.0000000000,8.0000000000,7441.9000000000,7441.9000000000,0.000,NULL,59535.2000000000,0.0000000000,59535.2000000000,0.0000000000,NULL,NULL,NULL,NULL,NULL),(1,6,NULL,'',NULL,9,8.0000000000,8.0000000000,7441.9000000000,7441.9000000000,0.000,NULL,59535.2000000000,0.0000000000,59535.2000000000,0.0000000000,NULL,NULL,NULL,NULL,NULL),(1,7,NULL,'',NULL,8,12.0000000000,12.0000000000,6325.6000000000,6325.6000000000,0.000,NULL,75907.2000000000,0.0000000000,75907.2000000000,0.0000000000,NULL,NULL,NULL,NULL,NULL),(1,9,NULL,'',NULL,4,40.0000000000,40.0000000000,1767.4000000000,1767.4000000000,0.000,NULL,70696.0000000000,0.0000000000,70696.0000000000,0.0000000000,NULL,NULL,NULL,NULL,NULL),(1,10,NULL,'',NULL,1,40.0000000000,40.0000000000,1767.4000000000,1767.4000000000,0.000,NULL,70696.0000000000,0.0000000000,70696.0000000000,0.0000000000,NULL,NULL,NULL,NULL,NULL),(1,11,NULL,'',NULL,2,48.0000000000,48.0000000000,1674.4000000000,1674.4000000000,0.000,NULL,80371.2000000000,0.0000000000,80371.2000000000,0.0000000000,NULL,NULL,NULL,NULL,NULL),(1,12,NULL,'',NULL,0,40.0000000000,40.0000000000,1674.4000000000,1674.4000000000,0.000,NULL,66976.0000000000,0.0000000000,66976.0000000000,0.0000000000,NULL,NULL,NULL,NULL,NULL),(1,13,NULL,'',NULL,3,40.0000000000,40.0000000000,1674.4000000000,1674.4000000000,0.000,NULL,66976.0000000000,0.0000000000,66976.0000000000,0.0000000000,NULL,NULL,NULL,NULL,NULL),(1,14,NULL,'',NULL,5,12.0000000000,12.0000000000,7441.9000000000,7441.9000000000,0.000,NULL,89302.8000000000,0.0000000000,89302.8000000000,0.0000000000,NULL,NULL,NULL,NULL,NULL),(2,12,NULL,'',NULL,0,20.0000000000,20.0000000000,1674.4000000000,1674.4000000000,0.000,NULL,33488.0000000000,0.0000000000,33488.0000000000,0.0000000000,NULL,NULL,NULL,NULL,NULL),(3,19,NULL,'',NULL,0,48.0000000000,48.0000000000,0.0000000000,0.0000000000,0.000,NULL,0.0000000000,0.0000000000,0.0000000000,0.0000000000,NULL,NULL,NULL,NULL,NULL),(4,3,NULL,'',NULL,0,8.0000000000,8.0000000000,7441.9000000000,7441.9000000000,0.000,NULL,59535.2000000000,0.0000000000,59535.2000000000,0.0000000000,NULL,NULL,NULL,NULL,NULL),(5,18,NULL,'',NULL,0,12.0000000000,12.0000000000,0.0000000000,0.0000000000,0.000,NULL,0.0000000000,0.0000000000,0.0000000000,0.0000000000,NULL,NULL,NULL,NULL,NULL),(6,17,NULL,'',NULL,0,12.0000000000,12.0000000000,0.0000000000,0.0000000000,0.000,NULL,0.0000000000,0.0000000000,0.0000000000,0.0000000000,NULL,NULL,NULL,NULL,NULL),(7,5,NULL,'',NULL,0,8.0000000000,8.0000000000,7441.9000000000,7441.9000000000,0.000,NULL,59535.2000000000,0.0000000000,59535.2000000000,0.0000000000,NULL,NULL,NULL,NULL,NULL),(8,20,NULL,'',NULL,0,2.0000000000,2.0000000000,0.0000000000,0.0000000000,0.000,NULL,0.0000000000,0.0000000000,0.0000000000,0.0000000000,NULL,NULL,NULL,NULL,NULL),(9,21,NULL,'',NULL,0,12.0000000000,12.0000000000,6325.6000000000,6325.6000000000,0.000,NULL,75907.2000000000,0.0000000000,75907.2000000000,0.0000000000,NULL,NULL,NULL,NULL,NULL),(10,1,NULL,'',NULL,1,40.0000000000,40.0000000000,1767.4000000000,1767.4000000000,0.000,NULL,70696.0000000000,0.0000000000,70696.0000000000,0.0000000000,NULL,NULL,NULL,NULL,NULL),(10,10,NULL,'',NULL,0,40.0000000000,40.0000000000,1767.4000000000,1767.4000000000,0.000,NULL,70696.0000000000,0.0000000000,70696.0000000000,0.0000000000,NULL,NULL,NULL,NULL,NULL),(11,22,NULL,'',NULL,0,48.0000000000,48.0000000000,0.0000000000,0.0000000000,0.000,NULL,0.0000000000,0.0000000000,0.0000000000,0.0000000000,NULL,NULL,NULL,NULL,NULL),(12,1,NULL,'',NULL,2,40.0000000000,40.0000000000,1767.4000000000,1767.4000000000,0.000,NULL,70696.0000000000,0.0000000000,70696.0000000000,0.0000000000,NULL,NULL,NULL,NULL,NULL),(12,9,NULL,'',NULL,0,40.0000000000,40.0000000000,1767.4000000000,1767.4000000000,0.000,NULL,70696.0000000000,0.0000000000,70696.0000000000,0.0000000000,NULL,NULL,NULL,NULL,NULL),(12,10,NULL,'',NULL,1,40.0000000000,40.0000000000,1767.4000000000,1767.4000000000,0.000,NULL,70696.0000000000,0.0000000000,70696.0000000000,0.0000000000,NULL,NULL,NULL,NULL,NULL),(12,12,NULL,'',NULL,3,40.0000000000,40.0000000000,1674.4000000000,1674.4000000000,0.000,NULL,66976.0000000000,0.0000000000,66976.0000000000,0.0000000000,NULL,NULL,NULL,NULL,NULL),(13,14,NULL,'',NULL,0,6.0000000000,6.0000000000,7441.9000000000,7441.9000000000,0.000,NULL,44651.4000000000,0.0000000000,44651.4000000000,0.0000000000,NULL,NULL,NULL,NULL,NULL),(14,1,NULL,'',NULL,4,60.0000000000,60.0000000000,1767.4000000000,1767.4000000000,0.000,NULL,106044.0000000000,0.0000000000,106044.0000000000,0.0000000000,NULL,NULL,NULL,NULL,NULL),(14,5,NULL,'',NULL,5,8.0000000000,8.0000000000,7441.9000000000,7441.9000000000,0.000,NULL,59535.2000000000,0.0000000000,59535.2000000000,0.0000000000,NULL,NULL,NULL,NULL,NULL),(14,6,NULL,'',NULL,3,4.0000000000,4.0000000000,7441.9000000000,7441.9000000000,0.000,NULL,29767.6000000000,0.0000000000,29767.6000000000,0.0000000000,NULL,NULL,NULL,NULL,NULL),(14,9,NULL,'',NULL,0,60.0000000000,60.0000000000,1767.4000000000,1767.4000000000,0.000,NULL,106044.0000000000,0.0000000000,106044.0000000000,0.0000000000,NULL,NULL,NULL,NULL,NULL),(14,11,NULL,'',NULL,6,72.0000000000,72.0000000000,1674.4000000000,1674.4000000000,0.000,NULL,120556.8000000000,0.0000000000,120556.8000000000,0.0000000000,NULL,NULL,NULL,NULL,NULL),(14,13,NULL,'',NULL,2,40.0000000000,40.0000000000,1674.4000000000,1674.4000000000,0.000,NULL,66976.0000000000,0.0000000000,66976.0000000000,0.0000000000,NULL,NULL,NULL,NULL,NULL),(14,18,NULL,'',NULL,1,6.0000000000,6.0000000000,6325.6000000000,6325.6000000000,0.000,NULL,37953.6000000000,0.0000000000,37953.6000000000,0.0000000000,NULL,NULL,NULL,NULL,NULL),(15,12,NULL,'',NULL,0,1.0000000000,1.0000000000,1674.4000000000,1674.4000000000,0.000,NULL,1674.4000000000,0.0000000000,1674.4000000000,0.0000000000,NULL,NULL,NULL,NULL,NULL),(16,12,NULL,'',NULL,0,19.0000000000,19.0000000000,1674.4000000000,1674.4000000000,0.000,NULL,31813.6000000000,0.0000000000,31813.6000000000,0.0000000000,NULL,NULL,NULL,NULL,NULL),(17,1,NULL,'',NULL,0,80.0000000000,80.0000000000,1767.4000000000,1767.4000000000,0.000,NULL,141392.0000000000,0.0000000000,141392.0000000000,0.0000000000,NULL,NULL,NULL,NULL,NULL),(17,6,NULL,'',NULL,3,8.0000000000,8.0000000000,7441.9000000000,7441.9000000000,0.000,NULL,59535.2000000000,0.0000000000,59535.2000000000,0.0000000000,NULL,NULL,NULL,NULL,NULL),(17,9,NULL,'',NULL,1,80.0000000000,80.0000000000,1767.4000000000,1767.4000000000,0.000,NULL,141392.0000000000,0.0000000000,141392.0000000000,0.0000000000,NULL,NULL,NULL,NULL,NULL),(17,18,NULL,'',NULL,2,12.0000000000,12.0000000000,6325.6000000000,6325.6000000000,0.000,NULL,75907.2000000000,0.0000000000,75907.2000000000,0.0000000000,NULL,NULL,NULL,NULL,NULL),(18,1,NULL,'',NULL,3,39.0000000000,39.0000000000,1767.4000000000,1767.4000000000,0.000,NULL,68928.6000000000,0.0000000000,68928.6000000000,0.0000000000,NULL,NULL,NULL,NULL,NULL),(18,3,NULL,'',NULL,6,8.0000000000,8.0000000000,7441.9000000000,7441.9000000000,0.000,NULL,59535.2000000000,0.0000000000,59535.2000000000,0.0000000000,NULL,NULL,NULL,NULL,NULL),(18,4,NULL,'',NULL,4,4.0000000000,4.0000000000,7441.9000000000,7441.9000000000,0.000,NULL,29767.6000000000,0.0000000000,29767.6000000000,0.0000000000,NULL,NULL,NULL,NULL,NULL),(18,5,NULL,'',NULL,2,8.0000000000,8.0000000000,7441.9000000000,7441.9000000000,0.000,NULL,59535.2000000000,0.0000000000,59535.2000000000,0.0000000000,NULL,NULL,NULL,NULL,NULL),(18,6,NULL,'',NULL,5,1.0000000000,1.0000000000,7441.9000000000,7441.9000000000,0.000,NULL,7441.9000000000,0.0000000000,7441.9000000000,0.0000000000,NULL,NULL,NULL,NULL,NULL),(18,9,NULL,'',NULL,1,40.0000000000,40.0000000000,1767.4000000000,1767.4000000000,0.000,NULL,70696.0000000000,0.0000000000,70696.0000000000,0.0000000000,NULL,NULL,NULL,NULL,NULL),(18,10,NULL,'',NULL,0,40.0000000000,40.0000000000,1767.4000000000,1767.4000000000,0.000,NULL,70696.0000000000,0.0000000000,70696.0000000000,0.0000000000,NULL,NULL,NULL,NULL,NULL),(19,18,NULL,'',NULL,0,12.0000000000,12.0000000000,6325.6000000000,6325.6000000000,0.000,NULL,75907.2000000000,0.0000000000,75907.2000000000,0.0000000000,NULL,NULL,NULL,NULL,NULL),(19,22,NULL,'',NULL,1,48.0000000000,48.0000000000,1674.4200000000,1674.4200000000,0.000,NULL,80372.1600000000,0.0000000000,80372.1600000000,0.0000000000,NULL,NULL,NULL,NULL,NULL),(20,1,NULL,'',NULL,7,20.0000000000,20.0000000000,1767.4000000000,1767.4000000000,0.000,NULL,35348.0000000000,0.0000000000,35348.0000000000,0.0000000000,NULL,NULL,NULL,NULL,NULL),(20,4,NULL,'',NULL,5,12.0000000000,12.0000000000,7441.9000000000,7441.9000000000,0.000,NULL,89302.8000000000,0.0000000000,89302.8000000000,0.0000000000,NULL,NULL,NULL,NULL,NULL),(20,6,NULL,'',NULL,1,8.0000000000,8.0000000000,7441.9000000000,7441.9000000000,0.000,NULL,59535.2000000000,0.0000000000,59535.2000000000,0.0000000000,NULL,NULL,NULL,NULL,NULL),(20,9,NULL,'',NULL,3,40.0000000000,40.0000000000,1767.4000000000,1767.4000000000,0.000,NULL,70696.0000000000,0.0000000000,70696.0000000000,0.0000000000,NULL,NULL,NULL,NULL,NULL),(20,11,NULL,'',NULL,4,48.0000000000,48.0000000000,1674.4000000000,1674.4000000000,0.000,NULL,80371.2000000000,0.0000000000,80371.2000000000,0.0000000000,NULL,NULL,NULL,NULL,NULL),(20,13,NULL,'',NULL,2,40.0000000000,40.0000000000,1674.4000000000,1674.4000000000,0.000,NULL,66976.0000000000,0.0000000000,66976.0000000000,0.0000000000,NULL,NULL,NULL,NULL,NULL),(20,18,NULL,'',NULL,0,12.0000000000,12.0000000000,6325.6000000000,6325.6000000000,0.000,NULL,75907.2000000000,0.0000000000,75907.2000000000,0.0000000000,NULL,NULL,NULL,NULL,NULL),(20,19,NULL,'',NULL,6,48.0000000000,48.0000000000,1674.4200000000,1674.4200000000,0.000,NULL,80372.1600000000,0.0000000000,80372.1600000000,0.0000000000,NULL,NULL,NULL,NULL,NULL),(21,1,NULL,'',NULL,9,80.0000000000,80.0000000000,1767.4000000000,1767.4000000000,0.000,NULL,141392.0000000000,0.0000000000,141392.0000000000,0.0000000000,NULL,NULL,NULL,NULL,NULL),(21,4,NULL,'',NULL,8,12.0000000000,12.0000000000,7441.9000000000,7441.9000000000,0.000,NULL,89302.8000000000,0.0000000000,89302.8000000000,0.0000000000,NULL,NULL,NULL,NULL,NULL),(21,5,NULL,'',NULL,4,4.0000000000,4.0000000000,7441.9000000000,7441.9000000000,0.000,NULL,29767.6000000000,0.0000000000,29767.6000000000,0.0000000000,NULL,NULL,NULL,NULL,NULL),(21,6,NULL,'',NULL,0,8.0000000000,8.0000000000,7441.9000000000,7441.9000000000,0.000,NULL,59535.2000000000,0.0000000000,59535.2000000000,0.0000000000,NULL,NULL,NULL,NULL,NULL),(21,9,NULL,'',NULL,7,75.0000000000,75.0000000000,1767.4000000000,1767.4000000000,0.000,NULL,132555.0000000000,0.0000000000,132555.0000000000,0.0000000000,NULL,NULL,NULL,NULL,NULL),(21,10,NULL,'',NULL,6,40.0000000000,40.0000000000,1767.4000000000,1767.4000000000,0.000,NULL,70696.0000000000,0.0000000000,70696.0000000000,0.0000000000,NULL,NULL,NULL,NULL,NULL),(21,11,NULL,'',NULL,1,24.0000000000,24.0000000000,1674.4000000000,1674.4000000000,0.000,NULL,40185.6000000000,0.0000000000,40185.6000000000,0.0000000000,NULL,NULL,NULL,NULL,NULL),(21,13,NULL,'',NULL,2,20.0000000000,20.0000000000,1674.4000000000,1674.4000000000,0.000,NULL,33488.0000000000,0.0000000000,33488.0000000000,0.0000000000,NULL,NULL,NULL,NULL,NULL),(21,18,NULL,'',NULL,5,6.0000000000,6.0000000000,6325.6000000000,6325.6000000000,0.000,NULL,37953.6000000000,0.0000000000,37953.6000000000,0.0000000000,NULL,NULL,NULL,NULL,NULL),(21,19,NULL,'',NULL,3,24.0000000000,24.0000000000,1674.4200000000,1674.4200000000,0.000,NULL,40186.0800000000,0.0000000000,40186.0800000000,0.0000000000,NULL,NULL,NULL,NULL,NULL),(22,1,NULL,'',NULL,1,60.0000000000,60.0000000000,1767.4000000000,1767.4000000000,0.000,NULL,106044.0000000000,0.0000000000,106044.0000000000,0.0000000000,NULL,NULL,NULL,NULL,NULL),(22,9,NULL,'',NULL,0,58.0000000000,58.0000000000,1767.4000000000,1767.4000000000,0.000,NULL,102509.2000000000,0.0000000000,102509.2000000000,0.0000000000,NULL,NULL,NULL,NULL,NULL),(22,11,NULL,'',NULL,3,24.0000000000,24.0000000000,1674.4000000000,1674.4000000000,0.000,NULL,40185.6000000000,0.0000000000,40185.6000000000,0.0000000000,NULL,NULL,NULL,NULL,NULL),(22,19,NULL,'',NULL,2,72.0000000000,72.0000000000,1674.4200000000,1674.4200000000,0.000,NULL,120558.2400000000,0.0000000000,120558.2400000000,0.0000000000,NULL,NULL,NULL,NULL,NULL),(22,22,NULL,'',NULL,4,24.0000000000,24.0000000000,1674.4200000000,1674.4200000000,0.000,NULL,40186.0800000000,0.0000000000,40186.0800000000,0.0000000000,NULL,NULL,NULL,NULL,NULL),(23,1,NULL,'',NULL,0,80.0000000000,80.0000000000,1767.4000000000,1767.4000000000,0.000,NULL,141392.0000000000,0.0000000000,141392.0000000000,0.0000000000,NULL,NULL,NULL,NULL,NULL),(23,4,NULL,'',NULL,4,16.0000000000,16.0000000000,7441.9000000000,7441.9000000000,0.000,NULL,119070.4000000000,0.0000000000,119070.4000000000,0.0000000000,NULL,NULL,NULL,NULL,NULL),(23,9,NULL,'',NULL,1,80.0000000000,80.0000000000,1767.4000000000,1767.4000000000,0.000,NULL,141392.0000000000,0.0000000000,141392.0000000000,0.0000000000,NULL,NULL,NULL,NULL,NULL),(23,11,NULL,'',NULL,3,24.0000000000,24.0000000000,1674.4000000000,1674.4000000000,0.000,NULL,40185.6000000000,0.0000000000,40185.6000000000,0.0000000000,NULL,NULL,NULL,NULL,NULL),(23,13,NULL,'',NULL,2,20.0000000000,20.0000000000,1674.4000000000,1674.4000000000,0.000,NULL,33488.0000000000,0.0000000000,33488.0000000000,0.0000000000,NULL,NULL,NULL,NULL,NULL),(24,1,NULL,'',NULL,0,80.0000000000,80.0000000000,1767.4000000000,1767.4000000000,0.000,NULL,141392.0000000000,0.0000000000,141392.0000000000,0.0000000000,NULL,NULL,NULL,NULL,NULL),(24,6,NULL,'',NULL,3,8.0000000000,8.0000000000,7441.9000000000,7441.9000000000,0.000,NULL,59535.2000000000,0.0000000000,59535.2000000000,0.0000000000,NULL,NULL,NULL,NULL,NULL),(24,9,NULL,'',NULL,1,56.0000000000,56.0000000000,1767.4000000000,1767.4000000000,0.000,NULL,98974.4000000000,0.0000000000,98974.4000000000,0.0000000000,NULL,NULL,NULL,NULL,NULL),(24,22,NULL,'',NULL,2,48.0000000000,48.0000000000,1674.4200000000,1674.4200000000,0.000,NULL,80372.1600000000,0.0000000000,80372.1600000000,0.0000000000,NULL,NULL,NULL,NULL,NULL),(25,1,NULL,'',NULL,4,40.0000000000,40.0000000000,1767.4000000000,1767.4000000000,0.000,NULL,70696.0000000000,0.0000000000,70696.0000000000,0.0000000000,NULL,NULL,NULL,NULL,NULL),(25,6,NULL,'',NULL,1,16.0000000000,16.0000000000,7441.9000000000,7441.9000000000,0.000,NULL,119070.4000000000,0.0000000000,119070.4000000000,0.0000000000,NULL,NULL,NULL,NULL,NULL),(25,9,NULL,'',NULL,2,80.0000000000,80.0000000000,1767.4000000000,1767.4000000000,0.000,NULL,141392.0000000000,0.0000000000,141392.0000000000,0.0000000000,NULL,NULL,NULL,NULL,NULL),(25,11,NULL,'',NULL,3,48.0000000000,48.0000000000,1674.4000000000,1674.4000000000,0.000,NULL,80371.2000000000,0.0000000000,80371.2000000000,0.0000000000,NULL,NULL,NULL,NULL,NULL),(25,18,NULL,'',NULL,0,18.0000000000,18.0000000000,6325.6000000000,6325.6000000000,0.000,NULL,113860.8000000000,0.0000000000,113860.8000000000,0.0000000000,NULL,NULL,NULL,NULL,NULL),(25,22,NULL,'',NULL,5,48.0000000000,48.0000000000,1674.4200000000,1674.4200000000,0.000,NULL,80372.1600000000,0.0000000000,80372.1600000000,0.0000000000,NULL,NULL,NULL,NULL,NULL),(26,9,NULL,'',NULL,1,120.0000000000,120.0000000000,1767.4000000000,1767.4000000000,0.000,NULL,212088.0000000000,0.0000000000,212088.0000000000,0.0000000000,NULL,NULL,NULL,NULL,NULL),(26,11,NULL,'',NULL,0,72.0000000000,72.0000000000,1674.4000000000,1674.4000000000,0.000,NULL,120556.8000000000,0.0000000000,120556.8000000000,0.0000000000,NULL,NULL,NULL,NULL,NULL),(26,22,NULL,'',NULL,2,24.0000000000,24.0000000000,1674.4200000000,1674.4200000000,0.000,NULL,40186.0800000000,0.0000000000,40186.0800000000,0.0000000000,NULL,NULL,NULL,NULL,NULL),(27,6,NULL,'',NULL,2,16.0000000000,16.0000000000,7441.9000000000,7441.9000000000,0.000,NULL,119070.4000000000,0.0000000000,119070.4000000000,0.0000000000,NULL,NULL,NULL,NULL,NULL),(27,11,NULL,'',NULL,0,17.0000000000,17.0000000000,1674.4000000000,1674.4000000000,0.000,NULL,28464.8000000000,0.0000000000,28464.8000000000,0.0000000000,NULL,NULL,NULL,NULL,NULL),(27,14,NULL,'',NULL,4,24.0000000000,24.0000000000,7441.9000000000,7441.9000000000,0.000,NULL,178605.6000000000,0.0000000000,178605.6000000000,0.0000000000,NULL,NULL,NULL,NULL,NULL),(27,18,NULL,'',NULL,1,16.0000000000,16.0000000000,6325.6000000000,6325.6000000000,0.000,NULL,101209.6000000000,0.0000000000,101209.6000000000,0.0000000000,NULL,NULL,NULL,NULL,NULL),(27,22,NULL,'',NULL,3,71.0000000000,71.0000000000,1674.4200000000,1674.4200000000,0.000,NULL,118883.8200000000,0.0000000000,118883.8200000000,0.0000000000,NULL,NULL,NULL,NULL,NULL),(28,23,NULL,'',NULL,0,24.0000000000,24.0000000000,0.0000000000,0.0000000000,0.000,NULL,0.0000000000,0.0000000000,0.0000000000,0.0000000000,NULL,NULL,NULL,NULL,NULL),(29,1,NULL,'',NULL,3,51.0000000000,51.0000000000,1767.4000000000,1767.4000000000,0.000,NULL,90137.4000000000,0.0000000000,90137.4000000000,0.0000000000,NULL,NULL,NULL,NULL,NULL),(29,20,NULL,'',NULL,5,16.0000000000,16.0000000000,8186.0000000000,8186.0000000000,0.000,NULL,130976.0000000000,0.0000000000,130976.0000000000,0.0000000000,NULL,NULL,NULL,NULL,NULL),(29,23,NULL,'',NULL,1,5.0000000000,5.0000000000,9120.0000000000,9120.0000000000,0.000,NULL,45600.0000000000,0.0000000000,45600.0000000000,0.0000000000,NULL,NULL,NULL,NULL,NULL),(29,24,NULL,'',NULL,0,16.0000000000,16.0000000000,0.0000000000,0.0000000000,0.000,NULL,0.0000000000,0.0000000000,0.0000000000,0.0000000000,NULL,NULL,NULL,NULL,NULL),(29,25,NULL,'',NULL,2,16.0000000000,16.0000000000,0.0000000000,0.0000000000,0.000,NULL,0.0000000000,0.0000000000,0.0000000000,0.0000000000,NULL,NULL,NULL,NULL,NULL),(29,26,NULL,'',NULL,4,60.0000000000,60.0000000000,0.0000000000,0.0000000000,0.000,NULL,0.0000000000,0.0000000000,0.0000000000,0.0000000000,NULL,NULL,NULL,NULL,NULL),(30,28,NULL,'',NULL,0,60.0000000000,60.0000000000,0.0000000000,0.0000000000,0.000,NULL,0.0000000000,0.0000000000,0.0000000000,0.0000000000,NULL,NULL,NULL,NULL,NULL),(31,1,NULL,'',NULL,7,60.0000000000,60.0000000000,1767.4000000000,1767.4000000000,0.000,NULL,106044.0000000000,0.0000000000,106044.0000000000,0.0000000000,NULL,NULL,NULL,NULL,NULL),(31,6,NULL,'',NULL,6,16.0000000000,16.0000000000,7441.9000000000,7441.9000000000,0.000,NULL,119070.4000000000,0.0000000000,119070.4000000000,0.0000000000,NULL,NULL,NULL,NULL,NULL),(31,9,NULL,'',NULL,3,73.0000000000,73.0000000000,1767.4000000000,1767.4000000000,0.000,NULL,129020.2000000000,0.0000000000,129020.2000000000,0.0000000000,NULL,NULL,NULL,NULL,NULL),(31,11,NULL,'',NULL,1,24.0000000000,24.0000000000,1674.4000000000,1674.4000000000,0.000,NULL,40185.6000000000,0.0000000000,40185.6000000000,0.0000000000,NULL,NULL,NULL,NULL,NULL),(31,22,NULL,'',NULL,0,24.0000000000,24.0000000000,1674.4200000000,1674.4200000000,0.000,NULL,40186.0800000000,0.0000000000,40186.0800000000,0.0000000000,NULL,NULL,NULL,NULL,NULL),(31,26,NULL,'',NULL,5,40.0000000000,40.0000000000,1767.4000000000,1767.4000000000,0.000,NULL,70696.0000000000,0.0000000000,70696.0000000000,0.0000000000,NULL,NULL,NULL,NULL,NULL),(31,27,NULL,'',NULL,2,12.0000000000,12.0000000000,6697.7000000000,6697.7000000000,0.000,NULL,80372.4000000000,0.0000000000,80372.4000000000,0.0000000000,NULL,NULL,NULL,NULL,NULL),(31,28,NULL,'',NULL,4,40.0000000000,40.0000000000,1767.4000000000,1767.4000000000,0.000,NULL,70696.0000000000,0.0000000000,70696.0000000000,0.0000000000,NULL,NULL,NULL,NULL,NULL),(32,29,NULL,'',NULL,0,12.0000000000,12.0000000000,0.0000000000,0.0000000000,0.000,NULL,0.0000000000,0.0000000000,0.0000000000,0.0000000000,NULL,NULL,NULL,NULL,NULL),(33,1,NULL,'',NULL,2,80.0000000000,80.0000000000,1767.4000000000,1767.4000000000,0.000,NULL,141392.0000000000,0.0000000000,141392.0000000000,0.0000000000,NULL,NULL,NULL,NULL,NULL),(33,9,NULL,'',NULL,4,80.0000000000,80.0000000000,1767.4000000000,1767.4000000000,0.000,NULL,141392.0000000000,0.0000000000,141392.0000000000,0.0000000000,NULL,NULL,NULL,NULL,NULL),(33,11,NULL,'',NULL,5,48.0000000000,48.0000000000,1674.4000000000,1674.4000000000,0.000,NULL,80371.2000000000,0.0000000000,80371.2000000000,0.0000000000,NULL,NULL,NULL,NULL,NULL),(33,22,NULL,'',NULL,1,48.0000000000,48.0000000000,1674.4200000000,1674.4200000000,0.000,NULL,80372.1600000000,0.0000000000,80372.1600000000,0.0000000000,NULL,NULL,NULL,NULL,NULL),(33,26,NULL,'',NULL,0,60.0000000000,60.0000000000,1767.4000000000,1767.4000000000,0.000,NULL,106044.0000000000,0.0000000000,106044.0000000000,0.0000000000,NULL,NULL,NULL,NULL,NULL),(33,28,NULL,'',NULL,3,60.0000000000,60.0000000000,1767.4000000000,1767.4000000000,0.000,NULL,106044.0000000000,0.0000000000,106044.0000000000,0.0000000000,NULL,NULL,NULL,NULL,NULL),(34,1,NULL,'',NULL,7,80.0000000000,80.0000000000,1767.4000000000,1767.4000000000,0.000,NULL,141392.0000000000,0.0000000000,141392.0000000000,0.0000000000,NULL,NULL,NULL,NULL,NULL),(34,9,NULL,'',NULL,0,77.0000000000,77.0000000000,1767.4000000000,1767.4000000000,0.000,NULL,136089.8000000000,0.0000000000,136089.8000000000,0.0000000000,NULL,NULL,NULL,NULL,NULL),(34,10,NULL,'',NULL,1,39.0000000000,39.0000000000,1767.4000000000,1767.4000000000,0.000,NULL,68928.6000000000,0.0000000000,68928.6000000000,0.0000000000,NULL,NULL,NULL,NULL,NULL),(34,11,NULL,'',NULL,4,48.0000000000,48.0000000000,1674.4000000000,1674.4000000000,0.000,NULL,80371.2000000000,0.0000000000,80371.2000000000,0.0000000000,NULL,NULL,NULL,NULL,NULL),(34,22,NULL,'',NULL,3,37.0000000000,37.0000000000,1674.4200000000,1674.4200000000,0.000,NULL,61953.5400000000,0.0000000000,61953.5400000000,0.0000000000,NULL,NULL,NULL,NULL,NULL),(34,26,NULL,'',NULL,9,56.0000000000,56.0000000000,1767.4000000000,1767.4000000000,0.000,NULL,98974.4000000000,0.0000000000,98974.4000000000,0.0000000000,NULL,NULL,NULL,NULL,NULL),(34,28,NULL,'',NULL,5,60.0000000000,60.0000000000,1767.4000000000,1767.4000000000,0.000,NULL,106044.0000000000,0.0000000000,106044.0000000000,0.0000000000,NULL,NULL,NULL,NULL,NULL),(34,30,NULL,'',NULL,2,6.0000000000,6.0000000000,0.0000000000,0.0000000000,0.000,NULL,0.0000000000,0.0000000000,0.0000000000,0.0000000000,NULL,NULL,NULL,NULL,NULL),(34,31,NULL,'',NULL,6,8.0000000000,8.0000000000,0.0000000000,0.0000000000,0.000,NULL,0.0000000000,0.0000000000,0.0000000000,0.0000000000,NULL,NULL,NULL,NULL,NULL),(34,32,NULL,'',NULL,11,40.0000000000,40.0000000000,0.0000000000,0.0000000000,0.000,NULL,0.0000000000,0.0000000000,0.0000000000,0.0000000000,NULL,NULL,NULL,NULL,NULL),(34,33,NULL,'',NULL,8,40.0000000000,40.0000000000,0.0000000000,0.0000000000,0.000,NULL,0.0000000000,0.0000000000,0.0000000000,0.0000000000,NULL,NULL,NULL,NULL,NULL),(34,34,NULL,'',NULL,10,4.0000000000,4.0000000000,0.0000000000,0.0000000000,0.000,NULL,0.0000000000,0.0000000000,0.0000000000,0.0000000000,NULL,NULL,NULL,NULL,NULL),(35,4,NULL,'',NULL,0,8.0000000000,8.0000000000,7627.9100000000,7627.9100000000,0.000,NULL,61023.2800000000,0.0000000000,61023.2800000000,0.0000000000,NULL,NULL,NULL,NULL,NULL),(36,1,NULL,'',NULL,10,1.0000000000,1.0000000000,1767.4000000000,1767.4000000000,0.000,NULL,1767.4000000000,0.0000000000,1767.4000000000,0.0000000000,NULL,NULL,NULL,NULL,NULL),(36,4,NULL,'',NULL,2,6.0000000000,6.0000000000,7627.9100000000,7627.9100000000,0.000,NULL,45767.4600000000,0.0000000000,45767.4600000000,0.0000000000,NULL,NULL,NULL,NULL,NULL),(36,9,NULL,'',NULL,6,40.0000000000,40.0000000000,1767.4000000000,1767.4000000000,0.000,NULL,70696.0000000000,0.0000000000,70696.0000000000,0.0000000000,NULL,NULL,NULL,NULL,NULL),(36,10,NULL,'',NULL,3,20.0000000000,20.0000000000,1767.4000000000,1767.4000000000,0.000,NULL,35348.0000000000,0.0000000000,35348.0000000000,0.0000000000,NULL,NULL,NULL,NULL,NULL),(36,14,NULL,'',NULL,0,10.0000000000,10.0000000000,7441.9000000000,7441.9000000000,0.000,NULL,74419.0000000000,0.0000000000,74419.0000000000,0.0000000000,NULL,NULL,NULL,NULL,NULL),(36,30,NULL,'',NULL,1,12.0000000000,12.0000000000,4651.1600000000,4651.1600000000,0.000,NULL,55813.9200000000,0.0000000000,55813.9200000000,0.0000000000,NULL,NULL,NULL,NULL,NULL),(36,31,NULL,'',NULL,4,3.0000000000,3.0000000000,7627.9100000000,7627.9100000000,0.000,NULL,22883.7300000000,0.0000000000,22883.7300000000,0.0000000000,NULL,NULL,NULL,NULL,NULL),(36,32,NULL,'',NULL,5,40.0000000000,40.0000000000,1767.4000000000,1767.4000000000,0.000,NULL,70696.0000000000,0.0000000000,70696.0000000000,0.0000000000,NULL,NULL,NULL,NULL,NULL),(36,33,NULL,'',NULL,7,46.0000000000,46.0000000000,1767.4000000000,1767.4000000000,0.000,NULL,81300.4000000000,0.0000000000,81300.4000000000,0.0000000000,NULL,NULL,NULL,NULL,NULL),(36,34,NULL,'',NULL,8,7.0000000000,7.0000000000,7627.9100000000,7627.9100000000,0.000,NULL,53395.3700000000,0.0000000000,53395.3700000000,0.0000000000,NULL,NULL,NULL,NULL,NULL),(36,35,NULL,'',NULL,9,59.0000000000,59.0000000000,1767.4000000000,1767.4000000000,0.000,NULL,104276.6000000000,0.0000000000,104276.6000000000,0.0000000000,NULL,NULL,NULL,NULL,NULL),(37,1,NULL,'',NULL,5,60.0000000000,60.0000000000,1767.4000000000,1767.4000000000,0.000,NULL,106044.0000000000,0.0000000000,106044.0000000000,0.0000000000,NULL,NULL,NULL,NULL,NULL),(37,4,NULL,'',NULL,2,12.0000000000,12.0000000000,7627.9100000000,7627.9100000000,0.000,NULL,91534.9200000000,0.0000000000,91534.9200000000,0.0000000000,NULL,NULL,NULL,NULL,NULL),(37,10,NULL,'',NULL,8,20.0000000000,20.0000000000,1767.4000000000,1767.4000000000,0.000,NULL,35348.0000000000,0.0000000000,35348.0000000000,0.0000000000,NULL,NULL,NULL,NULL,NULL),(37,11,NULL,'',NULL,1,24.0000000000,24.0000000000,1674.4000000000,1674.4000000000,0.000,NULL,40185.6000000000,0.0000000000,40185.6000000000,0.0000000000,NULL,NULL,NULL,NULL,NULL),(37,30,NULL,'',NULL,0,6.0000000000,6.0000000000,4651.1600000000,4651.1600000000,0.000,NULL,27906.9600000000,0.0000000000,27906.9600000000,0.0000000000,NULL,NULL,NULL,NULL,NULL),(37,31,NULL,'',NULL,7,10.0000000000,10.0000000000,7627.9100000000,7627.9100000000,0.000,NULL,76279.1000000000,0.0000000000,76279.1000000000,0.0000000000,NULL,NULL,NULL,NULL,NULL),(37,32,NULL,'',NULL,3,60.0000000000,60.0000000000,1767.4000000000,1767.4000000000,0.000,NULL,106044.0000000000,0.0000000000,106044.0000000000,0.0000000000,NULL,NULL,NULL,NULL,NULL),(37,33,NULL,'',NULL,6,20.0000000000,20.0000000000,1767.4000000000,1767.4000000000,0.000,NULL,35348.0000000000,0.0000000000,35348.0000000000,0.0000000000,NULL,NULL,NULL,NULL,NULL),(37,35,NULL,'',NULL,4,20.0000000000,20.0000000000,1767.4000000000,1767.4000000000,0.000,NULL,35348.0000000000,0.0000000000,35348.0000000000,0.0000000000,NULL,NULL,NULL,NULL,NULL),(38,1,NULL,'',NULL,6,70.0000000000,70.0000000000,1767.4000000000,1767.4000000000,0.000,NULL,123718.0000000000,0.0000000000,123718.0000000000,0.0000000000,NULL,NULL,NULL,NULL,NULL),(38,4,NULL,'',NULL,1,12.0000000000,12.0000000000,7627.9100000000,7627.9100000000,0.000,NULL,91534.9200000000,0.0000000000,91534.9200000000,0.0000000000,NULL,NULL,NULL,NULL,NULL),(38,6,NULL,'',NULL,0,8.0000000000,8.0000000000,7627.9100000000,7627.9100000000,0.000,NULL,61023.2800000000,0.0000000000,61023.2800000000,0.0000000000,NULL,NULL,NULL,NULL,NULL),(38,9,NULL,'',NULL,4,20.0000000000,20.0000000000,1767.4000000000,1767.4000000000,0.000,NULL,35348.0000000000,0.0000000000,35348.0000000000,0.0000000000,NULL,NULL,NULL,NULL,NULL),(38,22,NULL,'',NULL,8,20.0000000000,20.0000000000,1674.4200000000,1674.4200000000,0.000,NULL,33488.4000000000,0.0000000000,33488.4000000000,0.0000000000,NULL,NULL,NULL,NULL,NULL),(38,25,NULL,'',NULL,9,8.0000000000,8.0000000000,8186.0000000000,8186.0000000000,0.000,NULL,65488.0000000000,0.0000000000,65488.0000000000,0.0000000000,NULL,NULL,NULL,NULL,NULL),(38,31,NULL,'',NULL,3,12.0000000000,12.0000000000,7627.9100000000,7627.9100000000,0.000,NULL,91534.9200000000,0.0000000000,91534.9200000000,0.0000000000,NULL,NULL,NULL,NULL,NULL),(38,32,NULL,'',NULL,7,60.0000000000,60.0000000000,1767.4000000000,1767.4000000000,0.000,NULL,106044.0000000000,0.0000000000,106044.0000000000,0.0000000000,NULL,NULL,NULL,NULL,NULL),(38,33,NULL,'',NULL,2,19.0000000000,19.0000000000,1767.4000000000,1767.4000000000,0.000,NULL,33580.6000000000,0.0000000000,33580.6000000000,0.0000000000,NULL,NULL,NULL,NULL,NULL),(38,35,NULL,'',NULL,5,20.0000000000,20.0000000000,1767.4000000000,1767.4000000000,0.000,NULL,35348.0000000000,0.0000000000,35348.0000000000,0.0000000000,NULL,NULL,NULL,NULL,NULL),(39,1,NULL,'',NULL,3,80.0000000000,80.0000000000,1767.4000000000,1767.4000000000,0.000,NULL,141392.0000000000,0.0000000000,141392.0000000000,0.0000000000,NULL,NULL,NULL,NULL,NULL),(39,4,NULL,'',NULL,0,12.0000000000,12.0000000000,7627.9100000000,7627.9100000000,0.000,NULL,91534.9200000000,0.0000000000,91534.9200000000,0.0000000000,NULL,NULL,NULL,NULL,NULL),(39,9,NULL,'',NULL,4,60.0000000000,60.0000000000,1767.4000000000,1767.4000000000,0.000,NULL,106044.0000000000,0.0000000000,106044.0000000000,0.0000000000,NULL,NULL,NULL,NULL,NULL),(39,30,NULL,'',NULL,1,6.0000000000,6.0000000000,4651.1600000000,4651.1600000000,0.000,NULL,27906.9600000000,0.0000000000,27906.9600000000,0.0000000000,NULL,NULL,NULL,NULL,NULL),(39,31,NULL,'',NULL,5,12.0000000000,12.0000000000,7627.9100000000,7627.9100000000,0.000,NULL,91534.9200000000,0.0000000000,91534.9200000000,0.0000000000,NULL,NULL,NULL,NULL,NULL),(39,32,NULL,'',NULL,2,60.0000000000,60.0000000000,1767.4000000000,1767.4000000000,0.000,NULL,106044.0000000000,0.0000000000,106044.0000000000,0.0000000000,NULL,NULL,NULL,NULL,NULL),(39,33,NULL,'',NULL,7,20.0000000000,20.0000000000,1767.4000000000,1767.4000000000,0.000,NULL,35348.0000000000,0.0000000000,35348.0000000000,0.0000000000,NULL,NULL,NULL,NULL,NULL),(39,35,NULL,'',NULL,6,20.0000000000,20.0000000000,1767.4000000000,1767.4000000000,0.000,NULL,35348.0000000000,0.0000000000,35348.0000000000,0.0000000000,NULL,NULL,NULL,NULL,NULL),(40,1,NULL,'',NULL,4,60.0000000000,60.0000000000,1767.4000000000,1767.4000000000,0.000,NULL,106044.0000000000,0.0000000000,106044.0000000000,0.0000000000,NULL,NULL,NULL,NULL,NULL),(40,4,NULL,'',NULL,2,16.0000000000,16.0000000000,7627.9100000000,7627.9100000000,0.000,NULL,122046.5600000000,0.0000000000,122046.5600000000,0.0000000000,NULL,NULL,NULL,NULL,NULL),(40,10,NULL,'',NULL,8,57.0000000000,57.0000000000,1767.4000000000,1767.4000000000,0.000,NULL,100741.8000000000,0.0000000000,100741.8000000000,0.0000000000,NULL,NULL,NULL,NULL,NULL),(40,22,NULL,'',NULL,6,53.0000000000,53.0000000000,1674.4200000000,1674.4200000000,0.000,NULL,88744.2600000000,0.0000000000,88744.2600000000,0.0000000000,NULL,NULL,NULL,NULL,NULL),(40,23,NULL,'',NULL,0,6.0000000000,6.0000000000,9120.0000000000,9120.0000000000,0.000,NULL,54720.0000000000,0.0000000000,54720.0000000000,0.0000000000,NULL,NULL,NULL,NULL,NULL),(40,25,NULL,'',NULL,1,4.0000000000,4.0000000000,8186.0000000000,8186.0000000000,0.000,NULL,32744.0000000000,0.0000000000,32744.0000000000,0.0000000000,NULL,NULL,NULL,NULL,NULL),(40,33,NULL,'',NULL,5,40.0000000000,40.0000000000,1767.4000000000,1767.4000000000,0.000,NULL,70696.0000000000,0.0000000000,70696.0000000000,0.0000000000,NULL,NULL,NULL,NULL,NULL),(40,34,NULL,'',NULL,3,12.0000000000,12.0000000000,7627.9100000000,7627.9100000000,0.000,NULL,91534.9200000000,0.0000000000,91534.9200000000,0.0000000000,NULL,NULL,NULL,NULL,NULL),(40,35,NULL,'',NULL,7,40.0000000000,40.0000000000,1767.4000000000,1767.4000000000,0.000,NULL,70696.0000000000,0.0000000000,70696.0000000000,0.0000000000,NULL,NULL,NULL,NULL,NULL),(41,1,NULL,'',NULL,6,150.0000000000,150.0000000000,1767.4000000000,1767.4000000000,0.000,NULL,265110.0000000000,0.0000000000,265110.0000000000,0.0000000000,NULL,NULL,NULL,NULL,NULL),(41,10,NULL,'',NULL,3,40.0000000000,40.0000000000,1767.4000000000,1767.4000000000,0.000,NULL,70696.0000000000,0.0000000000,70696.0000000000,0.0000000000,NULL,NULL,NULL,NULL,NULL),(41,22,NULL,'',NULL,1,60.0000000000,60.0000000000,1674.4200000000,1674.4200000000,0.000,NULL,100465.2000000000,0.0000000000,100465.2000000000,0.0000000000,NULL,NULL,NULL,NULL,NULL),(41,23,NULL,'',NULL,2,8.0000000000,8.0000000000,9120.0000000000,9120.0000000000,0.000,NULL,72960.0000000000,0.0000000000,72960.0000000000,0.0000000000,NULL,NULL,NULL,NULL,NULL),(41,25,NULL,'',NULL,4,4.0000000000,4.0000000000,8186.0000000000,8186.0000000000,0.000,NULL,32744.0000000000,0.0000000000,32744.0000000000,0.0000000000,NULL,NULL,NULL,NULL,NULL),(41,33,NULL,'',NULL,5,50.0000000000,50.0000000000,1767.4000000000,1767.4000000000,0.000,NULL,88370.0000000000,0.0000000000,88370.0000000000,0.0000000000,NULL,NULL,NULL,NULL,NULL),(41,35,NULL,'',NULL,0,40.0000000000,40.0000000000,1767.4000000000,1767.4000000000,0.000,NULL,70696.0000000000,0.0000000000,70696.0000000000,0.0000000000,NULL,NULL,NULL,NULL,NULL),(42,1,NULL,'',NULL,5,40.0000000000,40.0000000000,1767.4000000000,1767.4000000000,0.000,NULL,70696.0000000000,0.0000000000,70696.0000000000,0.0000000000,NULL,NULL,NULL,NULL,NULL),(42,4,NULL,'',NULL,1,16.0000000000,16.0000000000,7627.9100000000,7627.9100000000,0.000,NULL,122046.5600000000,0.0000000000,122046.5600000000,0.0000000000,NULL,NULL,NULL,NULL,NULL),(42,10,NULL,'',NULL,9,40.0000000000,40.0000000000,1767.4000000000,1767.4000000000,0.000,NULL,70696.0000000000,0.0000000000,70696.0000000000,0.0000000000,NULL,NULL,NULL,NULL,NULL),(42,11,NULL,'',NULL,2,45.0000000000,45.0000000000,1674.4000000000,1674.4000000000,0.000,NULL,75348.0000000000,0.0000000000,75348.0000000000,0.0000000000,NULL,NULL,NULL,NULL,NULL),(42,18,NULL,'',NULL,10,36.0000000000,36.0000000000,6325.6000000000,6325.6000000000,0.000,NULL,227721.6000000000,0.0000000000,227721.6000000000,0.0000000000,NULL,NULL,NULL,NULL,NULL),(42,22,NULL,'',NULL,8,48.0000000000,48.0000000000,1674.4200000000,1674.4200000000,0.000,NULL,80372.1600000000,0.0000000000,80372.1600000000,0.0000000000,NULL,NULL,NULL,NULL,NULL),(42,25,NULL,'',NULL,4,8.0000000000,8.0000000000,8186.0000000000,8186.0000000000,0.000,NULL,65488.0000000000,0.0000000000,65488.0000000000,0.0000000000,NULL,NULL,NULL,NULL,NULL),(42,31,NULL,'',NULL,0,8.0000000000,8.0000000000,7627.9100000000,7627.9100000000,0.000,NULL,61023.2800000000,0.0000000000,61023.2800000000,0.0000000000,NULL,NULL,NULL,NULL,NULL),(42,33,NULL,'',NULL,6,40.0000000000,40.0000000000,1767.4000000000,1767.4000000000,0.000,NULL,70696.0000000000,0.0000000000,70696.0000000000,0.0000000000,NULL,NULL,NULL,NULL,NULL),(42,34,NULL,'',NULL,7,12.0000000000,12.0000000000,7627.9100000000,7627.9100000000,0.000,NULL,91534.9200000000,0.0000000000,91534.9200000000,0.0000000000,NULL,NULL,NULL,NULL,NULL),(42,35,NULL,'',NULL,3,40.0000000000,40.0000000000,1767.4000000000,1767.4000000000,0.000,NULL,70696.0000000000,0.0000000000,70696.0000000000,0.0000000000,NULL,NULL,NULL,NULL,NULL),(43,37,NULL,'',NULL,0,12.0000000000,12.0000000000,0.0000000000,0.0000000000,0.000,NULL,0.0000000000,0.0000000000,0.0000000000,0.0000000000,NULL,NULL,NULL,NULL,NULL),(44,1,NULL,'',NULL,0,30.0000000000,30.0000000000,1767.4000000000,1767.4000000000,0.000,NULL,53022.0000000000,0.0000000000,53022.0000000000,0.0000000000,NULL,NULL,NULL,NULL,NULL),(45,33,NULL,'',NULL,0,30.0000000000,30.0000000000,1767.4000000000,1767.4000000000,0.000,NULL,53022.0000000000,0.0000000000,53022.0000000000,0.0000000000,NULL,NULL,NULL,NULL,NULL),(46,1,NULL,'',NULL,8,60.0000000000,60.0000000000,1767.4000000000,1767.4000000000,0.000,NULL,106044.0000000000,0.0000000000,106044.0000000000,0.0000000000,NULL,NULL,NULL,NULL,NULL),(46,4,NULL,'',NULL,9,16.0000000000,16.0000000000,7627.9100000000,7627.9100000000,0.000,NULL,122046.5600000000,0.0000000000,122046.5600000000,0.0000000000,NULL,NULL,NULL,NULL,NULL),(46,10,NULL,'',NULL,11,40.0000000000,40.0000000000,1767.4000000000,1767.4000000000,0.000,NULL,70696.0000000000,0.0000000000,70696.0000000000,0.0000000000,NULL,NULL,NULL,NULL,NULL),(46,11,NULL,'',NULL,10,60.0000000000,60.0000000000,1674.4000000000,1674.4000000000,0.000,NULL,100464.0000000000,0.0000000000,100464.0000000000,0.0000000000,NULL,NULL,NULL,NULL,NULL),(46,23,NULL,'',NULL,6,10.0000000000,10.0000000000,9120.0000000000,9120.0000000000,0.000,NULL,91200.0000000000,0.0000000000,91200.0000000000,0.0000000000,NULL,NULL,NULL,NULL,NULL),(46,25,NULL,'',NULL,2,16.0000000000,16.0000000000,8186.0000000000,8186.0000000000,0.000,NULL,130976.0000000000,0.0000000000,130976.0000000000,0.0000000000,NULL,NULL,NULL,NULL,NULL),(46,30,NULL,'',NULL,0,12.0000000000,12.0000000000,4651.1600000000,4651.1600000000,0.000,NULL,55813.9200000000,0.0000000000,55813.9200000000,0.0000000000,NULL,NULL,NULL,NULL,NULL),(46,31,NULL,'',NULL,4,12.0000000000,12.0000000000,7627.9100000000,7627.9100000000,0.000,NULL,91534.9200000000,0.0000000000,91534.9200000000,0.0000000000,NULL,NULL,NULL,NULL,NULL),(46,33,NULL,'',NULL,5,60.0000000000,60.0000000000,1767.4000000000,1767.4000000000,0.000,NULL,106044.0000000000,0.0000000000,106044.0000000000,0.0000000000,NULL,NULL,NULL,NULL,NULL),(46,34,NULL,'',NULL,7,4.0000000000,4.0000000000,7627.9100000000,7627.9100000000,0.000,NULL,30511.6400000000,0.0000000000,30511.6400000000,0.0000000000,NULL,NULL,NULL,NULL,NULL),(46,35,NULL,'',NULL,3,60.0000000000,60.0000000000,1767.4000000000,1767.4000000000,0.000,NULL,106044.0000000000,0.0000000000,106044.0000000000,0.0000000000,NULL,NULL,NULL,NULL,NULL),(46,37,NULL,'',NULL,1,12.0000000000,12.0000000000,6325.6000000000,6325.6000000000,0.000,NULL,75907.2000000000,0.0000000000,75907.2000000000,0.0000000000,NULL,NULL,NULL,NULL,NULL),(47,1,NULL,'',NULL,0,60.0000000000,60.0000000000,1767.4000000000,1767.4000000000,0.000,NULL,106044.0000000000,0.0000000000,106044.0000000000,0.0000000000,NULL,NULL,NULL,NULL,NULL),(48,4,NULL,'',NULL,2,16.0000000000,16.0000000000,7627.9100000000,7627.9100000000,0.000,NULL,122046.5600000000,0.0000000000,122046.5600000000,0.0000000000,NULL,NULL,NULL,NULL,NULL),(48,10,NULL,'',NULL,10,40.0000000000,40.0000000000,1767.4000000000,1767.4000000000,0.000,NULL,70696.0000000000,0.0000000000,70696.0000000000,0.0000000000,NULL,NULL,NULL,NULL,NULL),(48,11,NULL,'',NULL,7,48.0000000000,48.0000000000,1674.4000000000,1674.4000000000,0.000,NULL,80371.2000000000,0.0000000000,80371.2000000000,0.0000000000,NULL,NULL,NULL,NULL,NULL),(48,18,NULL,'',NULL,9,18.0000000000,18.0000000000,6325.6000000000,6325.6000000000,0.000,NULL,113860.8000000000,0.0000000000,113860.8000000000,0.0000000000,NULL,NULL,NULL,NULL,NULL),(48,22,NULL,'',NULL,1,48.0000000000,48.0000000000,1674.4200000000,1674.4200000000,0.000,NULL,80372.1600000000,0.0000000000,80372.1600000000,0.0000000000,NULL,NULL,NULL,NULL,NULL),(48,25,NULL,'',NULL,3,18.0000000000,18.0000000000,8186.0000000000,8186.0000000000,0.000,NULL,147348.0000000000,0.0000000000,147348.0000000000,0.0000000000,NULL,NULL,NULL,NULL,NULL),(48,30,NULL,'',NULL,4,8.0000000000,8.0000000000,4651.1600000000,4651.1600000000,0.000,NULL,37209.2800000000,0.0000000000,37209.2800000000,0.0000000000,NULL,NULL,NULL,NULL,NULL),(48,31,NULL,'',NULL,5,12.0000000000,12.0000000000,7627.9100000000,7627.9100000000,0.000,NULL,91534.9200000000,0.0000000000,91534.9200000000,0.0000000000,NULL,NULL,NULL,NULL,NULL),(48,33,NULL,'',NULL,11,35.0000000000,35.0000000000,1767.4000000000,1767.4000000000,0.000,NULL,61859.0000000000,0.0000000000,61859.0000000000,0.0000000000,NULL,NULL,NULL,NULL,NULL),(48,34,NULL,'',NULL,0,8.0000000000,8.0000000000,7627.9100000000,7627.9100000000,0.000,NULL,61023.2800000000,0.0000000000,61023.2800000000,0.0000000000,NULL,NULL,NULL,NULL,NULL),(48,35,NULL,'',NULL,8,30.0000000000,30.0000000000,1767.4000000000,1767.4000000000,0.000,NULL,53022.0000000000,0.0000000000,53022.0000000000,0.0000000000,NULL,NULL,NULL,NULL,NULL),(48,37,NULL,'',NULL,6,12.0000000000,12.0000000000,6325.6000000000,6325.6000000000,0.000,NULL,75907.2000000000,0.0000000000,75907.2000000000,0.0000000000,NULL,NULL,NULL,NULL,NULL),(49,1,NULL,'',NULL,0,100.0000000000,100.0000000000,1767.4000000000,1767.4000000000,0.000,NULL,176740.0000000000,0.0000000000,176740.0000000000,0.0000000000,NULL,NULL,NULL,NULL,NULL),(50,32,NULL,'',NULL,2,40.0000000000,40.0000000000,1767.4000000000,1767.4000000000,0.000,NULL,70696.0000000000,0.0000000000,70696.0000000000,0.0000000000,NULL,NULL,NULL,NULL,NULL),(50,38,NULL,'',NULL,0,40.0000000000,40.0000000000,0.0000000000,0.0000000000,0.000,NULL,0.0000000000,0.0000000000,0.0000000000,0.0000000000,NULL,NULL,NULL,NULL,NULL),(50,40,NULL,'',NULL,1,40.0000000000,40.0000000000,0.0000000000,0.0000000000,0.000,NULL,0.0000000000,0.0000000000,0.0000000000,0.0000000000,NULL,NULL,NULL,NULL,NULL),(51,41,NULL,'',NULL,0,8.0000000000,8.0000000000,0.0000000000,0.0000000000,0.000,NULL,0.0000000000,0.0000000000,0.0000000000,0.0000000000,NULL,NULL,NULL,NULL,NULL),(52,1,NULL,'',NULL,7,60.0000000000,60.0000000000,1767.4000000000,1767.4000000000,0.000,NULL,106044.0000000000,0.0000000000,106044.0000000000,0.0000000000,NULL,NULL,NULL,NULL,NULL),(52,4,NULL,'',NULL,1,8.0000000000,8.0000000000,7627.9100000000,7627.9100000000,0.000,NULL,61023.2800000000,0.0000000000,61023.2800000000,0.0000000000,NULL,NULL,NULL,NULL,NULL),(52,10,NULL,'',NULL,9,20.0000000000,20.0000000000,1767.4000000000,1767.4000000000,0.000,NULL,35348.0000000000,0.0000000000,35348.0000000000,0.0000000000,NULL,NULL,NULL,NULL,NULL),(52,11,NULL,'',NULL,0,48.0000000000,48.0000000000,1674.4000000000,1674.4000000000,0.000,NULL,80371.2000000000,0.0000000000,80371.2000000000,0.0000000000,NULL,NULL,NULL,NULL,NULL),(52,18,NULL,'',NULL,2,6.0000000000,6.0000000000,6325.6000000000,6325.6000000000,0.000,NULL,37953.6000000000,0.0000000000,37953.6000000000,0.0000000000,NULL,NULL,NULL,NULL,NULL),(52,30,NULL,'',NULL,6,6.0000000000,6.0000000000,4651.1600000000,4651.1600000000,0.000,NULL,27906.9600000000,0.0000000000,27906.9600000000,0.0000000000,NULL,NULL,NULL,NULL,NULL),(52,34,NULL,'',NULL,10,4.0000000000,4.0000000000,7627.9100000000,7627.9100000000,0.000,NULL,30511.6400000000,0.0000000000,30511.6400000000,0.0000000000,NULL,NULL,NULL,NULL,NULL),(52,35,NULL,'',NULL,8,20.0000000000,20.0000000000,1767.4000000000,1767.4000000000,0.000,NULL,35348.0000000000,0.0000000000,35348.0000000000,0.0000000000,NULL,NULL,NULL,NULL,NULL),(52,37,NULL,'',NULL,4,6.0000000000,6.0000000000,6325.6000000000,6325.6000000000,0.000,NULL,37953.6000000000,0.0000000000,37953.6000000000,0.0000000000,NULL,NULL,NULL,NULL,NULL),(52,38,NULL,'',NULL,5,20.0000000000,20.0000000000,1767.4000000000,1767.4000000000,0.000,NULL,35348.0000000000,0.0000000000,35348.0000000000,0.0000000000,NULL,NULL,NULL,NULL,NULL),(52,41,NULL,'',NULL,3,4.0000000000,4.0000000000,7627.9100000000,7627.9100000000,0.000,NULL,30511.6400000000,0.0000000000,30511.6400000000,0.0000000000,NULL,NULL,NULL,NULL,NULL),(53,4,NULL,'',NULL,5,4.0000000000,4.0000000000,7627.9100000000,7627.9100000000,0.000,NULL,30511.6400000000,0.0000000000,30511.6400000000,0.0000000000,NULL,NULL,NULL,NULL,NULL),(53,10,NULL,'',NULL,7,40.0000000000,40.0000000000,1767.4000000000,1767.4000000000,0.000,NULL,70696.0000000000,0.0000000000,70696.0000000000,0.0000000000,NULL,NULL,NULL,NULL,NULL),(53,11,NULL,'',NULL,4,48.0000000000,48.0000000000,1674.4000000000,1674.4000000000,0.000,NULL,80371.2000000000,0.0000000000,80371.2000000000,0.0000000000,NULL,NULL,NULL,NULL,NULL),(53,22,NULL,'',NULL,6,55.0000000000,55.0000000000,1674.4200000000,1674.4200000000,0.000,NULL,92093.1000000000,0.0000000000,92093.1000000000,0.0000000000,NULL,NULL,NULL,NULL,NULL),(53,32,NULL,'',NULL,1,43.0000000000,43.0000000000,1767.4000000000,1767.4000000000,0.000,NULL,75998.2000000000,0.0000000000,75998.2000000000,0.0000000000,NULL,NULL,NULL,NULL,NULL),(53,33,NULL,'',NULL,0,40.0000000000,40.0000000000,1767.4000000000,1767.4000000000,0.000,NULL,70696.0000000000,0.0000000000,70696.0000000000,0.0000000000,NULL,NULL,NULL,NULL,NULL),(53,35,NULL,'',NULL,9,60.0000000000,60.0000000000,1767.4000000000,1767.4000000000,0.000,NULL,106044.0000000000,0.0000000000,106044.0000000000,0.0000000000,NULL,NULL,NULL,NULL,NULL),(53,38,NULL,'',NULL,2,60.0000000000,60.0000000000,1767.4000000000,1767.4000000000,0.000,NULL,106044.0000000000,0.0000000000,106044.0000000000,0.0000000000,NULL,NULL,NULL,NULL,NULL),(53,40,NULL,'',NULL,3,60.0000000000,60.0000000000,1767.4000000000,1767.4000000000,0.000,NULL,106044.0000000000,0.0000000000,106044.0000000000,0.0000000000,NULL,NULL,NULL,NULL,NULL),(53,41,NULL,'',NULL,8,12.0000000000,12.0000000000,7627.9100000000,7627.9100000000,0.000,NULL,91534.9200000000,0.0000000000,91534.9200000000,0.0000000000,NULL,NULL,NULL,NULL,NULL),(54,25,NULL,'',NULL,0,14.0000000000,14.0000000000,8186.0000000000,8186.0000000000,0.000,NULL,114604.0000000000,0.0000000000,114604.0000000000,0.0000000000,NULL,NULL,NULL,NULL,NULL),(55,1,NULL,'',NULL,8,60.0000000000,60.0000000000,1767.4000000000,1767.4000000000,0.000,NULL,106044.0000000000,0.0000000000,106044.0000000000,0.0000000000,NULL,NULL,NULL,NULL,NULL),(55,4,NULL,'',NULL,1,20.0000000000,20.0000000000,7627.9100000000,7627.9100000000,0.000,NULL,152558.2000000000,0.0000000000,152558.2000000000,0.0000000000,NULL,NULL,NULL,NULL,NULL),(55,10,NULL,'',NULL,9,20.0000000000,20.0000000000,1767.4000000000,1767.4000000000,0.000,NULL,35348.0000000000,0.0000000000,35348.0000000000,0.0000000000,NULL,NULL,NULL,NULL,NULL),(55,11,NULL,'',NULL,0,24.0000000000,24.0000000000,1674.4000000000,1674.4000000000,0.000,NULL,40185.6000000000,0.0000000000,40185.6000000000,0.0000000000,NULL,NULL,NULL,NULL,NULL),(55,22,NULL,'',NULL,2,24.0000000000,24.0000000000,1674.4200000000,1674.4200000000,0.000,NULL,40186.0800000000,0.0000000000,40186.0800000000,0.0000000000,NULL,NULL,NULL,NULL,NULL),(55,32,NULL,'',NULL,4,104.0000000000,104.0000000000,1767.4000000000,1767.4000000000,0.000,NULL,183809.6000000000,0.0000000000,183809.6000000000,0.0000000000,NULL,NULL,NULL,NULL,NULL),(55,33,NULL,'',NULL,3,47.0000000000,47.0000000000,1767.4000000000,1767.4000000000,0.000,NULL,83067.8000000000,0.0000000000,83067.8000000000,0.0000000000,NULL,NULL,NULL,NULL,NULL),(55,38,NULL,'',NULL,7,40.0000000000,40.0000000000,1767.4000000000,1767.4000000000,0.000,NULL,70696.0000000000,0.0000000000,70696.0000000000,0.0000000000,NULL,NULL,NULL,NULL,NULL),(55,40,NULL,'',NULL,5,85.0000000000,85.0000000000,1767.4000000000,1767.4000000000,0.000,NULL,150229.0000000000,0.0000000000,150229.0000000000,0.0000000000,NULL,NULL,NULL,NULL,NULL),(55,41,NULL,'',NULL,6,8.0000000000,8.0000000000,7627.9100000000,7627.9100000000,0.000,NULL,61023.2800000000,0.0000000000,61023.2800000000,0.0000000000,NULL,NULL,NULL,NULL,NULL),(56,4,NULL,'',NULL,10,8.0000000000,8.0000000000,7627.9100000000,7627.9100000000,0.000,NULL,61023.2800000000,0.0000000000,61023.2800000000,0.0000000000,NULL,NULL,NULL,NULL,NULL),(56,10,NULL,'',NULL,9,40.0000000000,40.0000000000,1767.4000000000,1767.4000000000,0.000,NULL,70696.0000000000,0.0000000000,70696.0000000000,0.0000000000,NULL,NULL,NULL,NULL,NULL),(56,11,NULL,'',NULL,8,86.0000000000,86.0000000000,1674.4000000000,1674.4000000000,0.000,NULL,143998.4000000000,0.0000000000,143998.4000000000,0.0000000000,NULL,NULL,NULL,NULL,NULL),(56,18,NULL,'',NULL,0,6.0000000000,6.0000000000,6325.6000000000,6325.6000000000,0.000,NULL,37953.6000000000,0.0000000000,37953.6000000000,0.0000000000,NULL,NULL,NULL,NULL,NULL),(56,22,NULL,'',NULL,5,48.0000000000,48.0000000000,1674.4200000000,1674.4200000000,0.000,NULL,80372.1600000000,0.0000000000,80372.1600000000,0.0000000000,NULL,NULL,NULL,NULL,NULL),(56,31,NULL,'',NULL,2,4.0000000000,4.0000000000,7627.9100000000,7627.9100000000,0.000,NULL,30511.6400000000,0.0000000000,30511.6400000000,0.0000000000,NULL,NULL,NULL,NULL,NULL),(56,32,NULL,'',NULL,7,72.0000000000,72.0000000000,1767.4000000000,1767.4000000000,0.000,NULL,127252.8000000000,0.0000000000,127252.8000000000,0.0000000000,NULL,NULL,NULL,NULL,NULL),(56,33,NULL,'',NULL,4,40.0000000000,40.0000000000,1767.4000000000,1767.4000000000,0.000,NULL,70696.0000000000,0.0000000000,70696.0000000000,0.0000000000,NULL,NULL,NULL,NULL,NULL),(56,35,NULL,'',NULL,11,74.0000000000,74.0000000000,1767.4000000000,1767.4000000000,0.000,NULL,130787.6000000000,0.0000000000,130787.6000000000,0.0000000000,NULL,NULL,NULL,NULL,NULL),(56,37,NULL,'',NULL,12,1.0000000000,1.0000000000,6325.6000000000,6325.6000000000,0.000,NULL,6325.6000000000,0.0000000000,6325.6000000000,0.0000000000,NULL,NULL,NULL,NULL,NULL),(56,38,NULL,'',NULL,3,40.0000000000,40.0000000000,1767.4000000000,1767.4000000000,0.000,NULL,70696.0000000000,0.0000000000,70696.0000000000,0.0000000000,NULL,NULL,NULL,NULL,NULL),(56,40,NULL,'',NULL,6,60.0000000000,60.0000000000,1767.4000000000,1767.4000000000,0.000,NULL,106044.0000000000,0.0000000000,106044.0000000000,0.0000000000,NULL,NULL,NULL,NULL,NULL),(56,41,NULL,'',NULL,1,8.0000000000,8.0000000000,7627.9100000000,7627.9100000000,0.000,NULL,61023.2800000000,0.0000000000,61023.2800000000,0.0000000000,NULL,NULL,NULL,NULL,NULL),(57,4,NULL,'',NULL,0,4.0000000000,4.0000000000,7627.9100000000,7627.9100000000,0.000,NULL,30511.6400000000,0.0000000000,30511.6400000000,0.0000000000,NULL,NULL,NULL,NULL,NULL),(57,6,NULL,'',NULL,9,4.0000000000,4.0000000000,7627.9100000000,7627.9100000000,0.000,NULL,30511.6400000000,0.0000000000,30511.6400000000,0.0000000000,NULL,NULL,NULL,NULL,NULL),(57,10,NULL,'',NULL,3,20.0000000000,20.0000000000,1767.4000000000,1767.4000000000,0.000,NULL,35348.0000000000,0.0000000000,35348.0000000000,0.0000000000,NULL,NULL,NULL,NULL,NULL),(57,18,NULL,'',NULL,2,6.0000000000,6.0000000000,6325.6000000000,6325.6000000000,0.000,NULL,37953.6000000000,0.0000000000,37953.6000000000,0.0000000000,NULL,NULL,NULL,NULL,NULL),(57,21,NULL,'',NULL,7,24.0000000000,24.0000000000,6325.6000000000,6325.6000000000,0.000,NULL,151814.4000000000,0.0000000000,151814.4000000000,0.0000000000,NULL,NULL,NULL,NULL,NULL),(57,22,NULL,'',NULL,11,24.0000000000,24.0000000000,1674.4200000000,1674.4200000000,0.000,NULL,40186.0800000000,0.0000000000,40186.0800000000,0.0000000000,NULL,NULL,NULL,NULL,NULL),(57,25,NULL,'',NULL,12,8.0000000000,8.0000000000,8186.0000000000,8186.0000000000,0.000,NULL,65488.0000000000,0.0000000000,65488.0000000000,0.0000000000,NULL,NULL,NULL,NULL,NULL),(57,30,NULL,'',NULL,8,3.0000000000,3.0000000000,4651.1600000000,4651.1600000000,0.000,NULL,13953.4800000000,0.0000000000,13953.4800000000,0.0000000000,NULL,NULL,NULL,NULL,NULL),(57,32,NULL,'',NULL,6,20.0000000000,20.0000000000,1767.4000000000,1767.4000000000,0.000,NULL,35348.0000000000,0.0000000000,35348.0000000000,0.0000000000,NULL,NULL,NULL,NULL,NULL),(57,33,NULL,'',NULL,5,20.0000000000,20.0000000000,1767.4000000000,1767.4000000000,0.000,NULL,35348.0000000000,0.0000000000,35348.0000000000,0.0000000000,NULL,NULL,NULL,NULL,NULL),(57,35,NULL,'',NULL,10,20.0000000000,20.0000000000,1767.4000000000,1767.4000000000,0.000,NULL,35348.0000000000,0.0000000000,35348.0000000000,0.0000000000,NULL,NULL,NULL,NULL,NULL),(57,37,NULL,'',NULL,4,6.0000000000,6.0000000000,6325.6000000000,6325.6000000000,0.000,NULL,37953.6000000000,0.0000000000,37953.6000000000,0.0000000000,NULL,NULL,NULL,NULL,NULL),(57,40,NULL,'',NULL,1,80.0000000000,80.0000000000,1767.4000000000,1767.4000000000,0.000,NULL,141392.0000000000,0.0000000000,141392.0000000000,0.0000000000,NULL,NULL,NULL,NULL,NULL),(58,4,NULL,'',NULL,10,12.0000000000,12.0000000000,7627.9100000000,7627.9100000000,0.000,NULL,91534.9200000000,0.0000000000,91534.9200000000,0.0000000000,NULL,NULL,NULL,NULL,NULL),(58,10,NULL,'',NULL,1,40.0000000000,40.0000000000,1767.4000000000,1767.4000000000,0.000,NULL,70696.0000000000,0.0000000000,70696.0000000000,0.0000000000,NULL,NULL,NULL,NULL,NULL),(58,11,NULL,'',NULL,3,48.0000000000,48.0000000000,1674.4000000000,1674.4000000000,0.000,NULL,80371.2000000000,0.0000000000,80371.2000000000,0.0000000000,NULL,NULL,NULL,NULL,NULL),(58,22,NULL,'',NULL,2,72.0000000000,72.0000000000,1674.4200000000,1674.4200000000,0.000,NULL,120558.2400000000,0.0000000000,120558.2400000000,0.0000000000,NULL,NULL,NULL,NULL,NULL),(58,31,NULL,'',NULL,8,12.0000000000,12.0000000000,7627.9100000000,7627.9100000000,0.000,NULL,91534.9200000000,0.0000000000,91534.9200000000,0.0000000000,NULL,NULL,NULL,NULL,NULL),(58,32,NULL,'',NULL,7,80.0000000000,80.0000000000,1767.4000000000,1767.4000000000,0.000,NULL,141392.0000000000,0.0000000000,141392.0000000000,0.0000000000,NULL,NULL,NULL,NULL,NULL),(58,34,NULL,'',NULL,0,8.0000000000,8.0000000000,7627.9100000000,7627.9100000000,0.000,NULL,61023.2800000000,0.0000000000,61023.2800000000,0.0000000000,NULL,NULL,NULL,NULL,NULL),(58,35,NULL,'',NULL,5,60.0000000000,60.0000000000,1767.4000000000,1767.4000000000,0.000,NULL,106044.0000000000,0.0000000000,106044.0000000000,0.0000000000,NULL,NULL,NULL,NULL,NULL),(58,38,NULL,'',NULL,9,60.0000000000,60.0000000000,1767.4000000000,1767.4000000000,0.000,NULL,106044.0000000000,0.0000000000,106044.0000000000,0.0000000000,NULL,NULL,NULL,NULL,NULL),(58,40,NULL,'',NULL,4,80.0000000000,80.0000000000,1767.4000000000,1767.4000000000,0.000,NULL,141392.0000000000,0.0000000000,141392.0000000000,0.0000000000,NULL,NULL,NULL,NULL,NULL),(58,41,NULL,'',NULL,6,12.0000000000,12.0000000000,7627.9100000000,7627.9100000000,0.000,NULL,91534.9200000000,0.0000000000,91534.9200000000,0.0000000000,NULL,NULL,NULL,NULL,NULL),(59,4,NULL,'',NULL,1,4.0000000000,4.0000000000,7627.9100000000,7627.9100000000,0.000,NULL,30511.6400000000,0.0000000000,30511.6400000000,0.0000000000,NULL,NULL,NULL,NULL,NULL),(59,10,NULL,'',NULL,0,20.0000000000,20.0000000000,1767.4000000000,1767.4000000000,0.000,NULL,35348.0000000000,0.0000000000,35348.0000000000,0.0000000000,NULL,NULL,NULL,NULL,NULL),(59,11,NULL,'',NULL,2,24.0000000000,24.0000000000,1674.4000000000,1674.4000000000,0.000,NULL,40185.6000000000,0.0000000000,40185.6000000000,0.0000000000,NULL,NULL,NULL,NULL,NULL),(59,18,NULL,'',NULL,3,6.0000000000,6.0000000000,6325.6000000000,6325.6000000000,0.000,NULL,37953.6000000000,0.0000000000,37953.6000000000,0.0000000000,NULL,NULL,NULL,NULL,NULL),(59,32,NULL,'',NULL,5,60.0000000000,60.0000000000,1767.4000000000,1767.4000000000,0.000,NULL,106044.0000000000,0.0000000000,106044.0000000000,0.0000000000,NULL,NULL,NULL,NULL,NULL),(59,40,NULL,'',NULL,4,100.0000000000,100.0000000000,1767.4000000000,1767.4000000000,0.000,NULL,176740.0000000000,0.0000000000,176740.0000000000,0.0000000000,NULL,NULL,NULL,NULL,NULL),(60,4,NULL,'',NULL,0,4.0000000000,4.0000000000,7627.9100000000,7627.9100000000,0.000,NULL,30511.6400000000,0.0000000000,30511.6400000000,0.0000000000,NULL,NULL,NULL,NULL,NULL),(60,22,NULL,'',NULL,5,24.0000000000,24.0000000000,1674.4200000000,1674.4200000000,0.000,NULL,40186.0800000000,0.0000000000,40186.0800000000,0.0000000000,NULL,NULL,NULL,NULL,NULL),(60,31,NULL,'',NULL,7,8.0000000000,8.0000000000,7627.9100000000,7627.9100000000,0.000,NULL,61023.2800000000,0.0000000000,61023.2800000000,0.0000000000,NULL,NULL,NULL,NULL,NULL),(60,32,NULL,'',NULL,6,40.0000000000,40.0000000000,1767.4000000000,1767.4000000000,0.000,NULL,70696.0000000000,0.0000000000,70696.0000000000,0.0000000000,NULL,NULL,NULL,NULL,NULL),(60,34,NULL,'',NULL,3,8.0000000000,8.0000000000,7627.9100000000,7627.9100000000,0.000,NULL,61023.2800000000,0.0000000000,61023.2800000000,0.0000000000,NULL,NULL,NULL,NULL,NULL),(60,35,NULL,'',NULL,2,40.0000000000,40.0000000000,1767.4000000000,1767.4000000000,0.000,NULL,70696.0000000000,0.0000000000,70696.0000000000,0.0000000000,NULL,NULL,NULL,NULL,NULL),(60,38,NULL,'',NULL,1,20.0000000000,20.0000000000,1767.4000000000,1767.4000000000,0.000,NULL,35348.0000000000,0.0000000000,35348.0000000000,0.0000000000,NULL,NULL,NULL,NULL,NULL),(60,40,NULL,'',NULL,4,100.0000000000,100.0000000000,1767.4000000000,1767.4000000000,0.000,NULL,176740.0000000000,0.0000000000,176740.0000000000,0.0000000000,NULL,NULL,NULL,NULL,NULL),(61,4,NULL,'',NULL,3,16.0000000000,16.0000000000,7627.9100000000,7627.9100000000,0.000,NULL,122046.5600000000,0.0000000000,122046.5600000000,0.0000000000,NULL,NULL,NULL,NULL,NULL),(61,31,NULL,'',NULL,0,12.0000000000,12.0000000000,7627.9100000000,7627.9100000000,0.000,NULL,91534.9200000000,0.0000000000,91534.9200000000,0.0000000000,NULL,NULL,NULL,NULL,NULL),(61,32,NULL,'',NULL,4,120.0000000000,120.0000000000,1767.4000000000,1767.4000000000,0.000,NULL,212088.0000000000,0.0000000000,212088.0000000000,0.0000000000,NULL,NULL,NULL,NULL,NULL),(61,34,NULL,'',NULL,5,8.0000000000,8.0000000000,7627.9100000000,7627.9100000000,0.000,NULL,61023.2800000000,0.0000000000,61023.2800000000,0.0000000000,NULL,NULL,NULL,NULL,NULL),(61,35,NULL,'',NULL,6,40.0000000000,40.0000000000,1767.4000000000,1767.4000000000,0.000,NULL,70696.0000000000,0.0000000000,70696.0000000000,0.0000000000,NULL,NULL,NULL,NULL,NULL),(61,38,NULL,'',NULL,1,40.0000000000,40.0000000000,1767.4000000000,1767.4000000000,0.000,NULL,70696.0000000000,0.0000000000,70696.0000000000,0.0000000000,NULL,NULL,NULL,NULL,NULL),(61,40,NULL,'',NULL,2,160.0000000000,160.0000000000,1767.4000000000,1767.4000000000,0.000,NULL,282784.0000000000,0.0000000000,282784.0000000000,0.0000000000,NULL,NULL,NULL,NULL,NULL),(62,4,NULL,'',NULL,1,8.0000000000,8.0000000000,7627.9100000000,7627.9100000000,0.000,NULL,61023.2800000000,0.0000000000,61023.2800000000,0.0000000000,NULL,NULL,NULL,NULL,NULL),(62,18,NULL,'',NULL,0,6.0000000000,6.0000000000,6325.6000000000,6325.6000000000,0.000,NULL,37953.6000000000,0.0000000000,37953.6000000000,0.0000000000,NULL,NULL,NULL,NULL,NULL),(62,32,NULL,'',NULL,5,40.0000000000,40.0000000000,1767.4000000000,1767.4000000000,0.000,NULL,70696.0000000000,0.0000000000,70696.0000000000,0.0000000000,NULL,NULL,NULL,NULL,NULL),(62,35,NULL,'',NULL,4,40.0000000000,40.0000000000,1767.4000000000,1767.4000000000,0.000,NULL,70696.0000000000,0.0000000000,70696.0000000000,0.0000000000,NULL,NULL,NULL,NULL,NULL),(62,40,NULL,'',NULL,3,40.0000000000,40.0000000000,1767.4000000000,1767.4000000000,0.000,NULL,70696.0000000000,0.0000000000,70696.0000000000,0.0000000000,NULL,NULL,NULL,NULL,NULL),(62,41,NULL,'',NULL,2,4.0000000000,4.0000000000,7627.9100000000,7627.9100000000,0.000,NULL,30511.6400000000,0.0000000000,30511.6400000000,0.0000000000,NULL,NULL,NULL,NULL,NULL),(63,4,NULL,'',NULL,2,4.0000000000,4.0000000000,7627.9100000000,7627.9100000000,0.000,NULL,30511.6400000000,0.0000000000,30511.6400000000,0.0000000000,NULL,NULL,NULL,NULL,NULL),(63,18,NULL,'',NULL,3,12.0000000000,12.0000000000,6325.6000000000,6325.6000000000,0.000,NULL,75907.2000000000,0.0000000000,75907.2000000000,0.0000000000,NULL,NULL,NULL,NULL,NULL),(63,31,NULL,'',NULL,1,8.0000000000,8.0000000000,7627.9100000000,7627.9100000000,0.000,NULL,61023.2800000000,0.0000000000,61023.2800000000,0.0000000000,NULL,NULL,NULL,NULL,NULL),(63,32,NULL,'',NULL,5,100.0000000000,100.0000000000,1767.4000000000,1767.4000000000,0.000,NULL,176740.0000000000,0.0000000000,176740.0000000000,0.0000000000,NULL,NULL,NULL,NULL,NULL),(63,38,NULL,'',NULL,4,20.0000000000,20.0000000000,1767.4000000000,1767.4000000000,0.000,NULL,35348.0000000000,0.0000000000,35348.0000000000,0.0000000000,NULL,NULL,NULL,NULL,NULL),(63,40,NULL,'',NULL,0,100.0000000000,100.0000000000,1767.4000000000,1767.4000000000,0.000,NULL,176740.0000000000,0.0000000000,176740.0000000000,0.0000000000,NULL,NULL,NULL,NULL,NULL),(63,41,NULL,'',NULL,6,8.0000000000,8.0000000000,7627.9100000000,7627.9100000000,0.000,NULL,61023.2800000000,0.0000000000,61023.2800000000,0.0000000000,NULL,NULL,NULL,NULL,NULL),(64,18,NULL,'',NULL,0,6.0000000000,6.0000000000,6325.6000000000,6325.6000000000,0.000,NULL,37953.6000000000,0.0000000000,37953.6000000000,0.0000000000,NULL,NULL,NULL,NULL,NULL),(64,22,NULL,'',NULL,4,24.0000000000,24.0000000000,1674.4200000000,1674.4200000000,0.000,NULL,40186.0800000000,0.0000000000,40186.0800000000,0.0000000000,NULL,NULL,NULL,NULL,NULL),(64,31,NULL,'',NULL,3,13.0000000000,13.0000000000,7627.9100000000,7627.9100000000,0.000,NULL,99162.8300000000,0.0000000000,99162.8300000000,0.0000000000,NULL,NULL,NULL,NULL,NULL),(64,37,NULL,'',NULL,2,11.0000000000,11.0000000000,6325.6000000000,6325.6000000000,0.000,NULL,69581.6000000000,0.0000000000,69581.6000000000,0.0000000000,NULL,NULL,NULL,NULL,NULL),(64,40,NULL,'',NULL,1,40.0000000000,40.0000000000,1767.4000000000,1767.4000000000,0.000,NULL,70696.0000000000,0.0000000000,70696.0000000000,0.0000000000,NULL,NULL,NULL,NULL,NULL),(65,18,NULL,'',NULL,2,6.0000000000,6.0000000000,6325.6000000000,6325.6000000000,0.000,NULL,37953.6000000000,0.0000000000,37953.6000000000,0.0000000000,NULL,NULL,NULL,NULL,NULL),(65,22,NULL,'',NULL,3,24.0000000000,24.0000000000,1674.4200000000,1674.4200000000,0.000,NULL,40186.0800000000,0.0000000000,40186.0800000000,0.0000000000,NULL,NULL,NULL,NULL,NULL),(65,33,NULL,'',NULL,1,47.0000000000,47.0000000000,1767.4000000000,1767.4000000000,0.000,NULL,83067.8000000000,0.0000000000,83067.8000000000,0.0000000000,NULL,NULL,NULL,NULL,NULL),(65,40,NULL,'',NULL,0,6.0000000000,6.0000000000,1767.4000000000,1767.4000000000,0.000,NULL,10604.4000000000,0.0000000000,10604.4000000000,0.0000000000,NULL,NULL,NULL,NULL,NULL),(66,42,NULL,'',NULL,0,23.0000000000,23.0000000000,0.0000000000,0.0000000000,0.000,NULL,0.0000000000,0.0000000000,0.0000000000,0.0000000000,NULL,NULL,NULL,NULL,NULL),(67,11,NULL,'',NULL,1,40.0000000000,40.0000000000,1674.4000000000,1674.4000000000,0.000,NULL,66976.0000000000,0.0000000000,66976.0000000000,0.0000000000,NULL,NULL,NULL,NULL,NULL),(67,18,NULL,'',NULL,5,12.0000000000,12.0000000000,6325.6000000000,6325.6000000000,0.000,NULL,75907.2000000000,0.0000000000,75907.2000000000,0.0000000000,NULL,NULL,NULL,NULL,NULL),(67,31,NULL,'',NULL,6,7.0000000000,7.0000000000,7627.9100000000,7627.9100000000,0.000,NULL,53395.3700000000,0.0000000000,53395.3700000000,0.0000000000,NULL,NULL,NULL,NULL,NULL),(67,33,NULL,'',NULL,0,39.0000000000,39.0000000000,1767.4000000000,1767.4000000000,0.000,NULL,68928.6000000000,0.0000000000,68928.6000000000,0.0000000000,NULL,NULL,NULL,NULL,NULL),(67,34,NULL,'',NULL,2,16.0000000000,16.0000000000,7627.9100000000,7627.9100000000,0.000,NULL,122046.5600000000,0.0000000000,122046.5600000000,0.0000000000,NULL,NULL,NULL,NULL,NULL),(67,37,NULL,'',NULL,3,12.0000000000,12.0000000000,6325.6000000000,6325.6000000000,0.000,NULL,75907.2000000000,0.0000000000,75907.2000000000,0.0000000000,NULL,NULL,NULL,NULL,NULL),(67,40,NULL,'',NULL,4,18.0000000000,18.0000000000,1767.4000000000,1767.4000000000,0.000,NULL,31813.2000000000,0.0000000000,31813.2000000000,0.0000000000,NULL,NULL,NULL,NULL,NULL),(68,3,NULL,'',NULL,2,1.0000000000,1.0000000000,7627.9100000000,7627.9100000000,0.000,NULL,7627.9100000000,0.0000000000,7627.9100000000,0.0000000000,NULL,NULL,NULL,NULL,NULL),(68,11,NULL,'',NULL,3,20.0000000000,20.0000000000,1674.4000000000,1674.4000000000,0.000,NULL,33488.0000000000,0.0000000000,33488.0000000000,0.0000000000,NULL,NULL,NULL,NULL,NULL),(68,18,NULL,'',NULL,4,12.0000000000,12.0000000000,6325.6000000000,6325.6000000000,0.000,NULL,75907.2000000000,0.0000000000,75907.2000000000,0.0000000000,NULL,NULL,NULL,NULL,NULL),(68,22,NULL,'',NULL,8,37.0000000000,37.0000000000,1674.4200000000,1674.4200000000,0.000,NULL,61953.5400000000,0.0000000000,61953.5400000000,0.0000000000,NULL,NULL,NULL,NULL,NULL),(68,31,NULL,'',NULL,6,8.0000000000,8.0000000000,7627.9100000000,7627.9100000000,0.000,NULL,61023.2800000000,0.0000000000,61023.2800000000,0.0000000000,NULL,NULL,NULL,NULL,NULL),(68,32,NULL,'',NULL,5,1.0000000000,1.0000000000,1767.4000000000,1767.4000000000,0.000,NULL,1767.4000000000,0.0000000000,1767.4000000000,0.0000000000,NULL,NULL,NULL,NULL,NULL),(68,34,NULL,'',NULL,7,20.0000000000,20.0000000000,7627.9100000000,7627.9100000000,0.000,NULL,152558.2000000000,0.0000000000,152558.2000000000,0.0000000000,NULL,NULL,NULL,NULL,NULL),(68,37,NULL,'',NULL,1,12.0000000000,12.0000000000,6325.6000000000,6325.6000000000,0.000,NULL,75907.2000000000,0.0000000000,75907.2000000000,0.0000000000,NULL,NULL,NULL,NULL,NULL),(68,40,NULL,'',NULL,0,20.0000000000,20.0000000000,1767.4000000000,1767.4000000000,0.000,NULL,35348.0000000000,0.0000000000,35348.0000000000,0.0000000000,NULL,NULL,NULL,NULL,NULL),(69,43,NULL,'',NULL,0,4.0000000000,4.0000000000,8130.0000000000,8130.0000000000,0.000,NULL,32520.0000000000,0.0000000000,32520.0000000000,0.0000000000,NULL,NULL,NULL,NULL,NULL),(69,44,NULL,'',NULL,2,4.0000000000,4.0000000000,8130.0000000000,8130.0000000000,0.000,NULL,32520.0000000000,0.0000000000,32520.0000000000,0.0000000000,NULL,NULL,NULL,NULL,NULL),(69,45,NULL,'',NULL,1,6.0000000000,6.0000000000,8130.0000000000,8130.0000000000,0.000,NULL,48780.0000000000,0.0000000000,48780.0000000000,0.0000000000,NULL,NULL,NULL,NULL,NULL),(70,46,NULL,'',NULL,1,4.0000000000,4.0000000000,0.0000000000,0.0000000000,0.000,NULL,0.0000000000,0.0000000000,0.0000000000,0.0000000000,NULL,NULL,NULL,NULL,NULL),(70,47,NULL,'',NULL,0,4.0000000000,4.0000000000,0.0000000000,0.0000000000,0.000,NULL,0.0000000000,0.0000000000,0.0000000000,0.0000000000,NULL,NULL,NULL,NULL,NULL),(71,1,NULL,'',NULL,0,300.0000000000,300.0000000000,1767.4000000000,1767.4000000000,0.000,NULL,530220.0000000000,0.0000000000,530220.0000000000,0.0000000000,NULL,NULL,NULL,NULL,NULL),(71,9,NULL,'',NULL,1,305.0000000000,305.0000000000,1767.4000000000,1767.4000000000,0.000,NULL,539057.0000000000,0.0000000000,539057.0000000000,0.0000000000,NULL,NULL,NULL,NULL,NULL),(71,26,NULL,'',NULL,2,220.0000000000,220.0000000000,1767.4000000000,1767.4000000000,0.000,NULL,388828.0000000000,0.0000000000,388828.0000000000,0.0000000000,NULL,NULL,NULL,NULL,NULL),(71,27,NULL,'',NULL,4,60.0000000000,60.0000000000,6697.7000000000,6697.7000000000,0.000,NULL,401862.0000000000,0.0000000000,401862.0000000000,0.0000000000,NULL,NULL,NULL,NULL,NULL),(71,28,NULL,'',NULL,3,205.0000000000,205.0000000000,1767.4000000000,1767.4000000000,0.000,NULL,362317.0000000000,0.0000000000,362317.0000000000,0.0000000000,NULL,NULL,NULL,NULL,NULL),(72,18,NULL,'',NULL,0,41.0000000000,41.0000000000,6325.6000000000,6325.6000000000,0.000,NULL,259349.6000000000,0.0000000000,259349.6000000000,0.0000000000,NULL,NULL,NULL,NULL,NULL),(72,22,NULL,'',NULL,2,19.0000000000,19.0000000000,1674.4200000000,1674.4200000000,0.000,NULL,31813.9800000000,0.0000000000,31813.9800000000,0.0000000000,NULL,NULL,NULL,NULL,NULL),(72,33,NULL,'',NULL,1,20.0000000000,20.0000000000,1767.4000000000,1767.4000000000,0.000,NULL,35348.0000000000,0.0000000000,35348.0000000000,0.0000000000,NULL,NULL,NULL,NULL,NULL),(72,37,NULL,'',NULL,3,53.0000000000,53.0000000000,6325.6000000000,6325.6000000000,0.000,NULL,335256.8000000000,0.0000000000,335256.8000000000,0.0000000000,NULL,NULL,NULL,NULL,NULL),(73,34,NULL,'',NULL,0,80.0000000000,80.0000000000,7627.9100000000,7627.9100000000,0.000,NULL,610232.8000000000,0.0000000000,610232.8000000000,0.0000000000,NULL,NULL,NULL,NULL,NULL),(74,1,NULL,'',NULL,0,213.0000000000,213.0000000000,1767.4000000000,1767.4000000000,0.000,NULL,376456.2000000000,0.0000000000,376456.2000000000,0.0000000000,NULL,NULL,NULL,NULL,NULL),(74,9,NULL,'',NULL,1,120.0000000000,120.0000000000,1767.4000000000,1767.4000000000,0.000,NULL,212088.0000000000,0.0000000000,212088.0000000000,0.0000000000,NULL,NULL,NULL,NULL,NULL),(74,28,NULL,'',NULL,2,40.0000000000,40.0000000000,1767.4000000000,1767.4000000000,0.000,NULL,70696.0000000000,0.0000000000,70696.0000000000,0.0000000000,NULL,NULL,NULL,NULL,NULL),(74,34,NULL,'',NULL,3,29.0000000000,29.0000000000,7627.9100000000,7627.9100000000,0.000,NULL,221209.3900000000,0.0000000000,221209.3900000000,0.0000000000,NULL,NULL,NULL,NULL,NULL),(75,1,NULL,'',NULL,0,120.0000000000,120.0000000000,1767.4000000000,1767.4000000000,0.000,NULL,212088.0000000000,0.0000000000,212088.0000000000,0.0000000000,NULL,NULL,NULL,NULL,NULL),(75,9,NULL,'',NULL,1,60.0000000000,60.0000000000,1767.4000000000,1767.4000000000,0.000,NULL,106044.0000000000,0.0000000000,106044.0000000000,0.0000000000,NULL,NULL,NULL,NULL,NULL),(75,26,NULL,'',NULL,2,20.0000000000,20.0000000000,1767.4000000000,1767.4000000000,0.000,NULL,35348.0000000000,0.0000000000,35348.0000000000,0.0000000000,NULL,NULL,NULL,NULL,NULL),(75,27,NULL,'',NULL,3,30.0000000000,30.0000000000,6697.7000000000,6697.7000000000,0.000,NULL,200931.0000000000,0.0000000000,200931.0000000000,0.0000000000,NULL,NULL,NULL,NULL,NULL),(76,1,NULL,'',NULL,1,118.0000000000,118.0000000000,1767.4000000000,1767.4000000000,0.000,NULL,208553.2000000000,0.0000000000,208553.2000000000,0.0000000000,NULL,NULL,NULL,NULL,NULL),(76,9,NULL,'',NULL,6,160.0000000000,160.0000000000,1767.4000000000,1767.4000000000,0.000,NULL,282784.0000000000,0.0000000000,282784.0000000000,0.0000000000,NULL,NULL,NULL,NULL,NULL),(76,14,NULL,'',NULL,7,17.0000000000,17.0000000000,8500.0000000000,8500.0000000000,0.000,NULL,144500.0000000000,0.0000000000,144500.0000000000,0.0000000000,NULL,NULL,NULL,NULL,NULL),(76,20,NULL,'',NULL,4,16.0000000000,16.0000000000,9000.0000000000,9000.0000000000,0.000,NULL,144000.0000000000,0.0000000000,144000.0000000000,0.0000000000,NULL,NULL,NULL,NULL,NULL),(76,23,NULL,'',NULL,8,22.0000000000,22.0000000000,9800.0000000000,9800.0000000000,0.000,NULL,215600.0000000000,0.0000000000,215600.0000000000,0.0000000000,NULL,NULL,NULL,NULL,NULL),(76,25,NULL,'',NULL,0,16.0000000000,16.0000000000,9000.0000000000,9000.0000000000,0.000,NULL,144000.0000000000,0.0000000000,144000.0000000000,0.0000000000,NULL,NULL,NULL,NULL,NULL),(76,49,NULL,'',NULL,5,21.0000000000,21.0000000000,9800.0000000000,9800.0000000000,0.000,NULL,205800.0000000000,0.0000000000,205800.0000000000,0.0000000000,NULL,NULL,NULL,NULL,NULL),(76,51,NULL,'',NULL,2,23.0000000000,23.0000000000,9500.0000000000,9500.0000000000,0.000,NULL,218500.0000000000,0.0000000000,218500.0000000000,0.0000000000,NULL,NULL,NULL,NULL,NULL),(76,52,NULL,'',NULL,3,10.0000000000,10.0000000000,9500.0000000000,9500.0000000000,0.000,NULL,95000.0000000000,0.0000000000,95000.0000000000,0.0000000000,NULL,NULL,NULL,NULL,NULL),(77,1,NULL,'',NULL,6,40.0000000000,40.0000000000,1767.4000000000,1767.4000000000,0.000,NULL,70696.0000000000,0.0000000000,70696.0000000000,0.0000000000,NULL,NULL,NULL,NULL,NULL),(77,9,NULL,'',NULL,0,40.0000000000,40.0000000000,1767.4000000000,1767.4000000000,0.000,NULL,70696.0000000000,0.0000000000,70696.0000000000,0.0000000000,NULL,NULL,NULL,NULL,NULL),(77,11,NULL,'',NULL,1,72.0000000000,72.0000000000,1674.4000000000,1674.4000000000,0.000,NULL,120556.8000000000,0.0000000000,120556.8000000000,0.0000000000,NULL,NULL,NULL,NULL,NULL),(77,14,NULL,'',NULL,7,17.0000000000,17.0000000000,8500.0000000000,8500.0000000000,0.000,NULL,144500.0000000000,0.0000000000,144500.0000000000,0.0000000000,NULL,NULL,NULL,NULL,NULL),(77,18,NULL,'',NULL,4,18.0000000000,18.0000000000,6325.6000000000,6325.6000000000,0.000,NULL,113860.8000000000,0.0000000000,113860.8000000000,0.0000000000,NULL,NULL,NULL,NULL,NULL),(77,22,NULL,'',NULL,5,48.0000000000,48.0000000000,1674.4200000000,1674.4200000000,0.000,NULL,80372.1600000000,0.0000000000,80372.1600000000,0.0000000000,NULL,NULL,NULL,NULL,NULL),(77,50,NULL,'',NULL,3,10.0000000000,10.0000000000,6000.0000000000,6000.0000000000,0.000,NULL,60000.0000000000,0.0000000000,60000.0000000000,0.0000000000,NULL,NULL,NULL,NULL,NULL),(77,52,NULL,'',NULL,2,10.0000000000,10.0000000000,9500.0000000000,9500.0000000000,0.000,NULL,95000.0000000000,0.0000000000,95000.0000000000,0.0000000000,NULL,NULL,NULL,NULL,NULL),(77,53,NULL,'',NULL,8,5.0000000000,5.0000000000,8500.0000000000,8500.0000000000,0.000,NULL,42500.0000000000,0.0000000000,42500.0000000000,0.0000000000,NULL,NULL,NULL,NULL,NULL),(78,1,NULL,'',NULL,3,60.0000000000,60.0000000000,1767.4000000000,1767.4000000000,0.000,NULL,106044.0000000000,0.0000000000,106044.0000000000,0.0000000000,NULL,NULL,NULL,NULL,NULL),(78,9,NULL,'',NULL,1,60.0000000000,60.0000000000,1767.4000000000,1767.4000000000,0.000,NULL,106044.0000000000,0.0000000000,106044.0000000000,0.0000000000,NULL,NULL,NULL,NULL,NULL),(78,22,NULL,'',NULL,4,72.0000000000,72.0000000000,1674.4200000000,1674.4200000000,0.000,NULL,120558.2400000000,0.0000000000,120558.2400000000,0.0000000000,NULL,NULL,NULL,NULL,NULL),(78,37,NULL,'',NULL,2,12.0000000000,12.0000000000,6325.6000000000,6325.6000000000,0.000,NULL,75907.2000000000,0.0000000000,75907.2000000000,0.0000000000,NULL,NULL,NULL,NULL,NULL),(78,50,NULL,'',NULL,0,10.0000000000,10.0000000000,6000.0000000000,6000.0000000000,0.000,NULL,60000.0000000000,0.0000000000,60000.0000000000,0.0000000000,NULL,NULL,NULL,NULL,NULL),(79,54,NULL,'',NULL,0,24.0000000000,24.0000000000,3103.0000000000,3103.0000000000,0.000,NULL,74472.0000000000,0.0000000000,74472.0000000000,0.0000000000,NULL,NULL,NULL,NULL,NULL),(79,55,NULL,'',NULL,1,24.0000000000,24.0000000000,1726.0000000000,1726.0000000000,0.000,NULL,41424.0000000000,0.0000000000,41424.0000000000,0.0000000000,NULL,NULL,NULL,NULL,NULL),(80,1,NULL,'',NULL,5,40.0000000000,40.0000000000,1767.4000000000,1767.4000000000,0.000,NULL,70696.0000000000,0.0000000000,70696.0000000000,0.0000000000,NULL,NULL,NULL,NULL,NULL),(80,11,NULL,'',NULL,4,48.0000000000,48.0000000000,1674.4000000000,1674.4000000000,0.000,NULL,80371.2000000000,0.0000000000,80371.2000000000,0.0000000000,NULL,NULL,NULL,NULL,NULL),(80,18,NULL,'',NULL,6,12.0000000000,12.0000000000,6325.6000000000,6325.6000000000,0.000,NULL,75907.2000000000,0.0000000000,75907.2000000000,0.0000000000,NULL,NULL,NULL,NULL,NULL),(80,22,NULL,'',NULL,1,48.0000000000,48.0000000000,1674.4200000000,1674.4200000000,0.000,NULL,80372.1600000000,0.0000000000,80372.1600000000,0.0000000000,NULL,NULL,NULL,NULL,NULL),(80,24,NULL,'',NULL,3,8.0000000000,8.0000000000,9000.0000000000,9000.0000000000,0.000,NULL,72000.0000000000,0.0000000000,72000.0000000000,0.0000000000,NULL,NULL,NULL,NULL,NULL),(80,37,NULL,'',NULL,2,12.0000000000,12.0000000000,6325.6000000000,6325.6000000000,0.000,NULL,75907.2000000000,0.0000000000,75907.2000000000,0.0000000000,NULL,NULL,NULL,NULL,NULL),(80,56,NULL,'',NULL,0,6.0000000000,6.0000000000,6325.6000000000,6325.6000000000,0.000,NULL,37953.6000000000,0.0000000000,37953.6000000000,0.0000000000,NULL,NULL,NULL,NULL,NULL),(81,1,NULL,'',NULL,7,120.0000000000,120.0000000000,1767.4000000000,1767.4000000000,0.000,NULL,212088.0000000000,0.0000000000,212088.0000000000,0.0000000000,NULL,NULL,NULL,NULL,NULL),(81,9,NULL,'',NULL,4,100.0000000000,100.0000000000,1767.4000000000,1767.4000000000,0.000,NULL,176740.0000000000,0.0000000000,176740.0000000000,0.0000000000,NULL,NULL,NULL,NULL,NULL),(81,11,NULL,'',NULL,1,24.0000000000,24.0000000000,1674.4000000000,1674.4000000000,0.000,NULL,40185.6000000000,0.0000000000,40185.6000000000,0.0000000000,NULL,NULL,NULL,NULL,NULL),(81,14,NULL,'',NULL,0,12.0000000000,12.0000000000,8500.0000000000,8500.0000000000,0.000,NULL,102000.0000000000,0.0000000000,102000.0000000000,0.0000000000,NULL,NULL,NULL,NULL,NULL),(81,18,NULL,'',NULL,2,12.0000000000,12.0000000000,6325.6000000000,6325.6000000000,0.000,NULL,75907.2000000000,0.0000000000,75907.2000000000,0.0000000000,NULL,NULL,NULL,NULL,NULL),(81,37,NULL,'',NULL,5,6.0000000000,6.0000000000,6325.6000000000,6325.6000000000,0.000,NULL,37953.6000000000,0.0000000000,37953.6000000000,0.0000000000,NULL,NULL,NULL,NULL,NULL),(81,50,NULL,'',NULL,8,10.0000000000,10.0000000000,6000.0000000000,6000.0000000000,0.000,NULL,60000.0000000000,0.0000000000,60000.0000000000,0.0000000000,NULL,NULL,NULL,NULL,NULL),(81,51,NULL,'',NULL,6,6.0000000000,6.0000000000,9500.0000000000,9500.0000000000,0.000,NULL,57000.0000000000,0.0000000000,57000.0000000000,0.0000000000,NULL,NULL,NULL,NULL,NULL),(81,52,NULL,'',NULL,3,10.0000000000,10.0000000000,9500.0000000000,9500.0000000000,0.000,NULL,95000.0000000000,0.0000000000,95000.0000000000,0.0000000000,NULL,NULL,NULL,NULL,NULL),(82,1,NULL,'',NULL,2,80.0000000000,80.0000000000,1767.4000000000,1767.4000000000,0.000,NULL,141392.0000000000,0.0000000000,141392.0000000000,0.0000000000,NULL,NULL,NULL,NULL,NULL),(82,9,NULL,'',NULL,10,79.0000000000,79.0000000000,1767.4000000000,1767.4000000000,0.000,NULL,139624.6000000000,0.0000000000,139624.6000000000,0.0000000000,NULL,NULL,NULL,NULL,NULL),(82,11,NULL,'',NULL,9,24.0000000000,24.0000000000,1674.4000000000,1674.4000000000,0.000,NULL,40185.6000000000,0.0000000000,40185.6000000000,0.0000000000,NULL,NULL,NULL,NULL,NULL),(82,14,NULL,'',NULL,7,11.0000000000,11.0000000000,8500.0000000000,8500.0000000000,0.000,NULL,93500.0000000000,0.0000000000,93500.0000000000,0.0000000000,NULL,NULL,NULL,NULL,NULL),(82,18,NULL,'',NULL,5,17.0000000000,17.0000000000,6325.6000000000,6325.6000000000,0.000,NULL,107535.2000000000,0.0000000000,107535.2000000000,0.0000000000,NULL,NULL,NULL,NULL,NULL),(82,22,NULL,'',NULL,3,40.0000000000,40.0000000000,1674.4200000000,1674.4200000000,0.000,NULL,66976.8000000000,0.0000000000,66976.8000000000,0.0000000000,NULL,NULL,NULL,NULL,NULL),(82,23,NULL,'',NULL,6,8.0000000000,8.0000000000,9800.0000000000,9800.0000000000,0.000,NULL,78400.0000000000,0.0000000000,78400.0000000000,0.0000000000,NULL,NULL,NULL,NULL,NULL),(82,25,NULL,'',NULL,8,8.0000000000,8.0000000000,9000.0000000000,9000.0000000000,0.000,NULL,72000.0000000000,0.0000000000,72000.0000000000,0.0000000000,NULL,NULL,NULL,NULL,NULL),(82,37,NULL,'',NULL,4,7.0000000000,7.0000000000,6325.6000000000,6325.6000000000,0.000,NULL,44279.2000000000,0.0000000000,44279.2000000000,0.0000000000,NULL,NULL,NULL,NULL,NULL),(82,48,NULL,'',NULL,1,8.0000000000,8.0000000000,9800.0000000000,9800.0000000000,0.000,NULL,78400.0000000000,0.0000000000,78400.0000000000,0.0000000000,NULL,NULL,NULL,NULL,NULL),(82,50,NULL,'',NULL,0,10.0000000000,10.0000000000,6000.0000000000,6000.0000000000,0.000,NULL,60000.0000000000,0.0000000000,60000.0000000000,0.0000000000,NULL,NULL,NULL,NULL,NULL),(83,42,NULL,'',NULL,0,4.0000000000,4.0000000000,8130.0000000000,8130.0000000000,0.000,NULL,32520.0000000000,0.0000000000,32520.0000000000,0.0000000000,NULL,NULL,NULL,NULL,NULL),(83,44,NULL,'',NULL,1,4.0000000000,4.0000000000,8130.0000000000,8130.0000000000,0.000,NULL,32520.0000000000,0.0000000000,32520.0000000000,0.0000000000,NULL,NULL,NULL,NULL,NULL),(83,47,NULL,'',NULL,2,6.0000000000,6.0000000000,8130.0000000000,8130.0000000000,0.000,NULL,48780.0000000000,0.0000000000,48780.0000000000,0.0000000000,NULL,NULL,NULL,NULL,NULL),(84,1,NULL,'',NULL,3,40.0000000000,40.0000000000,1767.4000000000,1767.4000000000,0.000,NULL,70696.0000000000,0.0000000000,70696.0000000000,0.0000000000,NULL,NULL,NULL,NULL,NULL),(84,9,NULL,'',NULL,8,60.0000000000,60.0000000000,1767.4000000000,1767.4000000000,0.000,NULL,106044.0000000000,0.0000000000,106044.0000000000,0.0000000000,NULL,NULL,NULL,NULL,NULL),(84,14,NULL,'',NULL,5,6.0000000000,6.0000000000,8500.0000000000,8500.0000000000,0.000,NULL,51000.0000000000,0.0000000000,51000.0000000000,0.0000000000,NULL,NULL,NULL,NULL,NULL),(84,18,NULL,'',NULL,0,6.0000000000,6.0000000000,6325.6000000000,6325.6000000000,0.000,NULL,37953.6000000000,0.0000000000,37953.6000000000,0.0000000000,NULL,NULL,NULL,NULL,NULL),(84,23,NULL,'',NULL,6,8.0000000000,8.0000000000,9800.0000000000,9800.0000000000,0.000,NULL,78400.0000000000,0.0000000000,78400.0000000000,0.0000000000,NULL,NULL,NULL,NULL,NULL),(84,26,NULL,'',NULL,9,60.0000000000,60.0000000000,1767.4000000000,1767.4000000000,0.000,NULL,106044.0000000000,0.0000000000,106044.0000000000,0.0000000000,NULL,NULL,NULL,NULL,NULL),(84,27,NULL,'',NULL,4,6.0000000000,6.0000000000,6697.7000000000,6697.7000000000,0.000,NULL,40186.2000000000,0.0000000000,40186.2000000000,0.0000000000,NULL,NULL,NULL,NULL,NULL),(84,28,NULL,'',NULL,1,60.0000000000,60.0000000000,1767.4000000000,1767.4000000000,0.000,NULL,106044.0000000000,0.0000000000,106044.0000000000,0.0000000000,NULL,NULL,NULL,NULL,NULL),(84,37,NULL,'',NULL,7,12.0000000000,12.0000000000,6325.6000000000,6325.6000000000,0.000,NULL,75907.2000000000,0.0000000000,75907.2000000000,0.0000000000,NULL,NULL,NULL,NULL,NULL),(84,48,NULL,'',NULL,2,8.0000000000,8.0000000000,9800.0000000000,9800.0000000000,0.000,NULL,78400.0000000000,0.0000000000,78400.0000000000,0.0000000000,NULL,NULL,NULL,NULL,NULL),(85,54,NULL,'',NULL,0,12.0000000000,12.0000000000,3103.0000000000,3103.0000000000,0.000,NULL,37236.0000000000,0.0000000000,37236.0000000000,0.0000000000,NULL,NULL,NULL,NULL,NULL);

--
